{"id":1222,"date":"2025-10-20T22:35:00","date_gmt":"2025-10-20T20:35:00","guid":{"rendered":"https:\/\/organoscolegiados.anuies.mx\/asambleageneral\/?page_id=1222"},"modified":"2025-11-28T18:36:30","modified_gmt":"2025-11-28T17:36:30","slug":"aglxvii","status":"publish","type":"page","link":"https:\/\/organoscolegiados.anuies.mx\/asambleageneral\/aglxvii\/","title":{"rendered":"LXVII Sesi\u00f3n ordinaria de la Asamblea General"},"content":{"rendered":"<div id=\"pl-1222\"  class=\"panel-layout\" ><div id=\"pg-1222-0\"  class=\"panel-grid panel-no-style\" ><div id=\"pgc-1222-0-0\"  class=\"panel-grid-cell\" ><div id=\"panel-1222-0-0-0\" class=\"so-panel widget widget_sow-editor panel-first-child panel-last-child\" data-index=\"0\" ><div\n\t\t\t\n\t\t\tclass=\"so-widget-sow-editor so-widget-sow-editor-base\"\n\t\t\t\n\t\t>\n<div class=\"siteorigin-widget-tinymce textwidget\">\n\t<p style=\"text-align: center;\"><span style=\"font-family: helvetica, arial, sans-serif; font-size: 14pt;\"><strong><img loading=\"lazy\" decoding=\"async\" class=\"aligncenter size-full wp-image-1223\" src=\"https:\/\/organoscolegiados.anuies.mx\/asambleageneral\/wp-content\/uploads\/sites\/3\/2025\/10\/CABECERA.png\" alt=\"\" width=\"1608\" height=\"286\" srcset=\"https:\/\/organoscolegiados.anuies.mx\/asambleageneral\/wp-content\/uploads\/sites\/3\/2025\/10\/CABECERA.png 1608w, https:\/\/organoscolegiados.anuies.mx\/asambleageneral\/wp-content\/uploads\/sites\/3\/2025\/10\/CABECERA-300x53.png 300w, https:\/\/organoscolegiados.anuies.mx\/asambleageneral\/wp-content\/uploads\/sites\/3\/2025\/10\/CABECERA-1024x182.png 1024w, https:\/\/organoscolegiados.anuies.mx\/asambleageneral\/wp-content\/uploads\/sites\/3\/2025\/10\/CABECERA-768x137.png 768w, https:\/\/organoscolegiados.anuies.mx\/asambleageneral\/wp-content\/uploads\/sites\/3\/2025\/10\/CABECERA-1536x273.png 1536w\" sizes=\"auto, (max-width: 1608px) 100vw, 1608px\" \/><\/strong><\/span><\/p>\n<p style=\"text-align: center;\"><span style=\"font-family: helvetica, arial, sans-serif; font-size: 14pt;\"><strong>CONVOCATORIA<\/strong><\/span><\/p>\n<p style=\"text-align: justify;\"><span style=\"font-family: helvetica, arial, sans-serif; font-size: 14pt;\">Con fundamento en los art\u00edculos D\u00e9cimo Quinto, Trig\u00e9simo Primero y Trig\u00e9simo Tercero, fracci\u00f3n VI, del Estatuto de la Asociaci\u00f3n Nacional de Universidades e Instituciones de Educaci\u00f3n Superior de la Rep\u00fablica Mexicana, A.C. (ANUIES), convocamos a las y los titulares de las instituciones que integran la Asamblea General a la LXVII Sesi\u00f3n Ordinaria que se efectuar\u00e1 en modalidad presencial, con sede en el Centro Universitario de Convenciones de la Universidad de Colima, ubicado en Carretera Manzanillo-Barra de Navidad, Km 20, Campus El Naranjo, C.P. 28860, Manzanillo, Colima, a las 10:00 horas del jueves 13 de noviembre de 2025, con el siguiente:<\/span><\/p>\n<p style=\"text-align: center;\"><span style=\"font-family: helvetica, arial, sans-serif; font-size: 14pt;\"><strong>ORDEN DEL D\u00cdA<\/strong><\/span><\/p>\n<ol>\n<li><a href=\"https:\/\/organoscolegiados.anuies.mx\/asambleageneral\/wp-content\/uploads\/sites\/3\/2025\/10\/1-Lista-de-asistencia-y-verificacion-del-quorum.pdf\" target=\"_blank\" rel=\"noopener\"><span style=\"font-size: 14pt; font-family: helvetica, arial, sans-serif;\">Lista de asistencia y verificaci\u00f3n del <em>quorum<\/em>.<\/span><\/a><\/li>\n<li><a href=\"https:\/\/organoscolegiados.anuies.mx\/asambleageneral\/wp-content\/uploads\/sites\/3\/2025\/10\/2-Aprobacion-del\u00b4Orden-del-Dia.pdf\" target=\"_blank\" rel=\"noopener\"><span style=\"font-size: 14pt; font-family: helvetica, arial, sans-serif;\">Aprobaci\u00f3n del Orden del D\u00eda.<\/span><\/a><\/li>\n<li><a href=\"https:\/\/organoscolegiados.anuies.mx\/asambleageneral\/wp-content\/uploads\/sites\/3\/2025\/11\/3-Nombramiento-del-Vicepresidente-de-la-Sesion.pdf\" target=\"_blank\" rel=\"noopener\"><span style=\"font-size: 14pt; font-family: helvetica, arial, sans-serif;\">Nombramiento del Vicepresidente de la Sesi\u00f3n.<\/span><\/a><\/li>\n<li><a href=\"https:\/\/organoscolegiados.anuies.mx\/asambleageneral\/wp-content\/uploads\/sites\/3\/2025\/11\/4-Eleccion-de-dos-relatores-y-dos-escrutadores.pdf\" target=\"_blank\" rel=\"noopener\"><span style=\"font-size: 14pt; font-family: helvetica, arial, sans-serif;\">Elecci\u00f3n de dos relatores y dos escrutadores.<\/span><\/a><\/li>\n<li><a href=\"https:\/\/organoscolegiados.anuies.mx\/asambleageneral\/wp-content\/uploads\/sites\/3\/2025\/10\/5-Lectura-y-aprobacion-en-su-caso-del-Acta-de-la-LXVI-Sesion-Ordinaria.pdf\" target=\"_blank\" rel=\"noopener\"><span style=\"font-size: 14pt; font-family: helvetica, arial, sans-serif;\">Lectura y aprobaci\u00f3n, en su caso, del Acta de la LXVI Sesi\u00f3n Ordinaria.<\/span><\/a><\/li>\n<li><a href=\"https:\/\/organoscolegiados.anuies.mx\/asambleageneral\/wp-content\/uploads\/sites\/3\/2025\/11\/6-Aprobacion-en-su-caso-del-ingreso-de-nuevas-instituciones-de-educacion-superior-a-la-ANUIES-conforme-a-las-propuestas-presentadas-por-el-Consejo-Nacional.pdf\" target=\"_blank\" rel=\"noopener\"><span style=\"font-size: 14pt; font-family: helvetica, arial, sans-serif;\">Aprobaci\u00f3n, en su caso, del ingreso de nuevas instituciones de educaci\u00f3n superior a la ANUIES, conforme a las propuestas presentadas por el Consejo Nacional.<\/span><\/a><\/li>\n<li><a href=\"https:\/\/organoscolegiados.anuies.mx\/asambleageneral\/wp-content\/uploads\/sites\/3\/2025\/11\/7-Participacion-de-las-Instituciones-de-Educacion-Superior-en-las-Comisiones-regionales-de-Aprendizaje-a-lo-Largo-de-la-Vida.pdf\" target=\"_blank\" rel=\"noopener\"><span style=\"font-size: 14pt; font-family: helvetica, arial, sans-serif;\">Participaci\u00f3n de las Instituciones de Educaci\u00f3n Superior en las \u201cComisiones regionales de Aprendizaje a lo Largo de la Vida\u201d.<\/span><\/a><\/li>\n<li><a href=\"https:\/\/organoscolegiados.anuies.mx\/asambleageneral\/wp-content\/uploads\/sites\/3\/2025\/11\/8-Participacion-de-las-Instituciones-de-Educacion-Superior-en-las-Jornadas-de-Tequios-por-la-Paz.pdf\" target=\"_blank\" rel=\"noopener\"><span style=\"font-size: 14pt; font-family: helvetica, arial, sans-serif;\">Participaci\u00f3n de las Instituciones de Educaci\u00f3n Superior en las Jornadas de Tequios por la Paz.<\/span><\/a><\/li>\n<li><a href=\"https:\/\/organoscolegiados.anuies.mx\/asambleageneral\/wp-content\/uploads\/sites\/3\/2025\/11\/9-Avances-de-la-Encuesta-Nacional-Usos-y-percepciones-sobre-la-Inteligencia-Artificial-Generativa-en-la-comunidad-del-sector-de-educacion-superior-en-Mexico.pdf\" target=\"_blank\" rel=\"noopener\"><span style=\"font-size: 14pt; font-family: helvetica, arial, sans-serif;\">Avances del Censo Nacional \u201cUsos y percepciones sobre la Inteligencia Artificial Generativa en la comunidad del sector de educaci\u00f3n superior en M\u00e9xico\u201d.<\/span><\/a><\/li>\n<li><a href=\"https:\/\/organoscolegiados.anuies.mx\/asambleageneral\/wp-content\/uploads\/sites\/3\/2025\/11\/10-Participacion-de-la-Subsecretaria-de-Educacion-Media-Superior-de-la-Secretaria-de-Educacion-Publica-de-Mexico.pdf\" target=\"_blank\" rel=\"noopener\"><span style=\"font-size: 14pt; font-family: helvetica, arial, sans-serif;\">Participaci\u00f3n de la Subsecretar\u00eda de Educaci\u00f3n Media Superior de la Secretar\u00eda de Educaci\u00f3n P\u00fablica de M\u00e9xico.<\/span><\/a><\/li>\n<li><a href=\"https:\/\/organoscolegiados.anuies.mx\/asambleageneral\/wp-content\/uploads\/sites\/3\/2025\/11\/11-Informe-de-la-Secretaria-General-Ejecutiva-respecto-de-las-gestiones-realizadas-en-el-marco-del-Proyecto-de-Egresos-de-la-Federacion-2026.pdf\" target=\"_blank\" rel=\"noopener\"><span style=\"font-size: 14pt; font-family: helvetica, arial, sans-serif;\">Informe de la Secretar\u00eda General Ejecutiva respecto de las gestiones realizadas en el marco del Proyecto de Egresos de la Federaci\u00f3n 2026.<\/span><\/a><\/li>\n<li><a href=\"https:\/\/organoscolegiados.anuies.mx\/asambleageneral\/wp-content\/uploads\/sites\/3\/2025\/11\/12-CONACES-SEP.pdf\" target=\"_blank\" rel=\"noopener\"><span style=\"font-size: 14pt; font-family: helvetica, arial, sans-serif;\">Informe de la participaci\u00f3n de la Secretar\u00eda General Ejecutiva de la ANUIES en el CONACES, y de los distintos foros realizados con la Secretar\u00eda de Educaci\u00f3n&nbsp;P\u00fablica.<\/span><\/a><\/li>\n<li><a href=\"https:\/\/organoscolegiados.anuies.mx\/asambleageneral\/wp-content\/uploads\/sites\/3\/2025\/11\/13-Presentacion-del-Informe-de-actividades-2025-del-Consejo-Nacional.pdf\" target=\"_blank\" rel=\"noopener\"><span style=\"font-size: 14pt; font-family: helvetica, arial, sans-serif;\">Presentaci\u00f3n del Informe de actividades 2025 del Consejo Nacional.<\/span><\/a><\/li>\n<li><a href=\"https:\/\/organoscolegiados.anuies.mx\/asambleageneral\/wp-content\/uploads\/sites\/3\/2025\/11\/14-Presentacion-de-los-resultados-del-piloto-CASE-Insights-en-Filantropia-America-Latina.pdf\" target=\"_blank\" rel=\"noopener\"><span style=\"font-size: 14pt; font-family: helvetica, arial, sans-serif;\">Presentaci\u00f3n de los resultados del piloto CASE Insights en Filantrop\u00eda, Am\u00e9rica Latina.<\/span><\/a><\/li>\n<li><a href=\"https:\/\/organoscolegiados.anuies.mx\/asambleageneral\/wp-content\/uploads\/sites\/3\/2025\/11\/15-Presentacion-de-las-acciones-de-cooperacion-internacional-de-la-Secretaria-General-Ejecutiva.pdf\" target=\"_blank\" rel=\"noopener\"><span style=\"font-size: 14pt; font-family: helvetica, arial, sans-serif;\">Presentaci\u00f3n de las acciones de cooperaci\u00f3n internacional de la Secretar\u00eda General Ejecutiva.<\/span><\/a><\/li>\n<li><span style=\"font-family: helvetica, arial, sans-serif;\"><a href=\"https:\/\/organoscolegiados.anuies.mx\/asambleageneral\/wp-content\/uploads\/sites\/3\/2025\/11\/16-Presentacion-de-la-Agenda-Estrategica-Editorial-ANUIES-2025\u20132030.pdf\" target=\"_blank\" rel=\"noopener\"><span style=\"font-size: 14pt;\">Presentaci\u00f3n de la Agenda Estrat\u00e9gica Editorial ANUIES 2025\u20132030.<\/span><\/a><\/span><\/li>\n<li><span style=\"font-size: 14pt; font-family: helvetica, arial, sans-serif;\">Asuntos generales.<\/span><\/li>\n<\/ol>\n<p style=\"padding-left: 80px;\"><span style=\"font-size: 14pt;\">17.1 <span style=\"font-family: helvetica, arial, sans-serif;\"><a href=\"https:\/\/organoscolegiados.anuies.mx\/asambleageneral\/wp-content\/uploads\/sites\/3\/2025\/11\/17.1-Asuntos-generales_-Dr.-Carlos-Faustino-Nataren-Nandayapa-Abogado-General-del-Centro-Nacional-de-Evaluacion-para-la-Educacion-Superior.pdf\" target=\"_blank\" rel=\"noopener\">Dr. Carlos Faustino Natar\u00e9n Nandayapa, Abogado General del Centro Nacional de Evaluaci\u00f3n para la Educaci\u00f3n Superior.<\/a><\/span><\/span><\/p>\n<p style=\"padding-left: 40px;\"><a href=\"https:\/\/organoscolegiados.anuies.mx\/asambleageneral\/wp-content\/uploads\/sites\/3\/2025\/11\/Informe-Redes-Nacionales-ANUIES-1.pdf\" target=\"_blank\" rel=\"noopener\"><span style=\"font-family: helvetica, arial, sans-serif; font-size: 14pt;\">Informe de Redes Nacionales ANUIES.<\/span><\/a><\/p>\n<\/div>\n<\/div><\/div><\/div><\/div><div id=\"pg-1222-1\"  class=\"panel-grid panel-no-style\" ><div id=\"pgc-1222-1-0\"  class=\"panel-grid-cell\" ><div id=\"panel-1222-1-0-0\" class=\"so-panel widget widget_sow-editor panel-first-child panel-last-child\" data-index=\"1\" ><div\n\t\t\t\n\t\t\tclass=\"so-widget-sow-editor so-widget-sow-editor-base\"\n\t\t\t\n\t\t>\n<div class=\"siteorigin-widget-tinymce textwidget\">\n\t<p style=\"text-align: center;\"><strong>Dr. Christian Jorge Torres Ortiz Zerme\u00f1o<\/strong><br \/>\nRector de la Universidad de Colima<br \/>\nPresidente en turno<\/p>\n<\/div>\n<\/div><\/div><\/div><div id=\"pgc-1222-1-1\"  class=\"panel-grid-cell\" ><div id=\"panel-1222-1-1-0\" class=\"so-panel widget widget_sow-editor panel-first-child panel-last-child\" data-index=\"2\" ><div\n\t\t\t\n\t\t\tclass=\"so-widget-sow-editor so-widget-sow-editor-base\"\n\t\t\t\n\t\t>\n<div class=\"siteorigin-widget-tinymce textwidget\">\n\t<p style=\"text-align: center;\"><strong>Dr. Luis Gonz\u00e1lez Placencia<\/strong><br \/>\nSecretario General Ejecutivo<br \/>\nSecretario<\/p>\n<\/div>\n<\/div><\/div><\/div><\/div><div id=\"pg-1222-2\"  class=\"panel-grid panel-no-style\" ><div id=\"pgc-1222-2-0\"  class=\"panel-grid-cell\" ><div id=\"panel-1222-2-0-0\" class=\"so-panel widget widget_sow-editor panel-first-child panel-last-child\" data-index=\"3\" ><div\n\t\t\t\n\t\t\tclass=\"so-widget-sow-editor so-widget-sow-editor-base\"\n\t\t\t\n\t\t><h3 class=\"widget-title\">LA SESI\u00d3N EN IM\u00c1GENES<\/h3>\n<div class=\"siteorigin-widget-tinymce textwidget\">\n\tngg_shortcode_0_placeholder\n<\/div>\n<\/div><\/div><\/div><\/div><\/div>","protected":false},"excerpt":{"rendered":"<p>CONVOCATORIA Con fundamento en los art\u00edculos D\u00e9cimo Quinto, Trig\u00e9simo Primero y Trig\u00e9simo Tercero, fracci\u00f3n VI, del Estatuto de la Asociaci\u00f3n Nacional de Universidades e Instituciones de Educaci\u00f3n Superior de la &hellip; <\/p>\n","protected":false},"author":1,"featured_media":0,"parent":0,"menu_order":0,"comment_status":"closed","ping_status":"closed","template":"","meta":{"ngg_post_thumbnail":0,"footnotes":""},"class_list":["post-1222","page","type-page","status-publish","hentry"],"_links":{"self":[{"href":"https:\/\/organoscolegiados.anuies.mx\/asambleageneral\/wp-json\/wp\/v2\/pages\/1222","targetHints":{"allow":["GET"]}}],"collection":[{"href":"https:\/\/organoscolegiados.anuies.mx\/asambleageneral\/wp-json\/wp\/v2\/pages"}],"about":[{"href":"https:\/\/organoscolegiados.anuies.mx\/asambleageneral\/wp-json\/wp\/v2\/types\/page"}],"author":[{"embeddable":true,"href":"https:\/\/organoscolegiados.anuies.mx\/asambleageneral\/wp-json\/wp\/v2\/users\/1"}],"replies":[{"embeddable":true,"href":"https:\/\/organoscolegiados.anuies.mx\/asambleageneral\/wp-json\/wp\/v2\/comments?post=1222"}],"version-history":[{"count":12,"href":"https:\/\/organoscolegiados.anuies.mx\/asambleageneral\/wp-json\/wp\/v2\/pages\/1222\/revisions"}],"predecessor-version":[{"id":1302,"href":"https:\/\/organoscolegiados.anuies.mx\/asambleageneral\/wp-json\/wp\/v2\/pages\/1222\/revisions\/1302"}],"wp:attachment":[{"href":"https:\/\/organoscolegiados.anuies.mx\/asambleageneral\/wp-json\/wp\/v2\/media?parent=1222"}],"curies":[{"name":"wp","href":"https:\/\/api.w.org\/{rel}","templated":true}]}}