{"id":220,"date":"2019-11-07T19:24:53","date_gmt":"2019-11-07T18:24:53","guid":{"rendered":"https:\/\/organoscolegiados.anuies.mx\/asambleageneral\/?page_id=220"},"modified":"2020-03-06T20:23:52","modified_gmt":"2020-03-06T19:23:52","slug":"xxv-extraordinaria","status":"publish","type":"page","link":"https:\/\/organoscolegiados.anuies.mx\/asambleageneral\/xxv-extraordinaria\/","title":{"rendered":""},"content":{"rendered":"<div id=\"pl-220\"  class=\"panel-layout\" ><div id=\"pg-220-0\"  class=\"panel-grid panel-no-style\" ><div id=\"pgc-220-0-0\"  class=\"panel-grid-cell\" ><div id=\"panel-220-0-0-0\" class=\"so-panel widget widget_sow-editor panel-first-child panel-last-child\" data-index=\"0\" ><div\n\t\t\t\n\t\t\tclass=\"so-widget-sow-editor so-widget-sow-editor-base\"\n\t\t\t\n\t\t>\n<div class=\"siteorigin-widget-tinymce textwidget\">\n\t<p align=\"center\"><img loading=\"lazy\" decoding=\"async\" class=\"alignnone size-full wp-image-224\" src=\"https:\/\/organoscolegiados.anuies.mx\/asambleageneral\/wp-content\/uploads\/sites\/3\/2019\/11\/cabeceraxxvext.png\" alt=\"\" width=\"1200\" height=\"164\" \/><\/p>\n<p style=\"text-align: center\" align=\"center\"><strong>CONVOCATORIA<\/strong><\/p>\n<p style=\"text-align: justify\">Con fundamento en los art\u00edculos D\u00e9cimo S\u00e9ptimo, Vig\u00e9simo, fracciones II y XiV, y Trig\u00e9simo Tercero, fracci\u00f3n VI, del Estatuto de la Asociaci\u00f3n Nacional de Universidades e Instituciones de Educaci\u00f3n Superior, se convoca a los titulares de las instituciones que integran la Asamblea General a la XXV Sesi\u00f3n Extraordinaria, la cual se celebrar\u00e1 los d\u00edas 3 de mayo a partir de las 15:30 horas y el 4 de mayo de 2018 a partir de las 8:30 horas conforme a la programaci\u00f3n anexa, en el Centro de Innovaci\u00f3n y Desarrollo de la ANUIES, ubicado en Miguel Laurent 961, Col. Sta. Cruz Atoyac, C.P. 03310, Ciudad de\u00a0M\u00e9xico, bajo el siguiente:<\/p>\n<p style=\"text-align: center\"><b>ORDEN DEL D\u00cdA<\/b><b>\u00a0<\/b><\/p>\n<ol>\n<li style=\"text-align: justify\">Lista de asistencia y verificaci\u00f3n de\u00a0<em>qu\u00f3rum<\/em>.<\/li>\n<li style=\"text-align: justify\">Aprobaci\u00f3n del Orden del D\u00eda.<\/li>\n<li style=\"text-align: justify\"><a href=\"https:\/\/organoscolegiados.anuies.mx\/asambleageneral\/wp-content\/uploads\/sites\/3\/2019\/11\/Orientaciones-para-la-reuni\u00f3n-con-candidatos-a-la-Presidencia-de-la-Rep.pdf\" target=\"_blank\" rel=\"noopener\">Presentaci\u00f3n de la din\u00e1mica general de la XXV Sesi\u00f3n Extraordinaria de la Asamblea General de la ANUIES.<\/a><\/li>\n<li>\n<p style=\"text-align: justify\">Reuni\u00f3n con los Candidatos a la Presidencia\u00a0de la Rep\u00fablica.<\/p>\n<\/li>\n<\/ol>\n<\/div>\n<\/div><\/div><\/div><\/div><div id=\"pg-220-1\"  class=\"panel-grid panel-no-style\" ><div id=\"pgc-220-1-0\"  class=\"panel-grid-cell\" ><div id=\"panel-220-1-0-0\" class=\"so-panel widget widget_sow-editor panel-first-child panel-last-child\" data-index=\"1\" ><div\n\t\t\t\n\t\t\tclass=\"so-widget-sow-editor so-widget-sow-editor-base\"\n\t\t\t\n\t\t><h3 class=\"widget-title\">Videos<\/h3>\n<div class=\"siteorigin-widget-tinymce textwidget\">\n\t<\/div>\n<\/div><\/div><\/div><\/div><div id=\"pg-220-2\"  class=\"panel-grid panel-no-style\" ><div id=\"pgc-220-2-0\"  class=\"panel-grid-cell\" ><div id=\"panel-220-2-0-0\" class=\"so-panel widget widget_sow-editor panel-first-child panel-last-child\" data-index=\"2\" ><div\n\t\t\t\n\t\t\tclass=\"so-widget-sow-editor so-widget-sow-editor-base\"\n\t\t\t\n\t\t><h3 class=\"widget-title\">Jaime Heliodoro Rodr\u00edguez Calder\u00f3n \/ Candidato independiente (Parte 1)<\/h3>\n<div class=\"siteorigin-widget-tinymce textwidget\">\n\t<p><iframe loading=\"lazy\" src=\"https:\/\/www.youtube.com\/embed\/cCP8Oe7V540\" width=\"320\" height=\"155\" frameborder=\"0\" allowfullscreen=\"allowfullscreen\"><\/iframe><\/p>\n<\/div>\n<\/div><\/div><\/div><div id=\"pgc-220-2-1\"  class=\"panel-grid-cell\" ><div id=\"panel-220-2-1-0\" class=\"so-panel widget widget_sow-editor panel-first-child panel-last-child\" data-index=\"3\" ><div\n\t\t\t\n\t\t\tclass=\"so-widget-sow-editor so-widget-sow-editor-base\"\n\t\t\t\n\t\t><h3 class=\"widget-title\">Jaime Heliodoro Rodr\u00edguez Calder\u00f3n \/ Candidato independiente (Parte 2)<\/h3>\n<div class=\"siteorigin-widget-tinymce textwidget\">\n\t<p><iframe loading=\"lazy\" width=\"320\" height=\"155\" src=\"https:\/\/www.youtube.com\/embed\/0MzPfAgC83Y\" frameborder=\"0\" allow=\"accelerometer; autoplay; encrypted-media; gyroscope; picture-in-picture\" allowfullscreen><\/iframe><\/p>\n<\/div>\n<\/div><\/div><\/div><div id=\"pgc-220-2-2\"  class=\"panel-grid-cell\" ><div id=\"panel-220-2-2-0\" class=\"so-panel widget widget_sow-editor panel-first-child panel-last-child\" data-index=\"4\" ><div\n\t\t\t\n\t\t\tclass=\"so-widget-sow-editor so-widget-sow-editor-base\"\n\t\t\t\n\t\t><h3 class=\"widget-title\">Margarita Ester Zavala G\u00f3mez del Campo \/ Candidata independiente<\/h3>\n<div class=\"siteorigin-widget-tinymce textwidget\">\n\t<p><iframe loading=\"lazy\" width=\"320\" height=\"155\" src=\"https:\/\/www.youtube.com\/embed\/p_yYS9De31o\" frameborder=\"0\" allow=\"accelerometer; autoplay; encrypted-media; gyroscope; picture-in-picture\" allowfullscreen><\/iframe><\/p>\n<\/div>\n<\/div><\/div><\/div><\/div><div id=\"pg-220-3\"  class=\"panel-grid panel-no-style\" ><div id=\"pgc-220-3-0\"  class=\"panel-grid-cell\" ><div id=\"panel-220-3-0-0\" class=\"so-panel widget widget_sow-editor panel-first-child panel-last-child\" data-index=\"5\" ><div\n\t\t\t\n\t\t\tclass=\"so-widget-sow-editor so-widget-sow-editor-base\"\n\t\t\t\n\t\t><h3 class=\"widget-title\">Ricardo Anaya Cort\u00e9s \/ Coalici\u00f3n Por M\u00e9xico al Frente PAN, PRD, Movimiento Ciudadano<\/h3>\n<div class=\"siteorigin-widget-tinymce textwidget\">\n\t<p><iframe loading=\"lazy\" width=\"320\" height=\"155\" src=\"https:\/\/www.youtube.com\/embed\/tYYXTluJ-vg\" frameborder=\"0\" allow=\"accelerometer; autoplay; encrypted-media; gyroscope; picture-in-picture\" allowfullscreen><\/iframe><\/p>\n<\/div>\n<\/div><\/div><\/div><div id=\"pgc-220-3-1\"  class=\"panel-grid-cell panel-grid-cell-mobile-last\" ><div id=\"panel-220-3-1-0\" class=\"so-panel widget widget_sow-editor panel-first-child panel-last-child\" data-index=\"6\" ><div\n\t\t\t\n\t\t\tclass=\"so-widget-sow-editor so-widget-sow-editor-base\"\n\t\t\t\n\t\t><h3 class=\"widget-title\">Jos\u00e9 Antonio Meade Kuribre\u00f1a \/ Coalici\u00f3n Todos por M\u00e9xico PRI, PVEM, PANAL<\/h3>\n<div class=\"siteorigin-widget-tinymce textwidget\">\n\t<p><iframe loading=\"lazy\" width=\"320\" height=\"155\" src=\"https:\/\/www.youtube.com\/embed\/6QWMjILASkg\" frameborder=\"0\" allow=\"accelerometer; autoplay; encrypted-media; gyroscope; picture-in-picture\" allowfullscreen><\/iframe><\/p>\n<\/div>\n<\/div><\/div><\/div><div id=\"pgc-220-3-2\"  class=\"panel-grid-cell panel-grid-cell-empty\" ><\/div><\/div><\/div>","protected":false},"excerpt":{"rendered":"<p>CONVOCATORIA Con fundamento en los art\u00edculos D\u00e9cimo S\u00e9ptimo, Vig\u00e9simo, fracciones II y XiV, y Trig\u00e9simo Tercero, fracci\u00f3n VI, del Estatuto de la Asociaci\u00f3n Nacional de Universidades e Instituciones de Educaci\u00f3n &hellip; <\/p>\n","protected":false},"author":1,"featured_media":0,"parent":0,"menu_order":0,"comment_status":"closed","ping_status":"closed","template":"","meta":{"ngg_post_thumbnail":0,"footnotes":""},"class_list":["post-220","page","type-page","status-publish","hentry"],"_links":{"self":[{"href":"https:\/\/organoscolegiados.anuies.mx\/asambleageneral\/wp-json\/wp\/v2\/pages\/220","targetHints":{"allow":["GET"]}}],"collection":[{"href":"https:\/\/organoscolegiados.anuies.mx\/asambleageneral\/wp-json\/wp\/v2\/pages"}],"about":[{"href":"https:\/\/organoscolegiados.anuies.mx\/asambleageneral\/wp-json\/wp\/v2\/types\/page"}],"author":[{"embeddable":true,"href":"https:\/\/organoscolegiados.anuies.mx\/asambleageneral\/wp-json\/wp\/v2\/users\/1"}],"replies":[{"embeddable":true,"href":"https:\/\/organoscolegiados.anuies.mx\/asambleageneral\/wp-json\/wp\/v2\/comments?post=220"}],"version-history":[{"count":8,"href":"https:\/\/organoscolegiados.anuies.mx\/asambleageneral\/wp-json\/wp\/v2\/pages\/220\/revisions"}],"predecessor-version":[{"id":429,"href":"https:\/\/organoscolegiados.anuies.mx\/asambleageneral\/wp-json\/wp\/v2\/pages\/220\/revisions\/429"}],"wp:attachment":[{"href":"https:\/\/organoscolegiados.anuies.mx\/asambleageneral\/wp-json\/wp\/v2\/media?parent=220"}],"curies":[{"name":"wp","href":"https:\/\/api.w.org\/{rel}","templated":true}]}}

<div id="pl-220"  class="panel-layout" ><div id="pg-220-0"  class="panel-grid panel-no-style" ><div id="pgc-220-0-0"  class="panel-grid-cell" ><div id="panel-220-0-0-0" class="so-panel widget widget_sow-editor panel-first-child panel-last-child" data-index="0" ><div
			
			class="so-widget-sow-editor so-widget-sow-editor-base"
			
		>
<div class="siteorigin-widget-tinymce textwidget">
	<p align="center"><img loading="lazy" decoding="async" class="alignnone size-full wp-image-224" src="https://organoscolegiados.anuies.mx/asambleageneral/wp-content/uploads/sites/3/2019/11/cabeceraxxvext.png" alt="" width="1200" height="164" /></p>
<p style="text-align: center" align="center"><strong>CONVOCATORIA</strong></p>
<p style="text-align: justify">Con fundamento en los artículos Décimo Séptimo, Vigésimo, fracciones II y XiV, y Trigésimo Tercero, fracción VI, del Estatuto de la Asociación Nacional de Universidades e Instituciones de Educación Superior, se convoca a los titulares de las instituciones que integran la Asamblea General a la XXV Sesión Extraordinaria, la cual se celebrará los días 3 de mayo a partir de las 15:30 horas y el 4 de mayo de 2018 a partir de las 8:30 horas conforme a la programación anexa, en el Centro de Innovación y Desarrollo de la ANUIES, ubicado en Miguel Laurent 961, Col. Sta. Cruz Atoyac, C.P. 03310, Ciudad de México, bajo el siguiente:</p>
<p style="text-align: center"><b>ORDEN DEL DÍA</b><b> </b></p>
<ol>
<li style="text-align: justify">Lista de asistencia y verificación de <em>quórum</em>.</li>
<li style="text-align: justify">Aprobación del Orden del Día.</li>
<li style="text-align: justify"><a href="https://organoscolegiados.anuies.mx/asambleageneral/wp-content/uploads/sites/3/2019/11/Orientaciones-para-la-reunión-con-candidatos-a-la-Presidencia-de-la-Rep.pdf" target="_blank" rel="noopener">Presentación de la dinámica general de la XXV Sesión Extraordinaria de la Asamblea General de la ANUIES.</a></li>
<li>
<p style="text-align: justify">Reunión con los Candidatos a la Presidencia de la República.</p>
</li>
</ol>
</div>
</div></div></div></div><div id="pg-220-1"  class="panel-grid panel-no-style" ><div id="pgc-220-1-0"  class="panel-grid-cell" ><div id="panel-220-1-0-0" class="so-panel widget widget_sow-editor panel-first-child panel-last-child" data-index="1" ><div
			
			class="so-widget-sow-editor so-widget-sow-editor-base"
			
		><h3 class="widget-title">Videos</h3>
<div class="siteorigin-widget-tinymce textwidget">
	</div>
</div></div></div></div><div id="pg-220-2"  class="panel-grid panel-no-style" ><div id="pgc-220-2-0"  class="panel-grid-cell" ><div id="panel-220-2-0-0" class="so-panel widget widget_sow-editor panel-first-child panel-last-child" data-index="2" ><div
			
			class="so-widget-sow-editor so-widget-sow-editor-base"
			
		><h3 class="widget-title">Jaime Heliodoro Rodríguez Calderón / Candidato independiente (Parte 1)</h3>
<div class="siteorigin-widget-tinymce textwidget">
	<p><iframe loading="lazy" src="https://www.youtube.com/embed/cCP8Oe7V540" width="320" height="155" frameborder="0" allowfullscreen="allowfullscreen"></iframe></p>
</div>
</div></div></div><div id="pgc-220-2-1"  class="panel-grid-cell" ><div id="panel-220-2-1-0" class="so-panel widget widget_sow-editor panel-first-child panel-last-child" data-index="3" ><div
			
			class="so-widget-sow-editor so-widget-sow-editor-base"
			
		><h3 class="widget-title">Jaime Heliodoro Rodríguez Calderón / Candidato independiente (Parte 2)</h3>
<div class="siteorigin-widget-tinymce textwidget">
	<p><iframe loading="lazy" width="320" height="155" src="https://www.youtube.com/embed/0MzPfAgC83Y" frameborder="0" allow="accelerometer; autoplay; encrypted-media; gyroscope; picture-in-picture" allowfullscreen></iframe></p>
</div>
</div></div></div><div id="pgc-220-2-2"  class="panel-grid-cell" ><div id="panel-220-2-2-0" class="so-panel widget widget_sow-editor panel-first-child panel-last-child" data-index="4" ><div
			
			class="so-widget-sow-editor so-widget-sow-editor-base"
			
		><h3 class="widget-title">Margarita Ester Zavala Gómez del Campo / Candidata independiente</h3>
<div class="siteorigin-widget-tinymce textwidget">
	<p><iframe loading="lazy" width="320" height="155" src="https://www.youtube.com/embed/p_yYS9De31o" frameborder="0" allow="accelerometer; autoplay; encrypted-media; gyroscope; picture-in-picture" allowfullscreen></iframe></p>
</div>
</div></div></div></div><div id="pg-220-3"  class="panel-grid panel-no-style" ><div id="pgc-220-3-0"  class="panel-grid-cell" ><div id="panel-220-3-0-0" class="so-panel widget widget_sow-editor panel-first-child panel-last-child" data-index="5" ><div
			
			class="so-widget-sow-editor so-widget-sow-editor-base"
			
		><h3 class="widget-title">Ricardo Anaya Cortés / Coalición Por México al Frente PAN, PRD, Movimiento Ciudadano</h3>
<div class="siteorigin-widget-tinymce textwidget">
	<p><iframe loading="lazy" width="320" height="155" src="https://www.youtube.com/embed/tYYXTluJ-vg" frameborder="0" allow="accelerometer; autoplay; encrypted-media; gyroscope; picture-in-picture" allowfullscreen></iframe></p>
</div>
</div></div></div><div id="pgc-220-3-1"  class="panel-grid-cell panel-grid-cell-mobile-last" ><div id="panel-220-3-1-0" class="so-panel widget widget_sow-editor panel-first-child panel-last-child" data-index="6" ><div
			
			class="so-widget-sow-editor so-widget-sow-editor-base"
			
		><h3 class="widget-title">José Antonio Meade Kuribreña / Coalición Todos por México PRI, PVEM, PANAL</h3>
<div class="siteorigin-widget-tinymce textwidget">
	<p><iframe loading="lazy" width="320" height="155" src="https://www.youtube.com/embed/6QWMjILASkg" frameborder="0" allow="accelerometer; autoplay; encrypted-media; gyroscope; picture-in-picture" allowfullscreen></iframe></p>
</div>
</div></div></div><div id="pgc-220-3-2"  class="panel-grid-cell panel-grid-cell-empty" ></div></div></div>

<p>CONVOCATORIA Con fundamento en los artículos Décimo Séptimo, Vigésimo, fracciones II y XiV, y Trigésimo Tercero, fracción VI, del Estatuto de la Asociación Nacional de Universidades e Instituciones de Educación &hellip; </p>
