{"id":229,"date":"2019-11-07T19:53:27","date_gmt":"2019-11-07T18:53:27","guid":{"rendered":"https:\/\/organoscolegiados.anuies.mx\/asambleageneral\/?page_id=229"},"modified":"2020-04-02T18:28:25","modified_gmt":"2020-04-02T16:28:25","slug":"lii-ordinaria","status":"publish","type":"page","link":"https:\/\/organoscolegiados.anuies.mx\/asambleageneral\/lii-ordinaria\/","title":{"rendered":""},"content":{"rendered":"<div id=\"pl-229\"  class=\"panel-layout\" ><div id=\"pg-229-0\"  class=\"panel-grid panel-no-style\" ><div id=\"pgc-229-0-0\"  class=\"panel-grid-cell\" ><div id=\"panel-229-0-0-0\" class=\"so-panel widget widget_sow-editor panel-first-child panel-last-child\" data-index=\"0\" ><div\n\t\t\t\n\t\t\tclass=\"so-widget-sow-editor so-widget-sow-editor-base\"\n\t\t\t\n\t\t>\n<div class=\"siteorigin-widget-tinymce textwidget\">\n\t<p align=\"center\"><img loading=\"lazy\" decoding=\"async\" class=\"alignnone size-full wp-image-232\" src=\"https:\/\/organoscolegiados.anuies.mx\/asambleageneral\/wp-content\/uploads\/sites\/3\/2019\/11\/cabezaliiasamblea.png\" alt=\"\" width=\"1245\" height=\"121\" \/><\/p>\n<p style=\"text-align: center\" align=\"center\"><span style=\"color: #000000\"><strong>CONVOCATORIA<\/strong><\/span><\/p>\n<p style=\"text-align: justify\"><span style=\"color: #000000\">Con fundamento en los art\u00edculos D\u00e9cimo Quinto, Trig\u00e9simo Primero y Trig\u00e9simo Tercero, fracci\u00f3n VI, del Estatuto de la Asociaci\u00f3n Nacional de Universidades e Instituciones de Educaci\u00f3n Superior (ANUIES), se convoca a los titulares de las instituciones que integran la Asamblea General a la LII Sesi\u00f3n Ordinaria que se realizar\u00e1 el 23 de noviembre de 2017 a partir de las 09:00 horas en el Auditorio Central del Centro Universitario de Ciencias Econ\u00f3mico \u2013 Administrativas (CUCEA), ubicado en Perif\u00e9rico Norte N\u00b0 799, N\u00facleo Universitario Los Belenes, C.P. 45100, Zapopan, Jalisco, bajo el siguiente:<\/span><\/p>\n<p style=\"text-align: center\"><span style=\"color: #000000\"><b>ORDEN DEL D\u00cdA<\/b><b><\/b><\/span><\/p>\n<p style=\"text-align: justify\"><span style=\"color: #000000\"><a style=\"color: #000000\" href=\"http:\/\/liiasamblea.portal.anuies.mx\/wp-content\/blogs.dir\/91\/files\/sites\/91\/2017\/11\/1.-Lista-de-miembros-AG.pdf\" target=\"_blank\" rel=\"noopener\">1.- Lista de asistencia y verificaci\u00f3n de\u00a0<em>qu\u00f3rum<\/em>.<\/a><\/span><\/p>\n<p style=\"text-align: justify\"><span style=\"color: #000000\"><a style=\"color: #000000\" href=\"https:\/\/organoscolegiados.anuies.mx\/asambleageneral\/wp-content\/uploads\/sites\/3\/2020\/04\/Aprobaci\u00f3n-Orden-del-Dia-LII.pdf\" target=\"_blank\" rel=\"noopener\">2.-\u00a0Aprobaci\u00f3n del Orden del D\u00eda.<\/a><\/span><\/p>\n<p style=\"text-align: justify\"><span style=\"color: #000000\"><a style=\"color: #000000\" href=\"https:\/\/organoscolegiados.anuies.mx\/asambleageneral\/wp-content\/uploads\/sites\/3\/2020\/03\/Nombramiento-del-Vicepresidente-de-la-Sesi\u00f3n.-LII.pdf\" target=\"_blank\" rel=\"noopener\">3.- Nombramiento del Vicepresidente de la Sesi\u00f3n.<\/a><\/span><\/p>\n<p style=\"text-align: justify\"><span style=\"color: #000000\"><a style=\"color: #000000\" href=\"https:\/\/organoscolegiados.anuies.mx\/asambleageneral\/wp-content\/uploads\/sites\/3\/2020\/03\/Elecci\u00f3n-de-dos-relatores-y-dos-escrutadores.-LII.pdf\" target=\"_blank\" rel=\"noopener\">4.- Elecci\u00f3n de dos relatores y dos escrutadores.<\/a><\/span><\/p>\n<p style=\"text-align: justify\"><span style=\"color: #000000\"><a style=\"color: #000000\" href=\"http:\/\/liiasamblea.portal.anuies.mx\/wp-content\/blogs.dir\/91\/files\/sites\/91\/2017\/11\/5.-Acta-LI-SO-AG-CETYS-16-de-junio.pdf\" target=\"_blank\" rel=\"noopener\">5.- Lectura y aprobaci\u00f3n, en su caso, del Acta de la LI Sesi\u00f3n Ordinaria.<\/a><\/span><\/p>\n<p style=\"text-align: justify;padding-left: 40px\"><span style=\"color: #000000\"><a style=\"color: #000000\" href=\"https:\/\/organoscolegiados.anuies.mx\/asambleageneral\/wp-content\/uploads\/sites\/3\/2020\/04\/Lectura-y-aprobaci\u00f3n-Acta-LII.pdf\" target=\"_blank\" rel=\"noopener\">5.1 Aprobaci\u00f3n del Acta de la LI Sesi\u00f3n Ordinaria<\/a><\/span><\/p>\n<p style=\"text-align: justify\"><span style=\"color: #000000\">6.- Entrega de reconocimiento al\u00a0<a style=\"color: #000000\" href=\"http:\/\/liiasamblea.portal.anuies.mx\/wp-content\/blogs.dir\/91\/files\/sites\/91\/2017\/11\/6.1.-Reconocimiento-P.-CIPRIANO-S%C3%81NCHEZ-GARC%C3%8DA.pdf\" target=\"_blank\" rel=\"noopener\">P. Cipriano S\u00e1nchez Garc\u00eda, L.C., Rector de la Universidad An\u00e1huac, por su labor como representante del CUPRIA ante el Consejo Nacional (2013 \u2013 2017)<\/a>\u00a0y al\u00a0<a style=\"color: #000000\" href=\"http:\/\/liiasamblea.portal.anuies.mx\/wp-content\/blogs.dir\/91\/files\/sites\/91\/2017\/11\/6.2.-Reconocimiento-MTRO.-DAVID-FERN%C3%81NDEZ-D%C3%81VALOS.pdf\" target=\"_blank\" rel=\"noopener\">Mtro. David Fern\u00e1ndez D\u00e1valos, S.J., Rector de la Universidad Iberoamericana Ciudad de M\u00e9xico, por su desempe\u00f1o como Presidente del Consejo Regional del \u00c1rea Metropolitana (2013 \u2013 2017)<\/a>.<\/span><\/p>\n<p style=\"text-align: justify\"><span style=\"color: #000000\"><a style=\"color: #000000\" href=\"https:\/\/organoscolegiados.anuies.mx\/asambleageneral\/wp-content\/uploads\/sites\/3\/2020\/03\/Entrega-de-reconocimientos-Universiada-2017.-LII.pdf\" target=\"_blank\" rel=\"noopener\">7.- Entrega de reconocimientos a las universidades p\u00fablicas estatales que encabezaron la tabla por puntos y el medallero de la Universiada Nacional 2017.<\/a><\/span><\/p>\n<p style=\"text-align: justify\"><span style=\"color: #000000\">8.- Entrega de reconocimiento al ECOESAD por sus 10 a\u00f1os de creaci\u00f3n.<\/span><\/p>\n<p style=\"text-align: justify\"><span style=\"color: #000000\"><a style=\"color: #000000\" href=\"https:\/\/organoscolegiados.anuies.mx\/asambleageneral\/wp-content\/uploads\/sites\/3\/2020\/03\/9.-Informe-del-CN-solicitudes-de-ingreso-2017.-LII.pdf\" target=\"_blank\" rel=\"noopener\">9.- An\u00e1lisis y aprobaci\u00f3n, en su caso, del dictamen del Consejo Nacional sobre las solicitudes de ingreso de nuevas asociadas.<\/a><\/span><\/p>\n<p style=\"text-align: justify\"><span style=\"color: #000000\">10.- Presentaci\u00f3n de la versi\u00f3n actualizada del documento \u201cVisi\u00f3n y acci\u00f3n 2030. Una propuesta de la ANUIES para la renovaci\u00f3n de la educaci\u00f3n superior en M\u00e9xico\u201d, la cual incorpora las observaciones recibidas en la consulta a las instituciones asociadas.<\/span><\/p>\n<p style=\"text-align: justify\"><span style=\"color: #000000\"><a style=\"color: #000000\" href=\"https:\/\/organoscolegiados.anuies.mx\/asambleageneral\/wp-content\/uploads\/sites\/3\/2020\/03\/6.-Presentaci\u00f3n-ODS-221117.-LII.pdf\" target=\"_blank\" rel=\"noopener\">11.- Presentaci\u00f3n de la Contribuci\u00f3n de las IES mexicanas a los Objetivos de Desarrollo Sostenible.<\/a><\/span><\/p>\n<p style=\"text-align: justify\"><span style=\"color: #000000\"><a style=\"color: #000000\" href=\"http:\/\/liiasamblea.portal.anuies.mx\/wp-content\/blogs.dir\/91\/files\/sites\/91\/2017\/11\/12.-Informe-de-actividades-2017-CN.pdf\" target=\"_blank\" rel=\"noopener\">12.- Presentaci\u00f3n del Informe 2017 del Consejo Nacional.<\/a><\/span><\/p>\n<p style=\"text-align: justify\"><span style=\"color: #000000\">13.- Presentaci\u00f3n de la agenda de organismos internacionales (diciembre de 2017 \u2013 junio 2018).<\/span><\/p>\n<p style=\"text-align: justify\"><span style=\"color: #000000\"><a style=\"color: #000000\" href=\"https:\/\/organoscolegiados.anuies.mx\/asambleageneral\/wp-content\/uploads\/sites\/3\/2020\/03\/Asuntos-Generales.-LII.pdf\" target=\"_blank\" rel=\"noopener\">14.- Asuntos generales.<\/a><\/span><\/p>\n<\/div>\n<\/div><\/div><\/div><\/div><div id=\"pg-229-1\"  class=\"panel-grid panel-no-style\" ><div id=\"pgc-229-1-0\"  class=\"panel-grid-cell\" ><div id=\"panel-229-1-0-0\" class=\"so-panel widget widget_sow-editor panel-first-child panel-last-child\" data-index=\"1\" ><div\n\t\t\t\n\t\t\tclass=\"so-widget-sow-editor so-widget-sow-editor-base\"\n\t\t\t\n\t\t>\n<div class=\"siteorigin-widget-tinymce textwidget\">\n\t<p style=\"text-align: center;\"><strong>Mtro. Itzc\u00f3atl Tonatiuh Bravo Padilla<\/strong><br \/>\nRector General de la Universidad de Guadalajara<br \/>\n<strong>Presidente<\/strong><\/p>\n<\/div>\n<\/div><\/div><\/div><div id=\"pgc-229-1-1\"  class=\"panel-grid-cell\" ><div id=\"panel-229-1-1-0\" class=\"so-panel widget widget_sow-editor panel-first-child panel-last-child\" data-index=\"2\" ><div\n\t\t\t\n\t\t\tclass=\"so-widget-sow-editor so-widget-sow-editor-base\"\n\t\t\t\n\t\t>\n<div class=\"siteorigin-widget-tinymce textwidget\">\n\t<p style=\"text-align: center;\"><strong>Mtro. Jaime Valls Esponda<\/strong><br \/>\nSecretario General Ejecutivo<br \/>\n<strong>Secretario<\/strong><\/p>\n<\/div>\n<\/div><\/div><\/div><\/div><\/div>","protected":false},"excerpt":{"rendered":"<p>CONVOCATORIA Con fundamento en los art\u00edculos D\u00e9cimo Quinto, Trig\u00e9simo Primero y Trig\u00e9simo Tercero, fracci\u00f3n VI, del Estatuto de la Asociaci\u00f3n Nacional de Universidades e Instituciones de Educaci\u00f3n Superior (ANUIES), se &hellip; <\/p>\n","protected":false},"author":1,"featured_media":0,"parent":0,"menu_order":0,"comment_status":"closed","ping_status":"closed","template":"","meta":{"ngg_post_thumbnail":0,"footnotes":""},"class_list":["post-229","page","type-page","status-publish","hentry"],"_links":{"self":[{"href":"https:\/\/organoscolegiados.anuies.mx\/asambleageneral\/wp-json\/wp\/v2\/pages\/229","targetHints":{"allow":["GET"]}}],"collection":[{"href":"https:\/\/organoscolegiados.anuies.mx\/asambleageneral\/wp-json\/wp\/v2\/pages"}],"about":[{"href":"https:\/\/organoscolegiados.anuies.mx\/asambleageneral\/wp-json\/wp\/v2\/types\/page"}],"author":[{"embeddable":true,"href":"https:\/\/organoscolegiados.anuies.mx\/asambleageneral\/wp-json\/wp\/v2\/users\/1"}],"replies":[{"embeddable":true,"href":"https:\/\/organoscolegiados.anuies.mx\/asambleageneral\/wp-json\/wp\/v2\/comments?post=229"}],"version-history":[{"count":20,"href":"https:\/\/organoscolegiados.anuies.mx\/asambleageneral\/wp-json\/wp\/v2\/pages\/229\/revisions"}],"predecessor-version":[{"id":627,"href":"https:\/\/organoscolegiados.anuies.mx\/asambleageneral\/wp-json\/wp\/v2\/pages\/229\/revisions\/627"}],"wp:attachment":[{"href":"https:\/\/organoscolegiados.anuies.mx\/asambleageneral\/wp-json\/wp\/v2\/media?parent=229"}],"curies":[{"name":"wp","href":"https:\/\/api.w.org\/{rel}","templated":true}]}}