{"id":237,"date":"2019-11-07T19:57:35","date_gmt":"2019-11-07T18:57:35","guid":{"rendered":"https:\/\/organoscolegiados.anuies.mx\/asambleageneral\/?page_id=237"},"modified":"2020-04-02T19:28:43","modified_gmt":"2020-04-02T17:28:43","slug":"li-ordinaria","status":"publish","type":"page","link":"https:\/\/organoscolegiados.anuies.mx\/asambleageneral\/li-ordinaria\/","title":{"rendered":""},"content":{"rendered":"<p align=\"center\"><img loading=\"lazy\" decoding=\"async\" class=\"alignnone size-full wp-image-240\" src=\"https:\/\/organoscolegiados.anuies.mx\/asambleageneral\/wp-content\/uploads\/sites\/3\/2019\/11\/cabezalliasamblea-1.png\" alt=\"\" width=\"1245\" height=\"121\" srcset=\"https:\/\/organoscolegiados.anuies.mx\/asambleageneral\/wp-content\/uploads\/sites\/3\/2019\/11\/cabezalliasamblea-1.png 1245w, https:\/\/organoscolegiados.anuies.mx\/asambleageneral\/wp-content\/uploads\/sites\/3\/2019\/11\/cabezalliasamblea-1-300x29.png 300w, https:\/\/organoscolegiados.anuies.mx\/asambleageneral\/wp-content\/uploads\/sites\/3\/2019\/11\/cabezalliasamblea-1-768x75.png 768w, https:\/\/organoscolegiados.anuies.mx\/asambleageneral\/wp-content\/uploads\/sites\/3\/2019\/11\/cabezalliasamblea-1-1024x100.png 1024w\" sizes=\"auto, (max-width: 1245px) 100vw, 1245px\" \/><\/p>\n<p style=\"text-align: center\" align=\"center\"><span style=\"color: #000000\"><strong>CONVOCATORIA<\/strong><\/span><\/p>\n<p style=\"text-align: justify\"><span style=\"color: #000000\">Con fundamento en los ar1\u00edculos D\u00e9cimo Quinto, Trig\u00e9simo Primero y Trig\u00e9simo Tercero, fracci\u00f3n Vl, del Estatuto de la Asociaci\u00f3n Nacional de Universidades e lnstituciones de Educaci\u00f3n Superior (ANUIES), se convoca a los titulares de las instituciones que integran la Asamblea General a la LI Sesi\u00f3n Ordinaria que se realizar\u00e1 el 16 de junio de 2017 a partir de las 10:00 horas en el Gimnasio\u00a0Auditorio Rodrigo Valle Hern\u00e1ndez del Centro de Ense\u00f1anza T\u00e9cnica y Superior, CETYS, Campus Tijuana, ubicado en Av. CETYS Universidad No. 4, Fracc. El Lago, C,P,22210, Baja California, M\u00e9xico, bajo el siguiente:<\/span><\/p>\n<p style=\"text-align: center\"><span style=\"color: #000000\"><b>ORDEN DEL D\u00cdA<\/b><b><\/b><\/span><\/p>\n<p style=\"text-align: justify\"><span style=\"color: #000000\">1.-\u00a0<a style=\"color: #000000\" href=\"https:\/\/organoscolegiados.anuies.mx\/asambleageneral\/wp-content\/uploads\/sites\/3\/2019\/11\/1.-Lista-de-miembros-AG.pdf\" target=\"_blank\" rel=\"noopener noreferrer\">Lista de asistencia y verificaci\u00f3n de\u00a0<i>qu\u00f3rum.<\/i><\/a><\/span><\/p>\n<p style=\"text-align: justify\"><span style=\"color: #000000\"><a style=\"color: #000000\" href=\"https:\/\/organoscolegiados.anuies.mx\/asambleageneral\/wp-content\/uploads\/sites\/3\/2020\/04\/Aprobaci\u00f3n-del-Orden-del-D\u00eda-LI.pdf\" target=\"_blank\" rel=\"noopener noreferrer\">2.-\u00a0Aprobaci\u00f3n del Orden del D\u00eda.<\/a><\/span><\/p>\n<p style=\"text-align: justify\"><span style=\"color: #000000\"><a style=\"color: #000000\" href=\"https:\/\/organoscolegiados.anuies.mx\/asambleageneral\/wp-content\/uploads\/sites\/3\/2020\/03\/Nombramiento-del-Vicepresidente-de-la-Sesi\u00f3n.-LI.pdf\" target=\"_blank\" rel=\"noopener noreferrer\">3.- Nombramiento del Vicepresidente de la Sesi\u00f3n.<\/a><\/span><\/p>\n<p style=\"text-align: justify\"><span style=\"color: #000000\"><a style=\"color: #000000\" href=\"https:\/\/organoscolegiados.anuies.mx\/asambleageneral\/wp-content\/uploads\/sites\/3\/2020\/03\/Elecci\u00f3n-de-dos-relatores-y-dos-escrutadores.-LI.pdf\" target=\"_blank\" rel=\"noopener noreferrer\">4.- Elecci\u00f3n de dos relatores y dos escrutadores.<\/a><\/span><\/p>\n<p style=\"text-align: justify\"><span style=\"color: #000000\">5.-\u00a0<a style=\"color: #000000\" href=\"https:\/\/organoscolegiados.anuies.mx\/asambleageneral\/wp-content\/uploads\/sites\/3\/2019\/11\/5.-Acta-L-SO-AG-300517.pdf\" target=\"_blank\" rel=\"noopener noreferrer\">Lectura y aprobaci\u00f3n, en su caso, del acta de la L Sesi\u00f3n Ordinaria de la Asamblea General.<\/a><\/span><\/p>\n<p><span style=\"color: #000000\"><a style=\"color: #000000\" href=\"https:\/\/organoscolegiados.anuies.mx\/asambleageneral\/wp-content\/uploads\/sites\/3\/2020\/04\/Aprobaci\u00f3n-y-Lectura-de-Acta-LI.pdf\" target=\"_blank\" rel=\"noopener noreferrer\"><span style=\"font-size: 1rem\">\u00a0 5.1 Aprobaci\u00f3n del Acta de la L Sesi\u00f3n Ordinaria<\/span><\/a><br \/>\n<\/span><\/p>\n<p style=\"text-align: justify\"><span style=\"color: #000000\">6.- Presentaciones y exposiciones, en su caso, de los invitados especiales.<\/span><\/p>\n<p style=\"text-align: justify\"><a href=\"https:\/\/organoscolegiados.anuies.mx\/asambleageneral\/wp-content\/uploads\/sites\/3\/2019\/11\/6.1.-Semblanza-DR.-PAULO-SPELLER.pdf\" target=\"_blank\" rel=\"noopener noreferrer\"><span style=\"color: #000000\">6.1. Semblanza DR. PAULO SPELLER<\/span><\/a><\/p>\n<p style=\"text-align: justify\"><span style=\"color: #000000\">\u00a0\u00a0<a style=\"color: #000000\" href=\"https:\/\/organoscolegiados.anuies.mx\/asambleageneral\/wp-content\/uploads\/sites\/3\/2019\/11\/6.1Dr.-Paulo-Speller.pdf\" target=\"_blank\" rel=\"noopener noreferrer\">6.1.1. Dr. Paulo Speller<\/a><\/span><\/p>\n<p style=\"text-align: justify\"><span style=\"color: #000000\">\u00a0\u00a0<a style=\"color: #000000\" href=\"https:\/\/youtu.be\/0G06-aFalG0\" target=\"_blank\" rel=\"noopener noreferrer\">6.1.2 2021 Metas<\/a><\/span><\/p>\n<p style=\"text-align: justify\"><span style=\"color: #000000\"><a style=\"color: #000000\" href=\"https:\/\/organoscolegiados.anuies.mx\/asambleageneral\/wp-content\/uploads\/sites\/3\/2019\/11\/6.2.-Semblanza-MTRA.-SUE-CUNNINGHAM.pdf\" target=\"_blank\" rel=\"noopener noreferrer\">6.2. Semblanza MTRA. SUE CUNNINGHAM<\/a><\/span><\/p>\n<p style=\"text-align: justify\"><span style=\"color: #000000\">\u00a0\u00a0<a style=\"color: #000000\" href=\"https:\/\/organoscolegiados.anuies.mx\/asambleageneral\/wp-content\/uploads\/sites\/3\/2019\/11\/6.2-Dra-Suen-CASE.pdf\" target=\"_blank\" rel=\"noopener noreferrer\">6.2.1. Dra Suen-CASE<\/a><\/span><\/p>\n<p style=\"text-align: justify\"><span style=\"color: #000000\"><a style=\"color: #000000\" href=\"https:\/\/organoscolegiados.anuies.mx\/asambleageneral\/wp-content\/uploads\/sites\/3\/2019\/11\/6.3.-Semblanza-DR.-JUAN-MANUEL-OCEGUEDA-HERN\u00c1NDEZ.pdf\" target=\"_blank\" rel=\"noopener noreferrer\">6.3. Semblanza DR. JUAN MANUEL OCEGUEDA HERN\u00c1NDEZ<\/a><\/span><\/p>\n<p style=\"text-align: justify\"><span style=\"color: #000000\">\u00a0\u00a0<a style=\"color: #000000\" href=\"https:\/\/organoscolegiados.anuies.mx\/asambleageneral\/wp-content\/uploads\/sites\/3\/2019\/11\/6.3-Testimonio-UABC-Reunion-ANUIES.pdf\" target=\"_blank\" rel=\"noopener noreferrer\">6.3.1. Testimonio UABC Reuni\u00f3n ANUIES<\/a><\/span><\/p>\n<p style=\"text-align: justify\"><span style=\"color: #000000\"><a style=\"color: #000000\" href=\"https:\/\/organoscolegiados.anuies.mx\/asambleageneral\/wp-content\/uploads\/sites\/3\/2019\/11\/6.4.-Semblanza-DR.-FERNANDO-LE\u00d3N-GARC\u00cdA.pdf\" target=\"_blank\" rel=\"noopener noreferrer\">6.4. Semblanza DR. FERNANDO LE\u00d3N GARC\u00cdA<\/a><\/span><\/p>\n<p style=\"text-align: justify\"><span style=\"color: #000000\">\u00a0\u00a0<a style=\"color: #000000\" href=\"https:\/\/organoscolegiados.anuies.mx\/asambleageneral\/wp-content\/uploads\/sites\/3\/2019\/11\/6.4-CETYS-Universidad.pdf\" target=\"_blank\" rel=\"noopener noreferrer\">6.4.1 CETYS Universidad: Una Experiencia de Financiamiento<\/a><\/span><\/p>\n<p style=\"text-align: justify\"><span style=\"color: #000000\"><a style=\"color: #000000\" href=\"https:\/\/organoscolegiados.anuies.mx\/asambleageneral\/wp-content\/uploads\/sites\/3\/2019\/11\/6.5.-Semblanza-DR.-EDUARDO-JARAMILLO-NAVARRETE.pdf\" target=\"_blank\" rel=\"noopener noreferrer\">6.5. Semblanza DR. EDUARDO JARAMILLO NAVARRETE<\/a><\/span><\/p>\n<p style=\"text-align: justify\"><span style=\"color: #000000\">\u00a0\u00a0<a style=\"color: #000000\" href=\"https:\/\/organoscolegiados.anuies.mx\/asambleageneral\/wp-content\/uploads\/sites\/3\/2019\/11\/6.5.1-Salud-en-tu-Escuela-ANUIES.pdf\" target=\"_blank\" rel=\"noopener noreferrer\">6.5.1 Salud en tu escuela<\/a><\/span><\/p>\n<p style=\"text-align: justify\"><span style=\"color: #000000\"><a style=\"color: #000000\" href=\"https:\/\/organoscolegiados.anuies.mx\/asambleageneral\/wp-content\/uploads\/sites\/3\/2019\/11\/6.6.-Semblanza-MTRA.-NORMA-GABRIELA-L\u00d3PEZ-CASTA\u00d1EDA.pdf\" target=\"_blank\" rel=\"noopener noreferrer\">6.6. Semblanza MTRA. NORMA GABRIELA L\u00d3PEZ CASTA\u00d1EDA<\/a><\/span><\/p>\n<p style=\"text-align: justify\"><span style=\"color: #000000\">\u00a0\u00a0<a style=\"color: #000000\" href=\"https:\/\/organoscolegiados.anuies.mx\/asambleageneral\/wp-content\/uploads\/sites\/3\/2019\/11\/6.6-Mtra.-Norma-Gabriela-IMSS.pdf\" target=\"_blank\" rel=\"noopener noreferrer\">6.6.1. Mtra. Norma Gabriela -IMSS<\/a><\/span><\/p>\n<p style=\"text-align: justify\"><span style=\"color: #000000\">7.-\u00a0<a style=\"color: #000000\" href=\"https:\/\/organoscolegiados.anuies.mx\/asambleageneral\/wp-content\/uploads\/sites\/3\/2019\/11\/7.-Presentaci\u00f3n-nuevo-criterio-de-calculo-cuotas-2018-Asamblea-17.60617.pdf\" target=\"_blank\" rel=\"noopener noreferrer\">Presentaci\u00f3n y ratificaci\u00f3n, en su caso, de la propuesta para que, a partir de 2018, las cuotas ordinarias de las asociadas est\u00e9n indexadas al incremento de la Unidad de Medida y Actualizaci\u00f3n (UMA).<\/a><\/span><\/p>\n<p style=\"text-align: justify\"><span style=\"color: #000000\">8.-\u00a0<a style=\"color: #000000\" href=\"https:\/\/youtu.be\/kt8Qeus6p-E\" target=\"_blank\" rel=\"noopener noreferrer\">Presentaci\u00f3n del programa de la Tercera Conferencia Internacional ANUIES.<\/a><\/span><\/p>\n<p style=\"text-align: justify\"><span style=\"color: #000000\">9.-\u00a0<a style=\"color: #000000\" href=\"https:\/\/organoscolegiados.anuies.mx\/asambleageneral\/wp-content\/uploads\/sites\/3\/2019\/11\/9.-Propuesta-ANUIES-desarrollo-ES-Consejo-Nacional-150617.pdf\" target=\"_blank\" rel=\"noopener noreferrer\">Presentaci\u00f3n de la propuesta de la ANUIES para definir una nueva generaci\u00f3n de pol\u00edticas p\u00fablicas para la educaci\u00f3n superior.<\/a><\/span><\/p>\n<p style=\"text-align: justify;padding-left: 40px\"><span style=\"color: #000000\"><a style=\"color: #000000\" href=\"https:\/\/organoscolegiados.anuies.mx\/asambleageneral\/wp-content\/uploads\/sites\/3\/2019\/11\/9.1-Presentaci\u00f3n-contribuciones-a-los-ODS.pdf\" target=\"_blank\" rel=\"noopener noreferrer\">9.1 Presentaci\u00f3n contribuciones a los ODS<\/a><\/span><\/p>\n<p style=\"text-align: justify\"><a href=\"https:\/\/organoscolegiados.anuies.mx\/asambleageneral\/wp-content\/uploads\/sites\/3\/2020\/04\/Asuntos-generales-LI.pdf\" target=\"_blank\" rel=\"noopener noreferrer\"><span style=\"color: #000000\">10.- Asuntos generales.<\/span><\/a><\/p>\n<p style=\"text-align: justify\"><span style=\"color: #000000\"><a style=\"color: #000000\" href=\"https:\/\/organoscolegiados.anuies.mx\/asambleageneral\/wp-content\/uploads\/sites\/3\/2019\/11\/GRAL.-Designacion-Auditor-Externo-2017.pdf\" target=\"_blank\" rel=\"noopener noreferrer\">Designaci\u00f3n Auditor Externo 2017<\/a><\/span><\/p>\n<p style=\"text-align: justify\"><span style=\"color: #000000\"><a style=\"color: #000000\" href=\"https:\/\/organoscolegiados.anuies.mx\/asambleageneral\/wp-content\/uploads\/sites\/3\/2019\/11\/GRAL.-Estados-financieros-2016.pdf\" target=\"_blank\" rel=\"noopener noreferrer\">Estados financieros 2016<\/a><\/span><\/p>\n<p style=\"text-align: justify\"><span style=\"color: #333333\"><a style=\"color: #333333\" href=\"https:\/\/organoscolegiados.anuies.mx\/asambleageneral\/wp-content\/uploads\/sites\/3\/2019\/11\/GRAL.-Estados-financieros-ANUIES-2016.pdf\" target=\"_blank\" rel=\"noopener noreferrer\">Estados financieros ANUIES 2016<\/a><\/span><\/p>\n","protected":false},"excerpt":{"rendered":"<p>CONVOCATORIA Con fundamento en los ar1\u00edculos D\u00e9cimo Quinto, Trig\u00e9simo Primero y Trig\u00e9simo Tercero, fracci\u00f3n Vl, del Estatuto de la Asociaci\u00f3n Nacional de Universidades e lnstituciones de Educaci\u00f3n Superior (ANUIES), se &hellip; <\/p>\n","protected":false},"author":1,"featured_media":0,"parent":0,"menu_order":0,"comment_status":"closed","ping_status":"closed","template":"","meta":{"ngg_post_thumbnail":0,"footnotes":""},"class_list":["post-237","page","type-page","status-publish","hentry"],"_links":{"self":[{"href":"https:\/\/organoscolegiados.anuies.mx\/asambleageneral\/wp-json\/wp\/v2\/pages\/237","targetHints":{"allow":["GET"]}}],"collection":[{"href":"https:\/\/organoscolegiados.anuies.mx\/asambleageneral\/wp-json\/wp\/v2\/pages"}],"about":[{"href":"https:\/\/organoscolegiados.anuies.mx\/asambleageneral\/wp-json\/wp\/v2\/types\/page"}],"author":[{"embeddable":true,"href":"https:\/\/organoscolegiados.anuies.mx\/asambleageneral\/wp-json\/wp\/v2\/users\/1"}],"replies":[{"embeddable":true,"href":"https:\/\/organoscolegiados.anuies.mx\/asambleageneral\/wp-json\/wp\/v2\/comments?post=237"}],"version-history":[{"count":13,"href":"https:\/\/organoscolegiados.anuies.mx\/asambleageneral\/wp-json\/wp\/v2\/pages\/237\/revisions"}],"predecessor-version":[{"id":461,"href":"https:\/\/organoscolegiados.anuies.mx\/asambleageneral\/wp-json\/wp\/v2\/pages\/237\/revisions\/461"}],"wp:attachment":[{"href":"https:\/\/organoscolegiados.anuies.mx\/asambleageneral\/wp-json\/wp\/v2\/media?parent=237"}],"curies":[{"name":"wp","href":"https:\/\/api.w.org\/{rel}","templated":true}]}}

<p align="center"><img loading="lazy" decoding="async" class="alignnone size-full wp-image-240" src="https://organoscolegiados.anuies.mx/asambleageneral/wp-content/uploads/sites/3/2019/11/cabezalliasamblea-1.png" alt="" width="1245" height="121" srcset="https://organoscolegiados.anuies.mx/asambleageneral/wp-content/uploads/sites/3/2019/11/cabezalliasamblea-1.png 1245w, https://organoscolegiados.anuies.mx/asambleageneral/wp-content/uploads/sites/3/2019/11/cabezalliasamblea-1-300x29.png 300w, https://organoscolegiados.anuies.mx/asambleageneral/wp-content/uploads/sites/3/2019/11/cabezalliasamblea-1-768x75.png 768w, https://organoscolegiados.anuies.mx/asambleageneral/wp-content/uploads/sites/3/2019/11/cabezalliasamblea-1-1024x100.png 1024w" sizes="auto, (max-width: 1245px) 100vw, 1245px" /></p>
<p style="text-align: center" align="center"><span style="color: #000000"><strong>CONVOCATORIA</strong></span></p>
<p style="text-align: justify"><span style="color: #000000">Con fundamento en los ar1ículos Décimo Quinto, Trigésimo Primero y Trigésimo Tercero, fracción Vl, del Estatuto de la Asociación Nacional de Universidades e lnstituciones de Educación Superior (ANUIES), se convoca a los titulares de las instituciones que integran la Asamblea General a la LI Sesión Ordinaria que se realizará el 16 de junio de 2017 a partir de las 10:00 horas en el Gimnasio Auditorio Rodrigo Valle Hernández del Centro de Enseñanza Técnica y Superior, CETYS, Campus Tijuana, ubicado en Av. CETYS Universidad No. 4, Fracc. El Lago, C,P,22210, Baja California, México, bajo el siguiente:</span></p>
<p style="text-align: center"><span style="color: #000000"><b>ORDEN DEL DÍA</b><b></b></span></p>
<p style="text-align: justify"><span style="color: #000000">1.- <a style="color: #000000" href="https://organoscolegiados.anuies.mx/asambleageneral/wp-content/uploads/sites/3/2019/11/1.-Lista-de-miembros-AG.pdf" target="_blank" rel="noopener noreferrer">Lista de asistencia y verificación de <i>quórum.</i></a></span></p>
<p style="text-align: justify"><span style="color: #000000"><a style="color: #000000" href="https://organoscolegiados.anuies.mx/asambleageneral/wp-content/uploads/sites/3/2020/04/Aprobación-del-Orden-del-Día-LI.pdf" target="_blank" rel="noopener noreferrer">2.- Aprobación del Orden del Día.</a></span></p>
<p style="text-align: justify"><span style="color: #000000"><a style="color: #000000" href="https://organoscolegiados.anuies.mx/asambleageneral/wp-content/uploads/sites/3/2020/03/Nombramiento-del-Vicepresidente-de-la-Sesión.-LI.pdf" target="_blank" rel="noopener noreferrer">3.- Nombramiento del Vicepresidente de la Sesión.</a></span></p>
<p style="text-align: justify"><span style="color: #000000"><a style="color: #000000" href="https://organoscolegiados.anuies.mx/asambleageneral/wp-content/uploads/sites/3/2020/03/Elección-de-dos-relatores-y-dos-escrutadores.-LI.pdf" target="_blank" rel="noopener noreferrer">4.- Elección de dos relatores y dos escrutadores.</a></span></p>
<p style="text-align: justify"><span style="color: #000000">5.- <a style="color: #000000" href="https://organoscolegiados.anuies.mx/asambleageneral/wp-content/uploads/sites/3/2019/11/5.-Acta-L-SO-AG-300517.pdf" target="_blank" rel="noopener noreferrer">Lectura y aprobación, en su caso, del acta de la L Sesión Ordinaria de la Asamblea General.</a></span></p>
<p><span style="color: #000000"><a style="color: #000000" href="https://organoscolegiados.anuies.mx/asambleageneral/wp-content/uploads/sites/3/2020/04/Aprobación-y-Lectura-de-Acta-LI.pdf" target="_blank" rel="noopener noreferrer"><span style="font-size: 1rem">  5.1 Aprobación del Acta de la L Sesión Ordinaria</span></a><br />
</span></p>
<p style="text-align: justify"><span style="color: #000000">6.- Presentaciones y exposiciones, en su caso, de los invitados especiales.</span></p>
<p style="text-align: justify"><a href="https://organoscolegiados.anuies.mx/asambleageneral/wp-content/uploads/sites/3/2019/11/6.1.-Semblanza-DR.-PAULO-SPELLER.pdf" target="_blank" rel="noopener noreferrer"><span style="color: #000000">6.1. Semblanza DR. PAULO SPELLER</span></a></p>
<p style="text-align: justify"><span style="color: #000000">  <a style="color: #000000" href="https://organoscolegiados.anuies.mx/asambleageneral/wp-content/uploads/sites/3/2019/11/6.1Dr.-Paulo-Speller.pdf" target="_blank" rel="noopener noreferrer">6.1.1. Dr. Paulo Speller</a></span></p>
<p style="text-align: justify"><span style="color: #000000">  <a style="color: #000000" href="https://youtu.be/0G06-aFalG0" target="_blank" rel="noopener noreferrer">6.1.2 2021 Metas</a></span></p>
<p style="text-align: justify"><span style="color: #000000"><a style="color: #000000" href="https://organoscolegiados.anuies.mx/asambleageneral/wp-content/uploads/sites/3/2019/11/6.2.-Semblanza-MTRA.-SUE-CUNNINGHAM.pdf" target="_blank" rel="noopener noreferrer">6.2. Semblanza MTRA. SUE CUNNINGHAM</a></span></p>
<p style="text-align: justify"><span style="color: #000000">  <a style="color: #000000" href="https://organoscolegiados.anuies.mx/asambleageneral/wp-content/uploads/sites/3/2019/11/6.2-Dra-Suen-CASE.pdf" target="_blank" rel="noopener noreferrer">6.2.1. Dra Suen-CASE</a></span></p>
<p style="text-align: justify"><span style="color: #000000"><a style="color: #000000" href="https://organoscolegiados.anuies.mx/asambleageneral/wp-content/uploads/sites/3/2019/11/6.3.-Semblanza-DR.-JUAN-MANUEL-OCEGUEDA-HERNÁNDEZ.pdf" target="_blank" rel="noopener noreferrer">6.3. Semblanza DR. JUAN MANUEL OCEGUEDA HERNÁNDEZ</a></span></p>
<p style="text-align: justify"><span style="color: #000000">  <a style="color: #000000" href="https://organoscolegiados.anuies.mx/asambleageneral/wp-content/uploads/sites/3/2019/11/6.3-Testimonio-UABC-Reunion-ANUIES.pdf" target="_blank" rel="noopener noreferrer">6.3.1. Testimonio UABC Reunión ANUIES</a></span></p>
<p style="text-align: justify"><span style="color: #000000"><a style="color: #000000" href="https://organoscolegiados.anuies.mx/asambleageneral/wp-content/uploads/sites/3/2019/11/6.4.-Semblanza-DR.-FERNANDO-LEÓN-GARCÍA.pdf" target="_blank" rel="noopener noreferrer">6.4. Semblanza DR. FERNANDO LEÓN GARCÍA</a></span></p>
<p style="text-align: justify"><span style="color: #000000">  <a style="color: #000000" href="https://organoscolegiados.anuies.mx/asambleageneral/wp-content/uploads/sites/3/2019/11/6.4-CETYS-Universidad.pdf" target="_blank" rel="noopener noreferrer">6.4.1 CETYS Universidad: Una Experiencia de Financiamiento</a></span></p>
<p style="text-align: justify"><span style="color: #000000"><a style="color: #000000" href="https://organoscolegiados.anuies.mx/asambleageneral/wp-content/uploads/sites/3/2019/11/6.5.-Semblanza-DR.-EDUARDO-JARAMILLO-NAVARRETE.pdf" target="_blank" rel="noopener noreferrer">6.5. Semblanza DR. EDUARDO JARAMILLO NAVARRETE</a></span></p>
<p style="text-align: justify"><span style="color: #000000">  <a style="color: #000000" href="https://organoscolegiados.anuies.mx/asambleageneral/wp-content/uploads/sites/3/2019/11/6.5.1-Salud-en-tu-Escuela-ANUIES.pdf" target="_blank" rel="noopener noreferrer">6.5.1 Salud en tu escuela</a></span></p>
<p style="text-align: justify"><span style="color: #000000"><a style="color: #000000" href="https://organoscolegiados.anuies.mx/asambleageneral/wp-content/uploads/sites/3/2019/11/6.6.-Semblanza-MTRA.-NORMA-GABRIELA-LÓPEZ-CASTAÑEDA.pdf" target="_blank" rel="noopener noreferrer">6.6. Semblanza MTRA. NORMA GABRIELA LÓPEZ CASTAÑEDA</a></span></p>
<p style="text-align: justify"><span style="color: #000000">  <a style="color: #000000" href="https://organoscolegiados.anuies.mx/asambleageneral/wp-content/uploads/sites/3/2019/11/6.6-Mtra.-Norma-Gabriela-IMSS.pdf" target="_blank" rel="noopener noreferrer">6.6.1. Mtra. Norma Gabriela -IMSS</a></span></p>
<p style="text-align: justify"><span style="color: #000000">7.- <a style="color: #000000" href="https://organoscolegiados.anuies.mx/asambleageneral/wp-content/uploads/sites/3/2019/11/7.-Presentación-nuevo-criterio-de-calculo-cuotas-2018-Asamblea-17.60617.pdf" target="_blank" rel="noopener noreferrer">Presentación y ratificación, en su caso, de la propuesta para que, a partir de 2018, las cuotas ordinarias de las asociadas estén indexadas al incremento de la Unidad de Medida y Actualización (UMA).</a></span></p>
<p style="text-align: justify"><span style="color: #000000">8.- <a style="color: #000000" href="https://youtu.be/kt8Qeus6p-E" target="_blank" rel="noopener noreferrer">Presentación del programa de la Tercera Conferencia Internacional ANUIES.</a></span></p>
<p style="text-align: justify"><span style="color: #000000">9.- <a style="color: #000000" href="https://organoscolegiados.anuies.mx/asambleageneral/wp-content/uploads/sites/3/2019/11/9.-Propuesta-ANUIES-desarrollo-ES-Consejo-Nacional-150617.pdf" target="_blank" rel="noopener noreferrer">Presentación de la propuesta de la ANUIES para definir una nueva generación de políticas públicas para la educación superior.</a></span></p>
<p style="text-align: justify;padding-left: 40px"><span style="color: #000000"><a style="color: #000000" href="https://organoscolegiados.anuies.mx/asambleageneral/wp-content/uploads/sites/3/2019/11/9.1-Presentación-contribuciones-a-los-ODS.pdf" target="_blank" rel="noopener noreferrer">9.1 Presentación contribuciones a los ODS</a></span></p>
<p style="text-align: justify"><a href="https://organoscolegiados.anuies.mx/asambleageneral/wp-content/uploads/sites/3/2020/04/Asuntos-generales-LI.pdf" target="_blank" rel="noopener noreferrer"><span style="color: #000000">10.- Asuntos generales.</span></a></p>
<p style="text-align: justify"><span style="color: #000000"><a style="color: #000000" href="https://organoscolegiados.anuies.mx/asambleageneral/wp-content/uploads/sites/3/2019/11/GRAL.-Designacion-Auditor-Externo-2017.pdf" target="_blank" rel="noopener noreferrer">Designación Auditor Externo 2017</a></span></p>
<p style="text-align: justify"><span style="color: #000000"><a style="color: #000000" href="https://organoscolegiados.anuies.mx/asambleageneral/wp-content/uploads/sites/3/2019/11/GRAL.-Estados-financieros-2016.pdf" target="_blank" rel="noopener noreferrer">Estados financieros 2016</a></span></p>
<p style="text-align: justify"><span style="color: #333333"><a style="color: #333333" href="https://organoscolegiados.anuies.mx/asambleageneral/wp-content/uploads/sites/3/2019/11/GRAL.-Estados-financieros-ANUIES-2016.pdf" target="_blank" rel="noopener noreferrer">Estados financieros ANUIES 2016</a></span></p>

<p>CONVOCATORIA Con fundamento en los ar1ículos Décimo Quinto, Trigésimo Primero y Trigésimo Tercero, fracción Vl, del Estatuto de la Asociación Nacional de Universidades e lnstituciones de Educación Superior (ANUIES), se &hellip; </p>
