{"id":293,"date":"2019-11-07T21:16:58","date_gmt":"2019-11-07T20:16:58","guid":{"rendered":"https:\/\/organoscolegiados.anuies.mx\/asambleageneral\/?page_id=293"},"modified":"2020-04-02T23:13:47","modified_gmt":"2020-04-02T21:13:47","slug":"xlviii-ordinaria","status":"publish","type":"page","link":"https:\/\/organoscolegiados.anuies.mx\/asambleageneral\/xlviii-ordinaria\/","title":{"rendered":""},"content":{"rendered":"<div id=\"pl-293\"  class=\"panel-layout\" ><div id=\"pg-293-0\"  class=\"panel-grid panel-no-style\" ><div id=\"pgc-293-0-0\"  class=\"panel-grid-cell\" ><div id=\"panel-293-0-0-0\" class=\"so-panel widget widget_sow-editor panel-first-child panel-last-child\" data-index=\"0\" ><div\n\t\t\t\n\t\t\tclass=\"so-widget-sow-editor so-widget-sow-editor-base\"\n\t\t\t\n\t\t>\n<div class=\"siteorigin-widget-tinymce textwidget\">\n\t<p align=\"center\"><img loading=\"lazy\" decoding=\"async\" class=\"alignnone size-full wp-image-294\" src=\"https:\/\/organoscolegiados.anuies.mx\/asambleageneral\/wp-content\/uploads\/sites\/3\/2019\/11\/cab2.png\" alt=\"\" width=\"1245\" height=\"121\" \/><\/p>\n<p style=\"text-align: center\" align=\"center\"><strong>CONVOCATORIA<\/strong><\/p>\n<p style=\"text-align: justify\">Con fundamento en los art\u00edculos D\u00e9cimo Quinto, Trig\u00e9simo Primero y Trig\u00e9simo Tercero, Fracci\u00f3n VI, del Estatuto de la Asociaci\u00f3n Nacional de Universidades e Instituciones de Educaci\u00f3n Superior (ANUIES), A.C., se convoca a los titulares de las instituciones que integran la Asamblea General a la XLVIII Sesi\u00f3n Ordinaria que se efectuar\u00e1 el 24 de noviembre de 2015 a partir de las 19:00 horas en Ej\u00e9rcito de Oriente No. 100, Unidad C\u00edvica y Cultural 5 de mayo, C.P. 72260, Puebla, Puebla, bajo el siguiente:<\/p>\n<p style=\"text-align: center\"><b>ORDEN DEL D\u00cdA<\/b><b><\/b><\/p>\n<p>1.Lista de asistencia y verificaci\u00f3n de <i>qu\u00f3rum.<\/i><\/p>\n<p><i><\/i><a href=\"https:\/\/organoscolegiados.anuies.mx\/asambleageneral\/wp-content\/uploads\/sites\/3\/2020\/04\/Aprobaci\u00f3n-del-Orden-del-D\u00eda-XLVIII.pdf\" target=\"_blank\" rel=\"noopener\">2.Aprobaci\u00f3n del Orden del D\u00eda.<\/a><\/p>\n<p><a href=\"https:\/\/organoscolegiados.anuies.mx\/asambleageneral\/wp-content\/uploads\/sites\/3\/2020\/03\/Nombramiento-del-Vicepresidente-de-la-Sesi\u00f3n.-XLVIII.pdf\" target=\"_blank\" rel=\"noopener\">3.Nombramiento del Vicepresidente de la Sesi\u00f3n.<\/a><\/p>\n<p><a href=\"https:\/\/organoscolegiados.anuies.mx\/asambleageneral\/wp-content\/uploads\/sites\/3\/2020\/03\/Elecci\u00f3n-de-dos-relatores-y-dos-escrutadores.XLVIII-1.pdf\" target=\"_blank\" rel=\"noopener\">4.Elecci\u00f3n de dos relatores y dos escrutadores.<\/a><\/p>\n<p><a href=\"https:\/\/organoscolegiados.anuies.mx\/asambleageneral\/wp-content\/uploads\/sites\/3\/2020\/04\/5.-Acta-de-la-XLVII-Asamblea-General.pdf\" target=\"_blank\" rel=\"noopener\">5.Lectura y aprobaci\u00f3n, en su caso, del acta de la XLVII Sesi\u00f3n Ordinaria de la Asamblea General.<\/a><\/p>\n<p style=\"padding-left: 40px\"><a href=\"https:\/\/organoscolegiados.anuies.mx\/asambleageneral\/wp-content\/uploads\/sites\/3\/2020\/03\/Lectura-y-aprobaci\u00f3n-del-Acta.-XLVIII.pdf\" target=\"_blank\" rel=\"noopener\">5.1 Aprobaci\u00f3n del acta de la XLVII Sesi\u00f3n Ordinaria<\/a><\/p>\n<p><a href=\"https:\/\/organoscolegiados.anuies.mx\/asambleageneral\/wp-content\/uploads\/sites\/3\/2020\/03\/6.-Dictamen-CN-solicitudes-de-ingreso.XLVIII.pdf\" target=\"_blank\" rel=\"noopener\">6.An\u00e1lisis y aprobaci\u00f3n, en su caso, del dictamen del Consejo Nacional sobre las solicitudes de ingreso de nuevas asociadas.<\/a><\/p>\n<p>7.An\u00e1lisis y aprobaci\u00f3n, en su caso, de las modificaciones al procedimiento, requisitos y tipolog\u00eda para el ingreso de instituciones de educaci\u00f3n superior a la ANUIES.<\/p>\n<p style=\"padding-left: 40px\"><a href=\"https:\/\/organoscolegiados.anuies.mx\/asambleageneral\/wp-content\/uploads\/sites\/3\/2020\/03\/7.-Procedimiento-y-requisitos-de-ingresos.-XLVIII.pdf\" target=\"_blank\" rel=\"noopener\">7.1 Procedimiento, requisitos y tipolog\u00eda para el ingreso de instituciones de educaci\u00f3n a la ANUIES, A.C.<\/a><\/p>\n<p style=\"padding-left: 40px\"><a href=\"https:\/\/organoscolegiados.anuies.mx\/asambleageneral\/wp-content\/uploads\/sites\/3\/2020\/03\/7.2.-Procedimiento-y-requisitos-de-ingreso-Comparativo.-XLVIII-2.pdf\" target=\"_blank\" rel=\"noopener\">7.2 Justificaci\u00f3n de la propuesta para modificar el procedimiento, requisitos y tipolog\u00eda para el ingreso de instituciones de educaci\u00f3n a la ANUIES, A.C.<\/a><\/p>\n<p style=\"padding-left: 40px\"><a href=\"https:\/\/organoscolegiados.anuies.mx\/asambleageneral\/wp-content\/uploads\/sites\/3\/2020\/03\/7.2.-Procedimiento-y-requisitos-de-ingreso-Comparativo.-XLVIII-1.pdf\" target=\"_blank\" rel=\"noopener\">7.3 Propuesta de modificaci\u00f3n al procedimiento, requisitos y tipolog\u00eda para el ingreso de instituciones de educaci\u00f3n a la ANUIES, A.C.<\/a><\/p>\n<p><a href=\"https:\/\/organoscolegiados.anuies.mx\/asambleageneral\/wp-content\/uploads\/sites\/3\/2020\/03\/Presentaci\u00f3n-y-exposiciones-de-invitados.-XLVIII.pdf\" target=\"_blank\" rel=\"noopener\">8.Presentaciones y exposiciones, en su caso, de los invitados especiales.<\/a><\/p>\n<p><a href=\"https:\/\/organoscolegiados.anuies.mx\/asambleageneral\/wp-content\/uploads\/sites\/3\/2020\/03\/9.-Informe-de-actividades-2015-del-CN.-XLVIII.pdf\" target=\"_blank\" rel=\"noopener\">9.Presentaci\u00f3n del informe de actividades 2015 del Consejo Nacional.<\/a><\/p>\n<p><a href=\"https:\/\/organoscolegiados.anuies.mx\/asambleageneral\/wp-content\/uploads\/sites\/3\/2020\/03\/10.2.-Presentacion-del-Premio-ANUIES-2015.-XLVIII.pdf\" target=\"_blank\" rel=\"noopener\">10.Entrega del Premio ANUIES 2015.<\/a><\/p>\n<p><a href=\"https:\/\/organoscolegiados.anuies.mx\/asambleageneral\/wp-content\/uploads\/sites\/3\/2020\/03\/11.-Distintivo-ANUIES-SCJN.-XLVIII.pdf\" target=\"_blank\" rel=\"noopener\">11.Entrega del Distintivo ANUIES-SCJN.<\/a><\/p>\n<p style=\"text-align: justify\"><a href=\"https:\/\/organoscolegiados.anuies.mx\/asambleageneral\/wp-content\/uploads\/sites\/3\/2020\/03\/Asuntos-generales.-XLVIII.pdf\" target=\"_blank\" rel=\"noopener\">12.Asuntos generales.<\/a><\/p>\n<\/div>\n<\/div><\/div><\/div><\/div><div id=\"pg-293-1\"  class=\"panel-grid panel-no-style\" ><div id=\"pgc-293-1-0\"  class=\"panel-grid-cell\" ><div id=\"panel-293-1-0-0\" class=\"so-panel widget widget_sow-editor panel-first-child panel-last-child\" data-index=\"1\" ><div\n\t\t\t\n\t\t\tclass=\"so-widget-sow-editor so-widget-sow-editor-base\"\n\t\t\t\n\t\t>\n<div class=\"siteorigin-widget-tinymce textwidget\">\n\t<p style=\"text-align: center;\"><strong>Mtro. Jos\u00e9 Alfonso Esparza Ortiz<\/strong><br \/>\nRector de la Benem\u00e9rita Universidad Aut\u00f3noma de Puebla<br \/>\n<strong>Presidente en turno<\/strong><\/p>\n<\/div>\n<\/div><\/div><\/div><div id=\"pgc-293-1-1\"  class=\"panel-grid-cell\" ><div id=\"panel-293-1-1-0\" class=\"so-panel widget widget_sow-editor panel-first-child panel-last-child\" data-index=\"2\" ><div\n\t\t\t\n\t\t\tclass=\"so-widget-sow-editor so-widget-sow-editor-base\"\n\t\t\t\n\t\t>\n<div class=\"siteorigin-widget-tinymce textwidget\">\n\t<p style=\"text-align: center\"><strong>Mtro. Jaime Valls Esponda<\/strong><br \/>\nSecretario General Ejecutivo<br \/>\n<strong>Secretario<\/strong><\/p>\n<\/div>\n<\/div><\/div><\/div><\/div><\/div>","protected":false},"excerpt":{"rendered":"<p>CONVOCATORIA Con fundamento en los art\u00edculos D\u00e9cimo Quinto, Trig\u00e9simo Primero y Trig\u00e9simo Tercero, Fracci\u00f3n VI, del Estatuto de la Asociaci\u00f3n Nacional de Universidades e Instituciones de Educaci\u00f3n Superior (ANUIES), A.C., &hellip; <\/p>\n","protected":false},"author":1,"featured_media":0,"parent":0,"menu_order":0,"comment_status":"closed","ping_status":"closed","template":"","meta":{"ngg_post_thumbnail":0,"footnotes":""},"class_list":["post-293","page","type-page","status-publish","hentry"],"_links":{"self":[{"href":"https:\/\/organoscolegiados.anuies.mx\/asambleageneral\/wp-json\/wp\/v2\/pages\/293","targetHints":{"allow":["GET"]}}],"collection":[{"href":"https:\/\/organoscolegiados.anuies.mx\/asambleageneral\/wp-json\/wp\/v2\/pages"}],"about":[{"href":"https:\/\/organoscolegiados.anuies.mx\/asambleageneral\/wp-json\/wp\/v2\/types\/page"}],"author":[{"embeddable":true,"href":"https:\/\/organoscolegiados.anuies.mx\/asambleageneral\/wp-json\/wp\/v2\/users\/1"}],"replies":[{"embeddable":true,"href":"https:\/\/organoscolegiados.anuies.mx\/asambleageneral\/wp-json\/wp\/v2\/comments?post=293"}],"version-history":[{"count":19,"href":"https:\/\/organoscolegiados.anuies.mx\/asambleageneral\/wp-json\/wp\/v2\/pages\/293\/revisions"}],"predecessor-version":[{"id":666,"href":"https:\/\/organoscolegiados.anuies.mx\/asambleageneral\/wp-json\/wp\/v2\/pages\/293\/revisions\/666"}],"wp:attachment":[{"href":"https:\/\/organoscolegiados.anuies.mx\/asambleageneral\/wp-json\/wp\/v2\/media?parent=293"}],"curies":[{"name":"wp","href":"https:\/\/api.w.org\/{rel}","templated":true}]}}