{"id":782,"date":"2022-06-03T02:06:02","date_gmt":"2022-06-03T00:06:02","guid":{"rendered":"https:\/\/organoscolegiados.anuies.mx\/asambleageneral\/?page_id=782"},"modified":"2022-06-24T22:51:49","modified_gmt":"2022-06-24T20:51:49","slug":"lx-ordinaria","status":"publish","type":"page","link":"https:\/\/organoscolegiados.anuies.mx\/asambleageneral\/lx-ordinaria\/","title":{"rendered":""},"content":{"rendered":"<div id=\"pl-782\"  class=\"panel-layout\" ><div id=\"pg-782-0\"  class=\"panel-grid panel-no-style\" ><div id=\"pgc-782-0-0\"  class=\"panel-grid-cell\" ><div id=\"panel-782-0-0-0\" class=\"so-panel widget widget_sow-editor panel-first-child panel-last-child\" data-index=\"0\" ><div\n\t\t\t\n\t\t\tclass=\"so-widget-sow-editor so-widget-sow-editor-base\"\n\t\t\t\n\t\t>\n<div class=\"siteorigin-widget-tinymce textwidget\">\n\t<h5 align=\"center\"><img loading=\"lazy\" decoding=\"async\" class=\"aligncenter size-full wp-image-786\" src=\"https:\/\/organoscolegiados.anuies.mx\/asambleageneral\/wp-content\/uploads\/sites\/3\/2022\/06\/Cabecera-ag-lx-final.png\" alt=\"\" width=\"4170\" height=\"360\" srcset=\"https:\/\/organoscolegiados.anuies.mx\/asambleageneral\/wp-content\/uploads\/sites\/3\/2022\/06\/Cabecera-ag-lx-final.png 4170w, https:\/\/organoscolegiados.anuies.mx\/asambleageneral\/wp-content\/uploads\/sites\/3\/2022\/06\/Cabecera-ag-lx-final-300x26.png 300w, https:\/\/organoscolegiados.anuies.mx\/asambleageneral\/wp-content\/uploads\/sites\/3\/2022\/06\/Cabecera-ag-lx-final-1024x88.png 1024w, https:\/\/organoscolegiados.anuies.mx\/asambleageneral\/wp-content\/uploads\/sites\/3\/2022\/06\/Cabecera-ag-lx-final-768x66.png 768w, https:\/\/organoscolegiados.anuies.mx\/asambleageneral\/wp-content\/uploads\/sites\/3\/2022\/06\/Cabecera-ag-lx-final-1536x133.png 1536w, https:\/\/organoscolegiados.anuies.mx\/asambleageneral\/wp-content\/uploads\/sites\/3\/2022\/06\/Cabecera-ag-lx-final-2048x177.png 2048w\" sizes=\"auto, (max-width: 4170px) 100vw, 4170px\" \/><\/h5>\n<h5 style=\"text-align: center;\" align=\"center\"><span style=\"color: #000000; font-family: helvetica, arial, sans-serif; font-size: 14pt;\">CONVOCATORIA<\/span><\/h5>\n<p style=\"text-align: justify;\">Con fundamento en los art\u00edculos D\u00e9cimo Quinto, Trig\u00e9simo Primero y Trig\u00e9simo Tercero, fracci\u00f3n VI, del Estatuto de la Asociaci\u00f3n Nacional de Universidades e Instituciones de Educaci\u00f3n Superior de la Rep\u00fablica Mexicana, A.C. (ANUIES), convocamos a los titulares de las instituciones que integran la Asamblea General a la LX Sesi\u00f3n Ordinaria que se efectuar\u00e1 en modalidad mixta, con sede en el Teatro Universitario, Campus Rector\u00eda, de \u00a0la Universidad Aut\u00f3noma de Tlaxcala, ubicado en Lateral de Av. Puebla-Tlaxcala 154, La Loma Xicoht\u00e9ncatl, 90070, Tlaxcala de Xicoht\u00e9ncatl, Tlax., a las\u00a0 11:00 horas del \u00a017 de junio \u00a0de 2022, con el siguiente:<\/p>\n<p style=\"text-align: center;\"><strong>ORDEN DEL D\u00cdA<\/strong><\/p>\n<ol>\n<li><a href=\"https:\/\/organoscolegiados.anuies.mx\/asambleageneral\/wp-content\/uploads\/sites\/3\/2022\/06\/1-Lista-de-asistencia-y-verificacion-del-quorum-Fusionado-25.pdf\" target=\"_blank\" rel=\"noopener\">Lista de asistencia y verificaci\u00f3n del <em>quorum<\/em>.<\/a><\/li>\n<li><a href=\"https:\/\/organoscolegiados.anuies.mx\/asambleageneral\/wp-content\/uploads\/sites\/3\/2022\/06\/2-Aprobacion-del-Orden-del-Dia-Fusionado-18.pdf\" target=\"_blank\" rel=\"noopener\">Aprobaci\u00f3n del Orden del D\u00eda.<\/a><\/li>\n<li><a href=\"https:\/\/organoscolegiados.anuies.mx\/asambleageneral\/wp-content\/uploads\/sites\/3\/2022\/06\/3-Nombramiento-del-Vicepresidente-de-la-Sesion-Fusionado-2.pdf\" target=\"_blank\" rel=\"noopener\">Nombramiento del Vicepresidente de la Sesi\u00f3n.<\/a><\/li>\n<li><a href=\"https:\/\/organoscolegiados.anuies.mx\/asambleageneral\/wp-content\/uploads\/sites\/3\/2022\/06\/4-Eleccion-de-dos-relatores-y-dos-escrutadores-Fusionado-2.pdf\" target=\"_blank\" rel=\"noopener\">Elecci\u00f3n de dos relatores y dos escrutadores.<\/a><\/li>\n<li><a href=\"https:\/\/organoscolegiados.anuies.mx\/asambleageneral\/wp-content\/uploads\/sites\/3\/2022\/06\/5-Lectura-y-aprobacion-en-su-caso-del-Acta-de-la-LlX-Sesion-Ordinaria-Fusionado.pdf\" target=\"_blank\" rel=\"noopener\">Lectura y aprobaci\u00f3n, en su caso, del Acta de la LIX Sesi\u00f3n Ordinaria.<\/a><\/li>\n<li><a href=\"https:\/\/organoscolegiados.anuies.mx\/asambleageneral\/wp-content\/uploads\/sites\/3\/2022\/06\/6-Presentacion-de-los-avances-sobre-la-Ley-de-Humanidades-Ciencias-Tecnologias-e-Innovacion-VF.pdf\" target=\"_blank\" rel=\"noopener\">Presentaci\u00f3n de los avances sobre la Ley General de Humanidades, Ciencias, Tecnolog\u00edas e Innovaci\u00f3n.<\/a><\/li>\n<li><a href=\"https:\/\/organoscolegiados.anuies.mx\/asambleageneral\/wp-content\/uploads\/sites\/3\/2022\/06\/7-Presentacion-de-los-avances-en-el-diseno-e-implementacion-del-Sistema-de-Evaluacion-y-Acreditacion-de-la-Educacion-Superior.pdf\" target=\"_blank\" rel=\"noopener\">Presentaci\u00f3n de los avances en el dise\u00f1o e implementaci\u00f3n del Sistema de Evaluaci\u00f3n y Acreditaci\u00f3n de la Educaci\u00f3n Superior.<\/a><\/li>\n<li><a href=\"https:\/\/organoscolegiados.anuies.mx\/asambleageneral\/wp-content\/uploads\/sites\/3\/2022\/06\/8-Presentacion-del-Informe-de-la-encuesta-nacional-COVID-19.-La-comunidad-estudiantil-ante-la-emergencia-sanitaria-VF.pdf\" target=\"_blank\" rel=\"noopener\">Presentaci\u00f3n del Informe de la encuesta nacional COVID-19. La comunidad estudiantil ante la emergencia sanitaria.<\/a><\/li>\n<li><a href=\"https:\/\/organoscolegiados.anuies.mx\/asambleageneral\/wp-content\/uploads\/sites\/3\/2022\/06\/9-Presentacion-de-la-Editorial-Interuniversitaria-Mexicana-Fusionado.pdf\" target=\"_blank\" rel=\"noopener\">Presentaci\u00f3n de la Editorial Interuniversitaria Mexicana.<\/a><\/li>\n<li><a href=\"https:\/\/organoscolegiados.anuies.mx\/asambleageneral\/wp-content\/uploads\/sites\/3\/2022\/06\/10-Presentacion-del-proyecto-Diagnostico-de-la-contribucion-de-las-y-los-profesores-de-tiempo-parcial-final.pdf\" target=\"_blank\" rel=\"noopener\">Presentaci\u00f3n del proyecto: <em>Diagn\u00f3stico de la contribuci\u00f3n de las y los profesores de tiempo parcial a la formaci\u00f3n profesional de los estudiantes y sus condiciones acad\u00e9micas y laborales.<\/em><\/a><\/li>\n<li><a href=\"https:\/\/organoscolegiados.anuies.mx\/asambleageneral\/wp-content\/uploads\/sites\/3\/2022\/06\/11-Presentacion-de-la-Conferencia-Internacional-ANUIES-2022-1.pdf\" target=\"_blank\" rel=\"noopener\">Presentaci\u00f3n de la Conferencia Internacional ANUIES 2022.<\/a><\/li>\n<li><a href=\"https:\/\/organoscolegiados.anuies.mx\/asambleageneral\/wp-content\/uploads\/sites\/3\/2022\/06\/12-Presentacion-de-la-UPAEP-universidad-sede-con-motivo-de-su-50-aniversario-de-la-Conferencia-Internacional-ANUIES-2023.pdf\" target=\"_blank\" rel=\"noopener\">Presentaci\u00f3n de la UPAEP; universidad sede con motivo de su 50 aniversario de la Conferencia Internacional ANUIES 2023.<\/a><\/li>\n<li><a href=\"https:\/\/organoscolegiados.anuies.mx\/asambleageneral\/wp-content\/uploads\/sites\/3\/2022\/06\/13-Pronunciamiento-ANUIES-por-una-cultura-de-paz-compromiso-para-erradicar-la-violencia-asociada-al-genero-en-las-IES.pdf\" target=\"_blank\" rel=\"noopener\">Pronunciamiento ANUIES por una cultura de paz; compromiso para erradicar la violencia asociada al g\u00e9nero en las IES.<\/a><\/li>\n<li><a href=\"https:\/\/organoscolegiados.anuies.mx\/asambleageneral\/wp-content\/uploads\/sites\/3\/2022\/06\/14-Asuntos-generales-Portada.pdf\" target=\"_blank\" rel=\"noopener\">Asuntos generales.<\/a><\/li>\n<\/ol>\n<\/div>\n<\/div><\/div><\/div><\/div><div id=\"pg-782-1\"  class=\"panel-grid panel-no-style\" ><div id=\"pgc-782-1-0\"  class=\"panel-grid-cell\" ><div id=\"panel-782-1-0-0\" class=\"so-panel widget widget_sow-editor panel-first-child panel-last-child\" data-index=\"1\" ><div\n\t\t\t\n\t\t\tclass=\"so-widget-sow-editor so-widget-sow-editor-base\"\n\t\t\t\n\t\t>\n<div class=\"siteorigin-widget-tinymce textwidget\">\n\t<p style=\"text-align: center;\"><strong>Dr. Luis Armando Gonz\u00e1lez Placencia<\/strong><br \/>\nRector de la Universidad Aut\u00f3noma de Tlaxcala<br \/>\n<strong>Presidente<\/strong><\/p>\n<\/div>\n<\/div><\/div><\/div><div id=\"pgc-782-1-1\"  class=\"panel-grid-cell\" ><div id=\"panel-782-1-1-0\" class=\"so-panel widget widget_sow-editor panel-first-child panel-last-child\" data-index=\"2\" ><div\n\t\t\t\n\t\t\tclass=\"so-widget-sow-editor so-widget-sow-editor-base\"\n\t\t\t\n\t\t>\n<div class=\"siteorigin-widget-tinymce textwidget\">\n\t<p style=\"text-align: center;\"><strong>Mtro. Jaime Valls Esponda<\/strong><br \/>\nSecretario General Ejecutivo<br \/>\n<strong>Secretario<\/strong><\/p>\n<\/div>\n<\/div><\/div><\/div><\/div><\/div>","protected":false},"excerpt":{"rendered":"<p>CONVOCATORIA Con fundamento en los art\u00edculos D\u00e9cimo Quinto, Trig\u00e9simo Primero y Trig\u00e9simo Tercero, fracci\u00f3n VI, del Estatuto de la Asociaci\u00f3n Nacional de Universidades e Instituciones de Educaci\u00f3n Superior de la &hellip; <\/p>\n","protected":false},"author":1,"featured_media":0,"parent":0,"menu_order":0,"comment_status":"closed","ping_status":"closed","template":"","meta":{"ngg_post_thumbnail":0,"footnotes":""},"class_list":["post-782","page","type-page","status-publish","hentry"],"_links":{"self":[{"href":"https:\/\/organoscolegiados.anuies.mx\/asambleageneral\/wp-json\/wp\/v2\/pages\/782","targetHints":{"allow":["GET"]}}],"collection":[{"href":"https:\/\/organoscolegiados.anuies.mx\/asambleageneral\/wp-json\/wp\/v2\/pages"}],"about":[{"href":"https:\/\/organoscolegiados.anuies.mx\/asambleageneral\/wp-json\/wp\/v2\/types\/page"}],"author":[{"embeddable":true,"href":"https:\/\/organoscolegiados.anuies.mx\/asambleageneral\/wp-json\/wp\/v2\/users\/1"}],"replies":[{"embeddable":true,"href":"https:\/\/organoscolegiados.anuies.mx\/asambleageneral\/wp-json\/wp\/v2\/comments?post=782"}],"version-history":[{"count":7,"href":"https:\/\/organoscolegiados.anuies.mx\/asambleageneral\/wp-json\/wp\/v2\/pages\/782\/revisions"}],"predecessor-version":[{"id":810,"href":"https:\/\/organoscolegiados.anuies.mx\/asambleageneral\/wp-json\/wp\/v2\/pages\/782\/revisions\/810"}],"wp:attachment":[{"href":"https:\/\/organoscolegiados.anuies.mx\/asambleageneral\/wp-json\/wp\/v2\/media?parent=782"}],"curies":[{"name":"wp","href":"https:\/\/api.w.org\/{rel}","templated":true}]}}