{"id":98,"date":"2019-10-24T19:14:11","date_gmt":"2019-10-24T17:14:11","guid":{"rendered":"https:\/\/organoscolegiados.anuies.mx\/asambleageneral\/?page_id=98"},"modified":"2020-04-02T17:07:16","modified_gmt":"2020-04-02T15:07:16","slug":"xxix-extraordinaria","status":"publish","type":"page","link":"https:\/\/organoscolegiados.anuies.mx\/asambleageneral\/xxix-extraordinaria\/","title":{"rendered":""},"content":{"rendered":"<div id=\"pl-98\"  class=\"panel-layout\" ><div id=\"pg-98-0\"  class=\"panel-grid panel-no-style\" ><div id=\"pgc-98-0-0\"  class=\"panel-grid-cell\" ><div id=\"panel-98-0-0-0\" class=\"so-panel widget widget_sow-editor panel-first-child panel-last-child\" data-index=\"0\" ><div\n\t\t\t\n\t\t\tclass=\"so-widget-sow-editor so-widget-sow-editor-base\"\n\t\t\t\n\t\t>\n<div class=\"siteorigin-widget-tinymce textwidget\">\n\t<p style=\"text-align: center\"><img loading=\"lazy\" decoding=\"async\" class=\"alignleft wp-image-106 size-full\" src=\"https:\/\/organoscolegiados.anuies.mx\/asambleageneral\/wp-content\/uploads\/sites\/3\/2019\/10\/cabezalxxix.png\" alt=\"\" width=\"1245\" height=\"121\" \/><\/p>\n<p><a href=\"https:\/\/organoscolegiados.anuies.mx\/asambleageneral\/xxix-extraordinaria\/\"><img loading=\"lazy\" decoding=\"async\" class=\"alignnone wp-image-54 size-full\" src=\"https:\/\/organoscolegiados.anuies.mx\/asambleageneral\/wp-content\/uploads\/sites\/3\/2019\/10\/inicio1.png\" alt=\"\" width=\"84\" height=\"34\" \/><\/a> <a href=\"https:\/\/organoscolegiados.anuies.mx\/asambleageneral\/galeria-xxix\/\"><img loading=\"lazy\" decoding=\"async\" class=\"alignnone wp-image-107 size-full\" src=\"https:\/\/organoscolegiados.anuies.mx\/consejonacional\/wp-content\/uploads\/sites\/2\/2019\/11\/galeria1.png\" alt=\"\" width=\"84\" height=\"34\" \/><\/a><\/p>\n<p style=\"text-align: center\"><strong>\u00a0<\/strong><strong>CONVOCATORIA<\/strong><\/p>\n<p style=\"text-align: center\"><strong>\u00a0XXIX SESI\u00d3N EXTRAORDINARIA DE LA ASAMBLEA GENERAL<\/strong><\/p>\n<p>Por acuerdo 18.4.10 del Consejo Nacional, de fecha 21 de noviembre de 2018, y con fundamento en los art\u00edculos D\u00e9cimo S\u00e9ptimo, Vig\u00e9simo, fracciones II y XIV, y Trig\u00e9simo Tercero, fracci\u00f3n VI del Estatuto de la Asociaci\u00f3n Nacional de Universidades e Instituciones de Educaci\u00f3n Superior, A.C. (ANUIES), se convoca a los titulares de las instituciones que integran la Asamblea General a la XXIX Sesi\u00f3n Extraordinaria, que se celebrar\u00e1 el mi\u00e9rcoles 16 de enero de 2019, a partir de las 12:00 horas, en la Sala \u201cJes\u00fas Reyes Heroles\u201d del Centro de Innovaci\u00f3n y Desarrollo de la ANUIES, ubicada en Miguel Laurent No. 961, Colonia Santa Cruz Atoyac, Alcald\u00eda Benito Ju\u00e1rez, C.P. 03310, Ciudad de M\u00e9xico, bajo el siguiente:<\/p>\n<p style=\"text-align: center\"><b>ORDEN DEL D\u00cdA<\/b><b><\/b><\/p>\n<p>1.\u00a0<a href=\"https:\/\/organoscolegiados.anuies.mx\/asambleageneral\/wp-content\/uploads\/sites\/3\/2019\/10\/1.-Lista-de-miembros-de-la-AG-160119.pdf\" target=\"_blank\" rel=\"noopener\">Lista de asistencia y verificaci\u00f3n de\u00a0<em>qu\u00f3rum.<\/em><\/a><\/p>\n<p><a href=\"https:\/\/organoscolegiados.anuies.mx\/asambleageneral\/wp-content\/uploads\/sites\/3\/2020\/04\/Orden-del-Dia-1.SE_.19-1.pdf\" target=\"_blank\" rel=\"noopener\">2.\u00a0Aprobaci\u00f3n del Orden del D\u00eda.<\/a><\/p>\n<p><a href=\"https:\/\/organoscolegiados.anuies.mx\/asambleageneral\/wp-content\/uploads\/sites\/3\/2020\/03\/Elecci\u00f3n-de-dos-relatores-y-dos-escrutadores.pdf\" target=\"_blank\" rel=\"noopener\">3. Elecci\u00f3n de dos relatores y dos escrutadores.<\/a><\/p>\n<p>4.\u00a0An\u00e1lisis de la o las propuestas presentadas por el Consejo Nacional y, en su caso, elecci\u00f3n del Secretario General Ejecutivo de la ANUIES para el periodo 2019-2023.<\/p>\n<p style=\"padding-left: 40px\">4.1. <a href=\"https:\/\/organoscolegiados.anuies.mx\/asambleageneral\/wp-content\/uploads\/sites\/3\/2019\/10\/4.-Programa-de-Trabajo-2019-2023.pdf\" target=\"_blank\" rel=\"noopener\">Presentaci\u00f3n 2019-2023<\/a><\/p>\n<p><a href=\"https:\/\/organoscolegiados.anuies.mx\/asambleageneral\/wp-content\/uploads\/sites\/3\/2020\/03\/Designaci\u00f3n-del-Delegado-Especial.pdf\" target=\"_blank\" rel=\"noopener\">5. Designaci\u00f3n, en su caso, del Delegado Especial para efectos de la protocolizaci\u00f3n del Acta de la XXIX Sesi\u00f3n Extraordinaria.<\/a><\/p>\n<p><a href=\"https:\/\/organoscolegiados.anuies.mx\/asambleageneral\/wp-content\/uploads\/sites\/3\/2020\/03\/Toma-de-protesta-del-Secretario-General-Ejecutivo.pdf\" target=\"_blank\" rel=\"noopener\">6. Toma de Protesta, en su caso, del Secretario General Ejecutivo.<\/a><\/p>\n<\/div>\n<\/div><\/div><\/div><\/div><div id=\"pg-98-1\"  class=\"panel-grid panel-no-style\" ><div id=\"pgc-98-1-0\"  class=\"panel-grid-cell\" ><div id=\"panel-98-1-0-0\" class=\"so-panel widget widget_sow-editor panel-first-child panel-last-child\" data-index=\"1\" ><div\n\t\t\t\n\t\t\tclass=\"so-widget-sow-editor so-widget-sow-editor-base\"\n\t\t\t\n\t\t>\n<div class=\"siteorigin-widget-tinymce textwidget\">\n\t<p style=\"text-align: center;\"><strong>Mtro. Jaime Valls Esponda<\/strong><br \/>\n<strong>Secretario General Ejecutivo de la ANUIES<\/strong><\/p>\n<p style=\"text-align: center;\"><strong>Secretario<\/strong><\/p>\n<\/div>\n<\/div><\/div><\/div><\/div><\/div>","protected":false},"excerpt":{"rendered":"<p>\u00a0CONVOCATORIA \u00a0XXIX SESI\u00d3N EXTRAORDINARIA DE LA ASAMBLEA GENERAL Por acuerdo 18.4.10 del Consejo Nacional, de fecha 21 de noviembre de 2018, y con fundamento en los art\u00edculos D\u00e9cimo S\u00e9ptimo, Vig\u00e9simo, &hellip; <\/p>\n","protected":false},"author":1,"featured_media":0,"parent":0,"menu_order":0,"comment_status":"closed","ping_status":"closed","template":"","meta":{"ngg_post_thumbnail":0,"footnotes":""},"class_list":["post-98","page","type-page","status-publish","hentry"],"_links":{"self":[{"href":"https:\/\/organoscolegiados.anuies.mx\/asambleageneral\/wp-json\/wp\/v2\/pages\/98","targetHints":{"allow":["GET"]}}],"collection":[{"href":"https:\/\/organoscolegiados.anuies.mx\/asambleageneral\/wp-json\/wp\/v2\/pages"}],"about":[{"href":"https:\/\/organoscolegiados.anuies.mx\/asambleageneral\/wp-json\/wp\/v2\/types\/page"}],"author":[{"embeddable":true,"href":"https:\/\/organoscolegiados.anuies.mx\/asambleageneral\/wp-json\/wp\/v2\/users\/1"}],"replies":[{"embeddable":true,"href":"https:\/\/organoscolegiados.anuies.mx\/asambleageneral\/wp-json\/wp\/v2\/comments?post=98"}],"version-history":[{"count":26,"href":"https:\/\/organoscolegiados.anuies.mx\/asambleageneral\/wp-json\/wp\/v2\/pages\/98\/revisions"}],"predecessor-version":[{"id":603,"href":"https:\/\/organoscolegiados.anuies.mx\/asambleageneral\/wp-json\/wp\/v2\/pages\/98\/revisions\/603"}],"wp:attachment":[{"href":"https:\/\/organoscolegiados.anuies.mx\/asambleageneral\/wp-json\/wp\/v2\/media?parent=98"}],"curies":[{"name":"wp","href":"https:\/\/api.w.org\/{rel}","templated":true}]}}

<div id="pl-98"  class="panel-layout" ><div id="pg-98-0"  class="panel-grid panel-no-style" ><div id="pgc-98-0-0"  class="panel-grid-cell" ><div id="panel-98-0-0-0" class="so-panel widget widget_sow-editor panel-first-child panel-last-child" data-index="0" ><div
			
			class="so-widget-sow-editor so-widget-sow-editor-base"
			
		>
<div class="siteorigin-widget-tinymce textwidget">
	<p style="text-align: center"><img loading="lazy" decoding="async" class="alignleft wp-image-106 size-full" src="https://organoscolegiados.anuies.mx/asambleageneral/wp-content/uploads/sites/3/2019/10/cabezalxxix.png" alt="" width="1245" height="121" /></p>
<p><a href="https://organoscolegiados.anuies.mx/asambleageneral/xxix-extraordinaria/"><img loading="lazy" decoding="async" class="alignnone wp-image-54 size-full" src="https://organoscolegiados.anuies.mx/asambleageneral/wp-content/uploads/sites/3/2019/10/inicio1.png" alt="" width="84" height="34" /></a> <a href="https://organoscolegiados.anuies.mx/asambleageneral/galeria-xxix/"><img loading="lazy" decoding="async" class="alignnone wp-image-107 size-full" src="https://organoscolegiados.anuies.mx/consejonacional/wp-content/uploads/sites/2/2019/11/galeria1.png" alt="" width="84" height="34" /></a></p>
<p style="text-align: center"><strong> </strong><strong>CONVOCATORIA</strong></p>
<p style="text-align: center"><strong> XXIX SESIÓN EXTRAORDINARIA DE LA ASAMBLEA GENERAL</strong></p>
<p>Por acuerdo 18.4.10 del Consejo Nacional, de fecha 21 de noviembre de 2018, y con fundamento en los artículos Décimo Séptimo, Vigésimo, fracciones II y XIV, y Trigésimo Tercero, fracción VI del Estatuto de la Asociación Nacional de Universidades e Instituciones de Educación Superior, A.C. (ANUIES), se convoca a los titulares de las instituciones que integran la Asamblea General a la XXIX Sesión Extraordinaria, que se celebrará el miércoles 16 de enero de 2019, a partir de las 12:00 horas, en la Sala “Jesús Reyes Heroles” del Centro de Innovación y Desarrollo de la ANUIES, ubicada en Miguel Laurent No. 961, Colonia Santa Cruz Atoyac, Alcaldía Benito Juárez, C.P. 03310, Ciudad de México, bajo el siguiente:</p>
<p style="text-align: center"><b>ORDEN DEL DÍA</b><b></b></p>
<p>1. <a href="https://organoscolegiados.anuies.mx/asambleageneral/wp-content/uploads/sites/3/2019/10/1.-Lista-de-miembros-de-la-AG-160119.pdf" target="_blank" rel="noopener">Lista de asistencia y verificación de <em>quórum.</em></a></p>
<p><a href="https://organoscolegiados.anuies.mx/asambleageneral/wp-content/uploads/sites/3/2020/04/Orden-del-Dia-1.SE_.19-1.pdf" target="_blank" rel="noopener">2. Aprobación del Orden del Día.</a></p>
<p><a href="https://organoscolegiados.anuies.mx/asambleageneral/wp-content/uploads/sites/3/2020/03/Elección-de-dos-relatores-y-dos-escrutadores.pdf" target="_blank" rel="noopener">3. Elección de dos relatores y dos escrutadores.</a></p>
<p>4. Análisis de la o las propuestas presentadas por el Consejo Nacional y, en su caso, elección del Secretario General Ejecutivo de la ANUIES para el periodo 2019-2023.</p>
<p style="padding-left: 40px">4.1. <a href="https://organoscolegiados.anuies.mx/asambleageneral/wp-content/uploads/sites/3/2019/10/4.-Programa-de-Trabajo-2019-2023.pdf" target="_blank" rel="noopener">Presentación 2019-2023</a></p>
<p><a href="https://organoscolegiados.anuies.mx/asambleageneral/wp-content/uploads/sites/3/2020/03/Designación-del-Delegado-Especial.pdf" target="_blank" rel="noopener">5. Designación, en su caso, del Delegado Especial para efectos de la protocolización del Acta de la XXIX Sesión Extraordinaria.</a></p>
<p><a href="https://organoscolegiados.anuies.mx/asambleageneral/wp-content/uploads/sites/3/2020/03/Toma-de-protesta-del-Secretario-General-Ejecutivo.pdf" target="_blank" rel="noopener">6. Toma de Protesta, en su caso, del Secretario General Ejecutivo.</a></p>
</div>
</div></div></div></div><div id="pg-98-1"  class="panel-grid panel-no-style" ><div id="pgc-98-1-0"  class="panel-grid-cell" ><div id="panel-98-1-0-0" class="so-panel widget widget_sow-editor panel-first-child panel-last-child" data-index="1" ><div
			
			class="so-widget-sow-editor so-widget-sow-editor-base"
			
		>
<div class="siteorigin-widget-tinymce textwidget">
	<p style="text-align: center;"><strong>Mtro. Jaime Valls Esponda</strong><br />
<strong>Secretario General Ejecutivo de la ANUIES</strong></p>
<p style="text-align: center;"><strong>Secretario</strong></p>
</div>
</div></div></div></div></div>

<p> CONVOCATORIA  XXIX SESIÓN EXTRAORDINARIA DE LA ASAMBLEA GENERAL Por acuerdo 18.4.10 del Consejo Nacional, de fecha 21 de noviembre de 2018, y con fundamento en los artículos Décimo Séptimo, Vigésimo, &hellip; </p>
