{"id":560,"date":"2019-11-28T20:47:15","date_gmt":"2019-11-28T19:47:15","guid":{"rendered":"https:\/\/organoscolegiados.anuies.mx\/citia\/?page_id=560"},"modified":"2022-12-15T17:49:18","modified_gmt":"2022-12-15T16:49:18","slug":"v-citia","status":"publish","type":"page","link":"https:\/\/organoscolegiados.anuies.mx\/citia\/v-citia\/","title":{"rendered":""},"content":{"rendered":"<div id=\"pl-560\"  class=\"panel-layout\" ><div id=\"pg-560-0\"  class=\"panel-grid panel-no-style\" ><div id=\"pgc-560-0-0\"  class=\"panel-grid-cell\" ><div id=\"panel-560-0-0-0\" class=\"so-panel widget widget_sow-editor panel-first-child panel-last-child\" data-index=\"0\" ><div\n\t\t\t\n\t\t\tclass=\"so-widget-sow-editor so-widget-sow-editor-base\"\n\t\t\t\n\t\t>\n<div class=\"siteorigin-widget-tinymce textwidget\">\n\t<p><img loading=\"lazy\" decoding=\"async\" class=\"alignnone size-full wp-image-569\" src=\"https:\/\/organoscolegiados.anuies.mx\/citia\/wp-content\/uploads\/sites\/7\/2019\/11\/cabecera.png\" alt=\"\" width=\"1245\" height=\"121\" srcset=\"https:\/\/organoscolegiados.anuies.mx\/citia\/wp-content\/uploads\/sites\/7\/2019\/11\/cabecera.png 1245w, https:\/\/organoscolegiados.anuies.mx\/citia\/wp-content\/uploads\/sites\/7\/2019\/11\/cabecera-300x29.png 300w, https:\/\/organoscolegiados.anuies.mx\/citia\/wp-content\/uploads\/sites\/7\/2019\/11\/cabecera-768x75.png 768w, https:\/\/organoscolegiados.anuies.mx\/citia\/wp-content\/uploads\/sites\/7\/2019\/11\/cabecera-1024x100.png 1024w\" sizes=\"auto, (max-width: 1245px) 100vw, 1245px\" \/><\/p>\n<p style=\"text-align: center\"><span style=\"color: #000000\"><strong>CONVOCATORIA<\/strong><\/span><\/p>\n<p style=\"text-align: justify\"><span style=\"color: #000000\">Con fundamento en los art\u00edculos Vig\u00e9simo Octavo, Trig\u00e9simo, Trig\u00e9simo Primero y Trig\u00e9simo Tercero, fracci\u00f3n VI, del Estatuto de la Asociaci\u00f3n Nacional de Universidades e Instituciones de Educaci\u00f3n Superior (ANUIES), se convoca a los titulares de las instituciones que integran el Consejo de Institutos Tecnol\u00f3gicos e Instituciones Afines (CITIA), a la V Sesi\u00f3n Ordinaria que se celebrar\u00e1 el d\u00eda\u00a002 de\u00a0junio de 2017 a partir de las 10:00 horas en las instalaciones del Instituto Tecnol\u00f3gico de Toluca, ubicadas en Av. Tecnol\u00f3gico s\/n, Col. La Virgen, C.P. 52149, Metepec, Estado de M\u00e9xico, bajo el siguiente:<\/span><\/p>\n<p style=\"text-align: center\"><span style=\"color: #000000\"><b>ORDEN DEL D\u00cdA<\/b><b>\u00a0<\/b><\/span><\/p>\n<p style=\"text-align: justify\"><b><br \/>\n<\/b><span style=\"color: #000000\">1.\u00a0<a style=\"color: #000000\" href=\"https:\/\/organoscolegiados.anuies.mx\/citia\/wp-content\/uploads\/sites\/7\/2019\/11\/1.-Lista-de-miembros-CITIA.pdf\" target=\"_blank\" rel=\"noopener noreferrer\">Lista de asistencia y verificaci\u00f3n de\u00a0<em>qu\u00f3rum.<\/em><\/a><\/span><\/p>\n<p style=\"text-align: justify\"><span style=\"color: #000000\"><a style=\"color: #000000\" href=\"https:\/\/organoscolegiados.anuies.mx\/citia\/wp-content\/uploads\/sites\/7\/2020\/03\/2.-Convocatoria-CITIA-19-de-mayo.pdf\" target=\"_blank\" rel=\"noopener\">2.\u00a0Aprobaci\u00f3n del Orden del D\u00eda<\/a>.<\/span><\/p>\n<p style=\"text-align: justify\"><span style=\"color: #000000\"><a style=\"color: #000000\" href=\"https:\/\/organoscolegiados.anuies.mx\/citia\/wp-content\/uploads\/sites\/7\/2019\/11\/2.1.-SGE152-CITIA-pr\u00f3ximo-2-de-junio.pdf\" target=\"_blank\" rel=\"noopener\">\u00a0 \u00a0 \u00a0Oficio SGE\/152\/17.<\/a><\/span><\/p>\n<p style=\"text-align: justify\"><a href=\"https:\/\/organoscolegiados.anuies.mx\/citia\/wp-content\/uploads\/sites\/7\/2020\/03\/3.-Elecci\u00f3n-del-Vicepresidente-de-la-Sesi\u00f3n.pdf\" target=\"_blank\" rel=\"noopener\"><span style=\"color: #000000\">3. Elecci\u00f3n del Vicepresidente de la Sesi\u00f3n.<\/span><\/a><\/p>\n<p style=\"text-align: justify\"><a href=\"https:\/\/organoscolegiados.anuies.mx\/citia\/wp-content\/uploads\/sites\/7\/2020\/03\/4.-Lectura-y-aprobaci\u00f3n-en-su-caso-del-acta-de-la-IV-Sesi\u00f3n-Ordinaria..pdf\" target=\"_blank\" rel=\"noopener\"><span style=\"color: #000000\">4.\u00a0Lectura y aprobaci\u00f3n, en su caso, del acta de la IV Sesi\u00f3n Ordinaria.<\/span><\/a><\/p>\n<p style=\"text-align: justify\"><span style=\"color: #000000\">5.\u00a0<a style=\"color: #000000\" href=\"https:\/\/organoscolegiados.anuies.mx\/citia\/wp-content\/uploads\/sites\/7\/2019\/11\/5.-Semblanza-MTRO.-MANUEL-QUINTERO-QUINTERO.pdf\" target=\"_blank\" rel=\"noopener noreferrer\">Presentaciones y exposiciones, en su caso, de los invitados especiales.<\/a><\/span><\/p>\n<p style=\"text-align: justify\"><span style=\"color: #000000\">\u00a0 \u00a0 <a style=\"color: #000000\" href=\"https:\/\/organoscolegiados.anuies.mx\/citia\/wp-content\/uploads\/sites\/7\/2019\/11\/5.2CITIA-GHD_JUNIO_17.pdf\" target=\"_blank\" rel=\"noopener\">Mtro. Manuel Quintero Quintero, Director General del Tecnol\u00f3gico Nacional de M\u00e9xico (TECNM).<\/a>\u00a0<\/span><\/p>\n<p style=\"text-align: justify\"><a href=\"https:\/\/organoscolegiados.anuies.mx\/citia\/wp-content\/uploads\/sites\/7\/2020\/03\/6.-Sistema-Nacional-de-Educaci\u00f3n-a-Distancia-SINED.pdf\" target=\"_blank\" rel=\"noopener\"><span style=\"color: #000000\">6. Presentaci\u00f3n del Programa Indicativo de Desarrollo de la Educaci\u00f3n Superior a Distancia.<\/span><\/a><\/p>\n<p style=\"text-align: justify\"><a href=\"https:\/\/organoscolegiados.anuies.mx\/citia\/wp-content\/uploads\/sites\/7\/2020\/03\/7.-Foro-SNEA_-CITIA-1-2017.pdf\" target=\"_blank\" rel=\"noopener\"><span style=\"color: #000000\">7. Informe del Foro Internacional para la Evaluaci\u00f3n y Acreditaci\u00f3n de la Educaci\u00f3n de la Educaci\u00f3n Superior.<\/span><\/a><\/p>\n<p style=\"text-align: justify\"><a href=\"https:\/\/organoscolegiados.anuies.mx\/citia\/wp-content\/uploads\/sites\/7\/2020\/03\/8.-FESE.pdf\" target=\"_blank\" rel=\"noopener\"><span style=\"color: #000000\">8.\u00a0Presentaci\u00f3n de los retos y las oportunidades de la Fundaci\u00f3n Educaci\u00f3n Superior Empresa.<\/span><\/a><\/p>\n<p style=\"text-align: justify\"><span style=\"color: #000000\">9. Asuntos generales.<\/span><\/p>\n<\/div>\n<\/div><\/div><\/div><\/div><div id=\"pg-560-1\"  class=\"panel-grid panel-no-style\" ><div id=\"pgc-560-1-0\"  class=\"panel-grid-cell\" ><div id=\"panel-560-1-0-0\" class=\"so-panel widget widget_sow-editor panel-first-child panel-last-child\" data-index=\"1\" ><div\n\t\t\t\n\t\t\tclass=\"so-widget-sow-editor so-widget-sow-editor-base\"\n\t\t\t\n\t\t>\n<div class=\"siteorigin-widget-tinymce textwidget\">\n\t<p style=\"text-align: center;\"><strong>L.A.E. Mar\u00eda Elena Rojas Rauda<\/strong><br \/>\nDirectora del Instituto Tecnol\u00f3gico de Toluca<br \/>\nPresidenta en turno<\/p>\n<\/div>\n<\/div><\/div><\/div><div id=\"pgc-560-1-1\"  class=\"panel-grid-cell\" ><div id=\"panel-560-1-1-0\" class=\"so-panel widget widget_sow-editor panel-first-child panel-last-child\" data-index=\"2\" ><div\n\t\t\t\n\t\t\tclass=\"so-widget-sow-editor so-widget-sow-editor-base\"\n\t\t\t\n\t\t>\n<div class=\"siteorigin-widget-tinymce textwidget\">\n\t<p style=\"text-align: center;\"><strong>Mtro. Jaime Valls Esponda<\/strong><br \/>\nSecretario General Ejecutivo<br \/>\nSecretario<\/p>\n<\/div>\n<\/div><\/div><\/div><\/div><\/div>","protected":false},"excerpt":{"rendered":"<p>CONVOCATORIA Con fundamento en los art\u00edculos Vig\u00e9simo Octavo, Trig\u00e9simo, Trig\u00e9simo Primero y Trig\u00e9simo Tercero, fracci\u00f3n VI, del Estatuto de la Asociaci\u00f3n Nacional de Universidades e Instituciones de Educaci\u00f3n Superior (ANUIES), &hellip; <\/p>\n","protected":false},"author":1,"featured_media":0,"parent":0,"menu_order":0,"comment_status":"closed","ping_status":"closed","template":"","meta":{"ngg_post_thumbnail":0,"footnotes":""},"class_list":["post-560","page","type-page","status-publish","hentry"],"_links":{"self":[{"href":"https:\/\/organoscolegiados.anuies.mx\/citia\/wp-json\/wp\/v2\/pages\/560","targetHints":{"allow":["GET"]}}],"collection":[{"href":"https:\/\/organoscolegiados.anuies.mx\/citia\/wp-json\/wp\/v2\/pages"}],"about":[{"href":"https:\/\/organoscolegiados.anuies.mx\/citia\/wp-json\/wp\/v2\/types\/page"}],"author":[{"embeddable":true,"href":"https:\/\/organoscolegiados.anuies.mx\/citia\/wp-json\/wp\/v2\/users\/1"}],"replies":[{"embeddable":true,"href":"https:\/\/organoscolegiados.anuies.mx\/citia\/wp-json\/wp\/v2\/comments?post=560"}],"version-history":[{"count":12,"href":"https:\/\/organoscolegiados.anuies.mx\/citia\/wp-json\/wp\/v2\/pages\/560\/revisions"}],"predecessor-version":[{"id":817,"href":"https:\/\/organoscolegiados.anuies.mx\/citia\/wp-json\/wp\/v2\/pages\/560\/revisions\/817"}],"wp:attachment":[{"href":"https:\/\/organoscolegiados.anuies.mx\/citia\/wp-json\/wp\/v2\/media?parent=560"}],"curies":[{"name":"wp","href":"https:\/\/api.w.org\/{rel}","templated":true}]}}