{"id":576,"date":"2019-11-28T20:57:43","date_gmt":"2019-11-28T19:57:43","guid":{"rendered":"https:\/\/organoscolegiados.anuies.mx\/citia\/?page_id=576"},"modified":"2022-12-15T17:52:14","modified_gmt":"2022-12-15T16:52:14","slug":"iii-citia","status":"publish","type":"page","link":"https:\/\/organoscolegiados.anuies.mx\/citia\/iii-citia\/","title":{"rendered":""},"content":{"rendered":"<div id=\"pl-576\"  class=\"panel-layout\" ><div id=\"pg-576-0\"  class=\"panel-grid panel-no-style\" ><div id=\"pgc-576-0-0\"  class=\"panel-grid-cell\" ><div id=\"panel-576-0-0-0\" class=\"so-panel widget widget_sow-editor panel-first-child panel-last-child\" data-index=\"0\" ><div\n\t\t\t\n\t\t\tclass=\"so-widget-sow-editor so-widget-sow-editor-base\"\n\t\t\t\n\t\t>\n<div class=\"siteorigin-widget-tinymce textwidget\">\n\t<p align=\"center\"><img loading=\"lazy\" decoding=\"async\" class=\"alignnone size-full wp-image-577\" src=\"https:\/\/organoscolegiados.anuies.mx\/citia\/wp-content\/uploads\/sites\/7\/2019\/11\/cabecera-citia-iii.png\" alt=\"\" width=\"1245\" height=\"121\" srcset=\"https:\/\/organoscolegiados.anuies.mx\/citia\/wp-content\/uploads\/sites\/7\/2019\/11\/cabecera-citia-iii.png 1245w, https:\/\/organoscolegiados.anuies.mx\/citia\/wp-content\/uploads\/sites\/7\/2019\/11\/cabecera-citia-iii-300x29.png 300w, https:\/\/organoscolegiados.anuies.mx\/citia\/wp-content\/uploads\/sites\/7\/2019\/11\/cabecera-citia-iii-768x75.png 768w, https:\/\/organoscolegiados.anuies.mx\/citia\/wp-content\/uploads\/sites\/7\/2019\/11\/cabecera-citia-iii-1024x100.png 1024w\" sizes=\"auto, (max-width: 1245px) 100vw, 1245px\" \/><\/p>\n<p style=\"text-align: center\" align=\"center\"><strong>CONVOCATORIA<\/strong><\/p>\n<p style=\"text-align: justify\">Con fundamento en los art\u00edculos Vig\u00e9simo Octavo, Trig\u00e9simo, Trig\u00e9simo Primero y Trig\u00e9simo Tercero, fracci\u00f3n VI, del Estatuto de la Asociaci\u00f3n Nacional de Universidades e Instituciones de Educaci\u00f3n Superior (ANUIES), se convoca a los titulares de las instituciones que integran el Consejo de Institutos Tecnol\u00f3gicos e Instituciones Afines (CITIA), a la III Sesi\u00f3n Ordinaria que se celebrar\u00e1 el d\u00eda 3 de junio de 2016 a partir de las 10:00 horas en las instalaciones del Instituto Tecnol\u00f3gico de Tlalnepantla, ubicadas en Av. Instituto Tecnol\u00f3gico s\/n, Col. La Comunidad, C.P. 54070, Tlalnepantla de Baz, Estado de M\u00e9xico, bajo el siguiente:<\/p>\n<p style=\"text-align: center\"><b>ORDEN DEL D\u00cdA<\/b><b>\u00a0<\/b><\/p>\n<p style=\"text-align: justify\"><b><br \/>\n<\/b><a href=\"https:\/\/organoscolegiados.anuies.mx\/citia\/wp-content\/uploads\/sites\/7\/2020\/03\/1.-Miembros-del-CITIA.pdf\" target=\"_blank\" rel=\"noopener\">1.\u00a0Lista de asistencia y verificaci\u00f3n de\u00a0<em>qu\u00f3ru<\/em><em>m<\/em>.<\/a><\/p>\n<p style=\"text-align: justify\"><a href=\"https:\/\/organoscolegiados.anuies.mx\/citia\/wp-content\/uploads\/sites\/7\/2020\/03\/2.-Convocatoria-III-CITIA-3-de-Junio.pdf\" target=\"_blank\" rel=\"noopener\">2.\u00a0Aprobaci\u00f3n del Orden del D\u00eda.<\/a><\/p>\n<p style=\"text-align: justify\"><a href=\"https:\/\/organoscolegiados.anuies.mx\/citia\/wp-content\/uploads\/sites\/7\/2020\/03\/3.-Elecci\u00f3n-del-Vicepresidente-de-la-Sesi\u00f3n-2.pdf\" target=\"_blank\" rel=\"noopener\">3. Elecci\u00f3n del Vicepresidente de la Sesi\u00f3n.<\/a><\/p>\n<p style=\"text-align: justify\"><a href=\"https:\/\/organoscolegiados.anuies.mx\/citia\/wp-content\/uploads\/sites\/7\/2020\/03\/4.-Lectura-y-aprobaci\u00f3n-en-su-caso-del-acta-de-la-II-Sesi\u00f3n-Ordinaria.pdf\" target=\"_blank\" rel=\"noopener\">4.\u00a0Lectura y aprobaci\u00f3n, en su caso, del acta de la II Sesi\u00f3n Ordinaria.<\/a><\/p>\n<p style=\"text-align: justify\"><a href=\"https:\/\/organoscolegiados.anuies.mx\/citia\/wp-content\/uploads\/sites\/7\/2020\/03\/5.-Elecci\u00f3n-o-ratificaci\u00f3n-del-representante-del-CITIA-ante-el-Consejo-Nacional.pdf\" target=\"_blank\" rel=\"noopener\">5. Elecci\u00f3n o ratificaci\u00f3n del representante del CITIA ante el Consejo Nacional.<\/a><\/p>\n<p style=\"text-align: justify\"><a href=\"https:\/\/organoscolegiados.anuies.mx\/citia\/wp-content\/uploads\/sites\/7\/2020\/03\/6.-Semblanzas-Invitados-especiales.pdf\" target=\"_blank\" rel=\"noopener\">6. Presentaciones y exposiciones, en su caso, de los invitados especiales.<\/a><br \/>\n<a href=\"https:\/\/organoscolegiados.anuies.mx\/citia\/wp-content\/uploads\/sites\/7\/2020\/03\/6.1-IME-Consejo-Inst-Tecno-y-Afines-Tlalnepantla.pdf\" target=\"_blank\" rel=\"noopener\">6.1 Lic. Guido Agust\u00edn Arochi Mill\u00e1n, Director General Adjunto del Instituto de los Mexicanos en el Exterior (IME).<\/a><br \/>\n<a href=\"https:\/\/organoscolegiados.anuies.mx\/citia\/wp-content\/uploads\/sites\/7\/2020\/03\/6.1.1-Proyecta-100mil-OnePager_Esp.pdf\" target=\"_blank\" rel=\"noopener\">6.2 Proyecta 100mil AMEXCID<\/a><br \/>\n<a href=\"https:\/\/organoscolegiados.anuies.mx\/citia\/wp-content\/uploads\/sites\/7\/2020\/03\/6.2-Presentaci\u00f3n-Premio-Nacional-de-Calidad-ANUIES.pdf\" target=\"_blank\" rel=\"noopener\">6.3 Lic. Ana Aceves Ram\u00edrez, Directora General del Instituto para el Fomento a la Calidad Total, A.C.<\/a><\/p>\n<p style=\"text-align: justify\"><a href=\"https:\/\/organoscolegiados.anuies.mx\/citia\/wp-content\/uploads\/sites\/7\/2020\/03\/7-Boletin-Conferencia-ANUIES-2016.pdf\" target=\"_blank\" rel=\"noopener\">7. Presentaci\u00f3n del Programa General de la II Conferencia Internacional de Educaci\u00f3n Superior de la ANUIES.<\/a><br \/>\n<a href=\"https:\/\/organoscolegiados.anuies.mx\/citia\/wp-content\/uploads\/sites\/7\/2020\/03\/7.1-Banner-Conferencia-1.pdf\" target=\"_blank\" rel=\"noopener\">7.1 Banner Conferencia.<\/a><\/p>\n<p style=\"text-align: justify\"><a href=\"https:\/\/organoscolegiados.anuies.mx\/citia\/wp-content\/uploads\/sites\/7\/2020\/03\/8.-Integraci\u00f3n-de-una-comisi\u00f3n-para-identificar-problem\u00e1ticas-de-los-institutos-tecnol\u00f3gicos.pdf\" target=\"_blank\" rel=\"noopener\">8. Integraci\u00f3n, en su caso,\u00a0de una comisi\u00f3n encargada de identificar las principales problem\u00e1ticas de los institutos tecnol\u00f3gicos y proponer soluciones.<\/a><\/p>\n<p style=\"text-align: justify\"><a href=\"https:\/\/organoscolegiados.anuies.mx\/citia\/wp-content\/uploads\/sites\/7\/2020\/03\/9.-Asuntos-generales.pdf\" target=\"_blank\" rel=\"noopener\">9. Asuntos generales.<\/a><\/p>\n<\/div>\n<\/div><\/div><\/div><\/div><div id=\"pg-576-1\"  class=\"panel-grid panel-no-style\" ><div id=\"pgc-576-1-0\"  class=\"panel-grid-cell\" ><div id=\"panel-576-1-0-0\" class=\"so-panel widget widget_sow-editor panel-first-child panel-last-child\" data-index=\"1\" ><div\n\t\t\t\n\t\t\tclass=\"so-widget-sow-editor so-widget-sow-editor-base\"\n\t\t\t\n\t\t>\n<div class=\"siteorigin-widget-tinymce textwidget\">\n\t<p style=\"text-align: center;\"><strong>Dr. Gustavo Flores Fern\u00e1ndez<\/strong><br \/>\nDirector del Instituto Tecnol\u00f3gico de Tlalnepantla<br \/>\nPresidente en turno<\/p>\n<\/div>\n<\/div><\/div><\/div><div id=\"pgc-576-1-1\"  class=\"panel-grid-cell\" ><div id=\"panel-576-1-1-0\" class=\"so-panel widget widget_sow-editor panel-first-child panel-last-child\" data-index=\"2\" ><div\n\t\t\t\n\t\t\tclass=\"so-widget-sow-editor so-widget-sow-editor-base\"\n\t\t\t\n\t\t>\n<div class=\"siteorigin-widget-tinymce textwidget\">\n\t<p style=\"text-align: center;\"><strong>Mtro. Jaime Valls Esponda<\/strong><br \/>\nSecretario General Ejecutivo<br \/>\nSecretario<\/p>\n<\/div>\n<\/div><\/div><\/div><\/div><\/div>","protected":false},"excerpt":{"rendered":"<p>CONVOCATORIA Con fundamento en los art\u00edculos Vig\u00e9simo Octavo, Trig\u00e9simo, Trig\u00e9simo Primero y Trig\u00e9simo Tercero, fracci\u00f3n VI, del Estatuto de la Asociaci\u00f3n Nacional de Universidades e Instituciones de Educaci\u00f3n Superior (ANUIES), &hellip; <\/p>\n","protected":false},"author":1,"featured_media":0,"parent":0,"menu_order":0,"comment_status":"closed","ping_status":"closed","template":"","meta":{"ngg_post_thumbnail":0,"footnotes":""},"class_list":["post-576","page","type-page","status-publish","hentry"],"_links":{"self":[{"href":"https:\/\/organoscolegiados.anuies.mx\/citia\/wp-json\/wp\/v2\/pages\/576","targetHints":{"allow":["GET"]}}],"collection":[{"href":"https:\/\/organoscolegiados.anuies.mx\/citia\/wp-json\/wp\/v2\/pages"}],"about":[{"href":"https:\/\/organoscolegiados.anuies.mx\/citia\/wp-json\/wp\/v2\/types\/page"}],"author":[{"embeddable":true,"href":"https:\/\/organoscolegiados.anuies.mx\/citia\/wp-json\/wp\/v2\/users\/1"}],"replies":[{"embeddable":true,"href":"https:\/\/organoscolegiados.anuies.mx\/citia\/wp-json\/wp\/v2\/comments?post=576"}],"version-history":[{"count":6,"href":"https:\/\/organoscolegiados.anuies.mx\/citia\/wp-json\/wp\/v2\/pages\/576\/revisions"}],"predecessor-version":[{"id":819,"href":"https:\/\/organoscolegiados.anuies.mx\/citia\/wp-json\/wp\/v2\/pages\/576\/revisions\/819"}],"wp:attachment":[{"href":"https:\/\/organoscolegiados.anuies.mx\/citia\/wp-json\/wp\/v2\/media?parent=576"}],"curies":[{"name":"wp","href":"https:\/\/api.w.org\/{rel}","templated":true}]}}