{"id":580,"date":"2019-11-28T21:00:59","date_gmt":"2019-11-28T20:00:59","guid":{"rendered":"https:\/\/organoscolegiados.anuies.mx\/citia\/?page_id=580"},"modified":"2022-12-15T17:52:45","modified_gmt":"2022-12-15T16:52:45","slug":"iv-citia","status":"publish","type":"page","link":"https:\/\/organoscolegiados.anuies.mx\/citia\/iv-citia\/","title":{"rendered":""},"content":{"rendered":"<div id=\"pl-580\"  class=\"panel-layout\" ><div id=\"pg-580-0\"  class=\"panel-grid panel-no-style\" ><div id=\"pgc-580-0-0\"  class=\"panel-grid-cell\" ><div id=\"panel-580-0-0-0\" class=\"so-panel widget widget_sow-editor panel-first-child panel-last-child\" data-index=\"0\" ><div\n\t\t\t\n\t\t\tclass=\"so-widget-sow-editor so-widget-sow-editor-base\"\n\t\t\t\n\t\t>\n<div class=\"siteorigin-widget-tinymce textwidget\">\n\t<p align=\"center\"><img loading=\"lazy\" decoding=\"async\" class=\"alignnone size-full wp-image-581\" src=\"https:\/\/organoscolegiados.anuies.mx\/citia\/wp-content\/uploads\/sites\/7\/2019\/11\/cabecera-iv-citia.png\" alt=\"\" width=\"1244\" height=\"121\" srcset=\"https:\/\/organoscolegiados.anuies.mx\/citia\/wp-content\/uploads\/sites\/7\/2019\/11\/cabecera-iv-citia.png 1244w, https:\/\/organoscolegiados.anuies.mx\/citia\/wp-content\/uploads\/sites\/7\/2019\/11\/cabecera-iv-citia-300x29.png 300w, https:\/\/organoscolegiados.anuies.mx\/citia\/wp-content\/uploads\/sites\/7\/2019\/11\/cabecera-iv-citia-768x75.png 768w, https:\/\/organoscolegiados.anuies.mx\/citia\/wp-content\/uploads\/sites\/7\/2019\/11\/cabecera-iv-citia-1024x100.png 1024w\" sizes=\"auto, (max-width: 1244px) 100vw, 1244px\" \/><\/p>\n<p style=\"text-align: center\" align=\"center\"><strong>CONVOCATORIA<\/strong><\/p>\n<p style=\"text-align: justify\">Con fundamento en los art\u00edculos Vig\u00e9simo Octavo, Trig\u00e9simo, Trig\u00e9simo Primero y Trig\u00e9simo Tercero, fracci\u00f3n VI, del Estatuto de la Asociaci\u00f3n Nacional de Universidades e Instituciones de Educaci\u00f3n Superior (ANUIES), se convoca a los titulares de las instituciones que integran el Consejo de Institutos Tecnol\u00f3gicos e Instituciones Afines (CITIA), a la Cuarta Sesi\u00f3n Ordinaria que se celebrar\u00e1 el d\u00eda 12 de noviembre de 2016 a partir de las 10:00 horas en las instalaciones del Instituto Tecnol\u00f3gico de M\u00e9rida (Gimnasio Auditorio), ubicadas en Av. Tecnol\u00f3gico, Km 4.5, Plan de Ayala, C.P. 97118, M\u00e9rida, Yuc., bajo el siguiente:<\/p>\n<p style=\"text-align: center\"><b>ORDEN DEL D\u00cdA<\/b><b>\u00a0<\/b><\/p>\n<p style=\"text-align: justify\"><a href=\"https:\/\/organoscolegiados.anuies.mx\/citia\/wp-content\/uploads\/sites\/7\/2020\/03\/1.-Lista-de-miembros-CITIA.pdf\" target=\"_blank\" rel=\"noopener\"><b><br \/>\n<\/b>1.\u00a0Lista de asistencia y verificaci\u00f3n de\u00a0<em>qu\u00f3ru<\/em><em>m<\/em>.<\/a><\/p>\n<p style=\"text-align: justify\"><a href=\"https:\/\/organoscolegiados.anuies.mx\/citia\/wp-content\/uploads\/sites\/7\/2020\/03\/2.-Convocatoria-IV-SO-CITIA.pdf\" target=\"_blank\" rel=\"noopener\">2.\u00a0Aprobaci\u00f3n del Orden del D\u00eda.<\/a><\/p>\n<p style=\"text-align: justify\"><a href=\"https:\/\/organoscolegiados.anuies.mx\/citia\/wp-content\/uploads\/sites\/7\/2020\/03\/3.-Elecci\u00f3n-del-Vicepresidente-de-la-Sesi\u00f3n-3.pdf\" target=\"_blank\" rel=\"noopener\">3. Elecci\u00f3n del Vicepresidente de la Sesi\u00f3n.<\/a><\/p>\n<p style=\"text-align: justify\"><a href=\"https:\/\/organoscolegiados.anuies.mx\/citia\/wp-content\/uploads\/sites\/7\/2020\/03\/4.-Lectura-y-aprobaci\u00f3n-en-su-caso-del-acta-de-la-III-Sesi\u00f3n-Ordinaria..pdf\" target=\"_blank\" rel=\"noopener\">4.\u00a0Lectura y aprobaci\u00f3n, en su caso, del acta de la III Sesi\u00f3n Ordinaria.<\/a><\/p>\n<p style=\"text-align: justify\"><a href=\"https:\/\/organoscolegiados.anuies.mx\/citia\/wp-content\/uploads\/sites\/7\/2020\/03\/5.-Semblanzas-invitados-especiales.pdf\" target=\"_blank\" rel=\"noopener\">5.\u00a0Presentaciones y exposiciones, en su caso, de los invitados especiales.<\/a><br \/>\n<a href=\"https:\/\/organoscolegiados.anuies.mx\/citia\/wp-content\/uploads\/sites\/7\/2020\/03\/5.1.-ITM\u00e9rida_111116FINAL.pdf\" target=\"_blank\" rel=\"noopener\">5.1 Dr. Ra\u00fal Godoy Monta\u00f1ez, Secretario de Investigaci\u00f3n, Innovaci\u00f3n y Educaci\u00f3n Superior del Estado de Yucat\u00e1n.<\/a><br \/>\n<a href=\"https:\/\/organoscolegiados.anuies.mx\/citia\/wp-content\/uploads\/sites\/7\/2020\/03\/5.2.-PRESENTACI\u00d3N-CITIA-12-DE-NOVIEMBRE-DE-2016.pdf\" target=\"_blank\" rel=\"noopener\">5.2 Mtro. Rafael Vidal Uribe, Coordinador General de los Comit\u00e9s Interinstitucionales para la Evaluaci\u00f3n de la Educaci\u00f3n Superior.<\/a><\/p>\n<p style=\"text-align: justify\"><a href=\"https:\/\/organoscolegiados.anuies.mx\/citia\/wp-content\/uploads\/sites\/7\/2020\/03\/6.-Seguimiento-del-acuerdo-la-comisi\u00f3n-encargada-de-identificar-problem\u00e1ticas-de-los-institutos-tecnol\u00f3gicos-.pdf\" target=\"_blank\" rel=\"noopener\">6.- Seguimiento del acuerdo sobre la integraci\u00f3n de una comisi\u00f3n encargada de identificar las principales problem\u00e1ticas de los institutos tecnol\u00f3gicos y proponer soluciones.<\/a><\/p>\n<p style=\"text-align: justify\"><a href=\"https:\/\/organoscolegiados.anuies.mx\/citia\/wp-content\/uploads\/sites\/7\/2020\/03\/7.-Asuntos-generales..pdf\" target=\"_blank\" rel=\"noopener\">7.- Asuntos generales.<\/a><\/p>\n<\/div>\n<\/div><\/div><\/div><\/div><div id=\"pg-580-1\"  class=\"panel-grid panel-no-style\" ><div id=\"pgc-580-1-0\"  class=\"panel-grid-cell\" ><div id=\"panel-580-1-0-0\" class=\"so-panel widget widget_sow-editor panel-first-child panel-last-child\" data-index=\"1\" ><div\n\t\t\t\n\t\t\tclass=\"so-widget-sow-editor so-widget-sow-editor-base\"\n\t\t\t\n\t\t>\n<div class=\"siteorigin-widget-tinymce textwidget\">\n\t<p style=\"text-align: center;\"><strong>M. en C. Mirna A. Manzanilla Romero<\/strong><br \/>\nDirectora del Instituto Tecnol\u00f3gico de M\u00e9rida<br \/>\nPresidenta en turno<\/p>\n<\/div>\n<\/div><\/div><\/div><div id=\"pgc-580-1-1\"  class=\"panel-grid-cell\" ><div id=\"panel-580-1-1-0\" class=\"so-panel widget widget_sow-editor panel-first-child panel-last-child\" data-index=\"2\" ><div\n\t\t\t\n\t\t\tclass=\"so-widget-sow-editor so-widget-sow-editor-base\"\n\t\t\t\n\t\t>\n<div class=\"siteorigin-widget-tinymce textwidget\">\n\t<p style=\"text-align: center;\"><strong>Mtro. Jaime Valls Esponda<\/strong><br \/>\nSecretario general Ejecutivo<br \/>\nSecretario<\/p>\n<\/div>\n<\/div><\/div><\/div><\/div><\/div>","protected":false},"excerpt":{"rendered":"<p>CONVOCATORIA Con fundamento en los art\u00edculos Vig\u00e9simo Octavo, Trig\u00e9simo, Trig\u00e9simo Primero y Trig\u00e9simo Tercero, fracci\u00f3n VI, del Estatuto de la Asociaci\u00f3n Nacional de Universidades e Instituciones de Educaci\u00f3n Superior (ANUIES), &hellip; <\/p>\n","protected":false},"author":1,"featured_media":0,"parent":0,"menu_order":0,"comment_status":"closed","ping_status":"closed","template":"","meta":{"ngg_post_thumbnail":0,"footnotes":""},"class_list":["post-580","page","type-page","status-publish","hentry"],"_links":{"self":[{"href":"https:\/\/organoscolegiados.anuies.mx\/citia\/wp-json\/wp\/v2\/pages\/580","targetHints":{"allow":["GET"]}}],"collection":[{"href":"https:\/\/organoscolegiados.anuies.mx\/citia\/wp-json\/wp\/v2\/pages"}],"about":[{"href":"https:\/\/organoscolegiados.anuies.mx\/citia\/wp-json\/wp\/v2\/types\/page"}],"author":[{"embeddable":true,"href":"https:\/\/organoscolegiados.anuies.mx\/citia\/wp-json\/wp\/v2\/users\/1"}],"replies":[{"embeddable":true,"href":"https:\/\/organoscolegiados.anuies.mx\/citia\/wp-json\/wp\/v2\/comments?post=580"}],"version-history":[{"count":5,"href":"https:\/\/organoscolegiados.anuies.mx\/citia\/wp-json\/wp\/v2\/pages\/580\/revisions"}],"predecessor-version":[{"id":820,"href":"https:\/\/organoscolegiados.anuies.mx\/citia\/wp-json\/wp\/v2\/pages\/580\/revisions\/820"}],"wp:attachment":[{"href":"https:\/\/organoscolegiados.anuies.mx\/citia\/wp-json\/wp\/v2\/media?parent=580"}],"curies":[{"name":"wp","href":"https:\/\/api.w.org\/{rel}","templated":true}]}}