{"id":828,"date":"2023-01-11T20:26:49","date_gmt":"2023-01-11T19:26:49","guid":{"rendered":"https:\/\/organoscolegiados.anuies.mx\/citia\/?page_id=828"},"modified":"2023-10-05T19:10:45","modified_gmt":"2023-10-05T17:10:45","slug":"xii","status":"publish","type":"page","link":"https:\/\/organoscolegiados.anuies.mx\/citia\/xii\/","title":{"rendered":"CITIA XII 5 septiembre"},"content":{"rendered":"<div id=\"pl-828\"  class=\"panel-layout\" ><div id=\"pg-828-0\"  class=\"panel-grid panel-no-style\" ><div id=\"pgc-828-0-0\"  class=\"panel-grid-cell\" ><div id=\"panel-828-0-0-0\" class=\"so-panel widget widget_sow-editor panel-first-child panel-last-child\" data-index=\"0\" ><div\n\t\t\t\n\t\t\tclass=\"so-widget-sow-editor so-widget-sow-editor-base\"\n\t\t\t\n\t\t>\n<div class=\"siteorigin-widget-tinymce textwidget\">\n\t<p style=\"text-align: justify;\" align=\"center\"><img loading=\"lazy\" decoding=\"async\" class=\"aligncenter size-full wp-image-826\" src=\"https:\/\/organoscolegiados.anuies.mx\/citia\/wp-content\/uploads\/sites\/7\/2023\/01\/CITIA-XII-scaled.jpg\" alt=\"\" width=\"2560\" height=\"221\" srcset=\"https:\/\/organoscolegiados.anuies.mx\/citia\/wp-content\/uploads\/sites\/7\/2023\/01\/CITIA-XII-scaled.jpg 2560w, https:\/\/organoscolegiados.anuies.mx\/citia\/wp-content\/uploads\/sites\/7\/2023\/01\/CITIA-XII-300x26.jpg 300w, https:\/\/organoscolegiados.anuies.mx\/citia\/wp-content\/uploads\/sites\/7\/2023\/01\/CITIA-XII-1024x88.jpg 1024w, https:\/\/organoscolegiados.anuies.mx\/citia\/wp-content\/uploads\/sites\/7\/2023\/01\/CITIA-XII-768x66.jpg 768w, https:\/\/organoscolegiados.anuies.mx\/citia\/wp-content\/uploads\/sites\/7\/2023\/01\/CITIA-XII-1536x133.jpg 1536w, https:\/\/organoscolegiados.anuies.mx\/citia\/wp-content\/uploads\/sites\/7\/2023\/01\/CITIA-XII-2048x177.jpg 2048w\" sizes=\"auto, (max-width: 2560px) 100vw, 2560px\" \/><\/p>\n<p style=\"text-align: center;\" align=\"center\"><span style=\"font-size: 14pt;\"><strong>CONVOCATORIA<\/strong><\/span><\/p>\n<p style=\"text-align: center;\"><span style=\"font-size: 14pt;\"><strong>\u00a0XII SESI\u00d3N ORDINARIA DEL CONSEJO DE INSTITUTOS TECNOL\u00d3GICOS E INSTITUCIONES AFINES<\/strong><\/span><\/p>\n<p style=\"text-align: justify;\"><span style=\"font-size: 14pt;\">Con fundamento en los art\u00edculos Trig\u00e9simo, Trig\u00e9simo Primero y Trig\u00e9simo Tercero, fracci\u00f3n VI, del Estatuto de la Asociaci\u00f3n Nacional de Universidades e Instituciones de Educaci\u00f3n Superior de la Rep\u00fablica Mexicana, A.C. (ANUIES), convocamos a los titulares de las instituciones que integran el Consejo de Institutos Tecnol\u00f3gicos e Instituciones Afines (CITIA), a la XII Sesi\u00f3n Ordinaria que se efectuar\u00e1 en modalidad presencial, en la sala audiovisual del Centro de Innovaci\u00f3n Tecnol\u00f3gica del Instituto Tecnol\u00f3gico de Durango, ubicado en Blvd. Felipe Pescador 1830, Col. Nueva Vizcaya, C.P. 34080, Durango, Dgo., Zona Norte, a las 11:00 horas del martes 03 de octubre de 2023, con el siguiente:<\/span><\/p>\n<p style=\"text-align: center;\"><span style=\"font-size: 14pt;\"><strong>ORDEN DEL D\u00cdA<\/strong><\/span><\/p>\n<ol>\n<li><a href=\"https:\/\/organoscolegiados.anuies.mx\/citia\/wp-content\/uploads\/sites\/7\/2023\/09\/1-Lista-de-asistencia-y-verificacion-del-quorum-Fusionado.pdf\" target=\"_blank\" rel=\"noopener\"><span style=\"font-size: 14pt;\">Lista de asistencia y verificaci\u00f3n del <em>quorum<\/em>.<\/span><\/a><\/li>\n<li><a href=\"https:\/\/organoscolegiados.anuies.mx\/citia\/wp-content\/uploads\/sites\/7\/2023\/09\/2-Aprobacion-del-Orden-del-Dia-Fusionado.pdf\" target=\"_blank\" rel=\"noopener\"><span style=\"font-size: 14pt;\">Aprobaci\u00f3n del Orden del D\u00eda.<\/span><\/a><\/li>\n<li><a href=\"https:\/\/organoscolegiados.anuies.mx\/citia\/wp-content\/uploads\/sites\/7\/2023\/09\/3-Nombramiento-del-Vicepresidente-de-la-Sesion-Fusionado.pdf\" target=\"_blank\" rel=\"noopener\"><span style=\"font-size: 14pt;\">Nombramiento del Vicepresidente de la Sesi\u00f3n.<\/span><\/a><\/li>\n<li><a href=\"https:\/\/organoscolegiados.anuies.mx\/citia\/wp-content\/uploads\/sites\/7\/2023\/09\/4-Lectura-y-aprobacion-en-su-caso-del-acta-de-la-XI-Sesion-Ordinaria-Fusionado.pdf\" target=\"_blank\" rel=\"noopener\"><span style=\"font-size: 14pt;\">Lectura y aprobaci\u00f3n, en su caso, del Acta de la XI Sesi\u00f3n Ordinaria.<\/span><\/a><\/li>\n<li><a href=\"https:\/\/organoscolegiados.anuies.mx\/citia\/wp-content\/uploads\/sites\/7\/2023\/10\/5-Marco-General-del-Sistema-de-Evaluacion-y-Acreditacion-de-la-Educacion-Superior-Fusionado.pdf\" target=\"_blank\" rel=\"noopener\"><span style=\"font-size: 14pt;\">Marco General del Sistema de Evaluaci\u00f3n y Acreditaci\u00f3n de la Educaci\u00f3n Superior.<\/span><\/a><\/li>\n<li><a href=\"https:\/\/organoscolegiados.anuies.mx\/citia\/wp-content\/uploads\/sites\/7\/2023\/09\/6-Construyendo-espacios-de-paz-Propuestas-para-erradicar-la-violencia-de-genero-en-las-instituciones-de-educacion-superior-Fusionado.pdf\" target=\"_blank\" rel=\"noopener\"><span style=\"font-size: 14pt;\">Construyendo espacios de paz: Propuestas para erradicar la violencia de g\u00e9nero en las instituciones de educaci\u00f3n superior.<\/span><\/a><\/li>\n<li><a href=\"https:\/\/organoscolegiados.anuies.mx\/citia\/wp-content\/uploads\/sites\/7\/2023\/09\/7-Propuesta-de-convocatoria-del-Premio-ANUIES-en-la-categoria-Prototipos-en-educacion-superior.pdf\" target=\"_blank\" rel=\"noopener\"><span style=\"font-size: 14pt;\">Propuesta de convocatoria del Premio ANUIES en la categor\u00eda: Prototipos en educaci\u00f3n superior.<\/span><\/a><\/li>\n<li><a href=\"https:\/\/organoscolegiados.anuies.mx\/citia\/wp-content\/uploads\/sites\/7\/2023\/09\/8-Asuntos-generales.pdf\" target=\"_blank\" rel=\"noopener\"><span style=\"font-size: 14pt;\">Asuntos generales<\/span><\/a><\/li>\n<\/ol>\n<\/div>\n<\/div><\/div><\/div><\/div><div id=\"pg-828-1\"  class=\"panel-grid panel-no-style\" ><div id=\"pgc-828-1-0\"  class=\"panel-grid-cell\" ><div id=\"panel-828-1-0-0\" class=\"so-panel widget widget_sow-editor panel-first-child panel-last-child\" data-index=\"1\" ><div\n\t\t\t\n\t\t\tclass=\"so-widget-sow-editor so-widget-sow-editor-base\"\n\t\t\t\n\t\t>\n<div class=\"siteorigin-widget-tinymce textwidget\">\n\t<p style=\"text-align: center;\"><strong>Dr. Guillermo de Anda Rodr\u00edguez<\/strong><br \/>\nDirector del Instituto Tecnol\u00f3gico de Durango<br \/>\nPresidente en turno<\/p>\n<\/div>\n<\/div><\/div><\/div><div id=\"pgc-828-1-1\"  class=\"panel-grid-cell\" ><div id=\"panel-828-1-1-0\" class=\"so-panel widget widget_sow-editor panel-first-child panel-last-child\" data-index=\"2\" ><div\n\t\t\t\n\t\t\tclass=\"so-widget-sow-editor so-widget-sow-editor-base\"\n\t\t\t\n\t\t>\n<div class=\"siteorigin-widget-tinymce textwidget\">\n\t<p style=\"text-align: center;\"><strong><b>Dr. Luis Armando Gonz\u00e1lez Placencia<\/b><\/strong><br \/>\nSecretario General Ejecutivo<br \/>\nSecretario<\/p>\n<\/div>\n<\/div><\/div><\/div><\/div><\/div>","protected":false},"excerpt":{"rendered":"<p>CONVOCATORIA \u00a0XII SESI\u00d3N ORDINARIA DEL CONSEJO DE INSTITUTOS TECNOL\u00d3GICOS E INSTITUCIONES AFINES Con fundamento en los art\u00edculos Trig\u00e9simo, Trig\u00e9simo Primero y Trig\u00e9simo Tercero, fracci\u00f3n VI, del Estatuto de la Asociaci\u00f3n &hellip; <\/p>\n","protected":false},"author":1,"featured_media":0,"parent":0,"menu_order":0,"comment_status":"closed","ping_status":"closed","template":"","meta":{"ngg_post_thumbnail":0,"footnotes":""},"class_list":["post-828","page","type-page","status-publish","hentry"],"_links":{"self":[{"href":"https:\/\/organoscolegiados.anuies.mx\/citia\/wp-json\/wp\/v2\/pages\/828","targetHints":{"allow":["GET"]}}],"collection":[{"href":"https:\/\/organoscolegiados.anuies.mx\/citia\/wp-json\/wp\/v2\/pages"}],"about":[{"href":"https:\/\/organoscolegiados.anuies.mx\/citia\/wp-json\/wp\/v2\/types\/page"}],"author":[{"embeddable":true,"href":"https:\/\/organoscolegiados.anuies.mx\/citia\/wp-json\/wp\/v2\/users\/1"}],"replies":[{"embeddable":true,"href":"https:\/\/organoscolegiados.anuies.mx\/citia\/wp-json\/wp\/v2\/comments?post=828"}],"version-history":[{"count":7,"href":"https:\/\/organoscolegiados.anuies.mx\/citia\/wp-json\/wp\/v2\/pages\/828\/revisions"}],"predecessor-version":[{"id":870,"href":"https:\/\/organoscolegiados.anuies.mx\/citia\/wp-json\/wp\/v2\/pages\/828\/revisions\/870"}],"wp:attachment":[{"href":"https:\/\/organoscolegiados.anuies.mx\/citia\/wp-json\/wp\/v2\/media?parent=828"}],"curies":[{"name":"wp","href":"https:\/\/api.w.org\/{rel}","templated":true}]}}