{"id":1215,"date":"2020-06-03T01:40:05","date_gmt":"2020-06-02T23:40:05","guid":{"rendered":"https:\/\/organoscolegiados.anuies.mx\/consejonacional\/?page_id=1215"},"modified":"2020-06-27T04:59:42","modified_gmt":"2020-06-27T02:59:42","slug":"cn22020","status":"publish","type":"page","link":"https:\/\/organoscolegiados.anuies.mx\/consejonacional\/cn22020\/","title":{"rendered":"2.2020 Sesi\u00f3n Ordinaria del Consejo Nacional"},"content":{"rendered":"<div id=\"pl-1215\"  class=\"panel-layout\" ><div id=\"pg-1215-0\"  class=\"panel-grid panel-no-style\" ><div id=\"pgc-1215-0-0\"  class=\"panel-grid-cell\" ><div id=\"panel-1215-0-0-0\" class=\"so-panel widget widget_sow-editor panel-first-child panel-last-child\" data-index=\"0\" ><div class=\"panel-widget-style panel-widget-style-for-1215-0-0-0\" ><div\n\t\t\t\n\t\t\tclass=\"so-widget-sow-editor so-widget-sow-editor-base\"\n\t\t\t\n\t\t>\n<div class=\"siteorigin-widget-tinymce textwidget\">\n\t<p>&nbsp;<\/p>\n<p><img loading=\"lazy\" decoding=\"async\" class=\"alignnone size-full wp-image-1217\" src=\"https:\/\/organoscolegiados.anuies.mx\/consejonacional\/wp-content\/uploads\/sites\/2\/2020\/06\/Cabecera22020.png\" alt=\"\" width=\"2000\" height=\"170\" srcset=\"https:\/\/organoscolegiados.anuies.mx\/consejonacional\/wp-content\/uploads\/sites\/2\/2020\/06\/Cabecera22020.png 2000w, https:\/\/organoscolegiados.anuies.mx\/consejonacional\/wp-content\/uploads\/sites\/2\/2020\/06\/Cabecera22020-300x26.png 300w, https:\/\/organoscolegiados.anuies.mx\/consejonacional\/wp-content\/uploads\/sites\/2\/2020\/06\/Cabecera22020-1024x87.png 1024w, https:\/\/organoscolegiados.anuies.mx\/consejonacional\/wp-content\/uploads\/sites\/2\/2020\/06\/Cabecera22020-768x65.png 768w, https:\/\/organoscolegiados.anuies.mx\/consejonacional\/wp-content\/uploads\/sites\/2\/2020\/06\/Cabecera22020-1536x131.png 1536w\" sizes=\"auto, (max-width: 2000px) 100vw, 2000px\" \/><\/p>\n<h5 style=\"text-align: center\" align=\"center\"><span style=\"color: #000000\"><strong>CONVOCATORIA<\/strong><\/span><\/h5>\n<p style=\"text-align: justify\"><span style=\"color: #000000\">Con fundamento en los art\u00edculos Vig\u00e9simo Primero, Trig\u00e9simo Primero y Trig\u00e9simo Tercero, fracci\u00f3n VI, del Estatuto de la Asociaci\u00f3n Nacional de Universidades e Instituciones de Educaci\u00f3n Superior de la Rep\u00fablica Mexicana, A.C. (ANUIES), convoco a los titulares de las instituciones que integran el Consejo Nacional a la Sesi\u00f3n Ordinaria 2.2020 que se efectuar\u00e1, con motivo de la contingencia sanitaria ocasionada por el COVID 19, de forma virtual a las 11:00 horas del lunes 15 de junio de 2020, con el siguiente:<\/span><\/p>\n<h5><\/h5>\n<h5 style=\"text-align: center\"><span style=\"color: #000000\"><strong>ORDEN DEL D\u00cdA<\/strong><\/span><\/h5>\n<p style=\"padding-left: 80px\"><span style=\"color: #000000\">1. <a style=\"color: #000000\" href=\"https:\/\/organoscolegiados.anuies.mx\/consejonacional\/wp-content\/uploads\/sites\/2\/2020\/06\/1-Lista-de-asistencia-y-verificaci\u00f3n-del-quorum.pdf\" target=\"_blank\" rel=\"noopener\">Lista de asistencia y verificaci\u00f3n del <em>quorum<\/em>.<\/a><\/span><\/p>\n<p style=\"padding-left: 80px\"><span style=\"color: #000000\">2. <a style=\"color: #000000\" href=\"https:\/\/organoscolegiados.anuies.mx\/consejonacional\/wp-content\/uploads\/sites\/2\/2020\/06\/2-Aprobaci\u00f3n-del-Orden-del-D\u00eda.pdf\" target=\"_blank\" rel=\"noopener\">Aprobaci\u00f3n del Orden del D\u00eda.<\/a><\/span><\/p>\n<p style=\"padding-left: 80px\"><span style=\"color: #000000\">3. <a style=\"color: #000000\" href=\"https:\/\/organoscolegiados.anuies.mx\/consejonacional\/wp-content\/uploads\/sites\/2\/2020\/06\/3-Lectura-y-aprobaci\u00f3n-en-su-caso-del-Acta-de-la-Sesi\u00f3n-Ordinaria-1.2020.pdf\" target=\"_blank\" rel=\"noopener\">Lectura y aprobaci\u00f3n, en su caso, del Acta de la Sesi\u00f3n Ordinaria 1.2020.<\/a><\/span><\/p>\n<p style=\"padding-left: 80px\"><span style=\"color: #000000\">4. <a style=\"color: #000000\" href=\"https:\/\/organoscolegiados.anuies.mx\/consejonacional\/wp-content\/uploads\/sites\/2\/2020\/06\/4-Participaci\u00f3n-del-Mtro.-Esteban-Moctezuma-Barrag\u00e1n-Secretario-de-Educaci\u00f3n-P\u00fablica.pdf\" target=\"_blank\" rel=\"noopener\">Participaci\u00f3n del Mtro. Esteban Moctezuma Barrag\u00e1n, Secretario de Educaci\u00f3n P\u00fablica.<\/a><\/span><\/p>\n<p style=\"padding-left: 80px\"><span style=\"color: #000000\">5. <a style=\"color: #000000\" href=\"https:\/\/organoscolegiados.anuies.mx\/consejonacional\/wp-content\/uploads\/sites\/2\/2020\/06\/5-Presentaci\u00f3n-del-anteproyecto-de-la-Ley-General-de-Educaci\u00f3n-Superior-a-cargo-del-Sen.-Rub\u00e9n-Rocha.pdf\" target=\"_blank\" rel=\"noopener\">Presentaci\u00f3n del anteproyecto de la Ley General de Educaci\u00f3n Superior, a cargo del Sen. Rub\u00e9n Rocha Moya, Presidente de la Comisi\u00f3n de Educaci\u00f3n del Senado de la Rep\u00fablica.<\/a><\/span><\/p>\n<p style=\"padding-left: 80px\"><span style=\"color: #000000\">6. <a style=\"color: #000000\" href=\"https:\/\/organoscolegiados.anuies.mx\/consejonacional\/wp-content\/uploads\/sites\/2\/2020\/06\/6-Participaci\u00f3n-de-la-Dip.-Adela-Pi\u00f1a-Bernal-Presidenta-de-la-Comisi\u00f3n-de-Educaci\u00f3n-y-Servicios.pdf\" target=\"_blank\" rel=\"noopener\">Participaci\u00f3n de la Dip. Adela Pi\u00f1a Bernal, Presidenta de la Comisi\u00f3n de Educaci\u00f3n y Servicios Educativos de la C\u00e1mara de Diputados.<\/a><\/span><\/p>\n<p style=\"padding-left: 80px\"><span style=\"color: #000000\">7. <a style=\"color: #000000\" href=\"https:\/\/organoscolegiados.anuies.mx\/consejonacional\/wp-content\/uploads\/sites\/2\/2020\/06\/7-Intervenci\u00f3n-del-Dr.-Luciano-Concheiro-B\u00f3rquez-Subsecretario-de-Educaci\u00f3n-Superior-de-la-SEP.pdf\" target=\"_blank\" rel=\"noopener\">Intervenci\u00f3n del Dr. Luciano Concheiro B\u00f3rquez, Subsecretario de Educaci\u00f3n Superior de la SEP.<\/a><\/span><\/p>\n<p style=\"padding-left: 80px\"><span style=\"color: #000000\">8. <a style=\"color: #000000\" href=\"https:\/\/organoscolegiados.anuies.mx\/consejonacional\/wp-content\/uploads\/sites\/2\/2020\/06\/8-Participacion-de-la-Ing.-Salma-Jalife-Villalon-Subsecretaria-de-Comunicaciones-y-Desarrollo-Tecnologico-de-la-SCT..pdf\" target=\"_blank\" rel=\"noopener\">Participaci\u00f3n de la Ing. Salma Jalife Villal\u00f3n, Subsecretaria de Comunicaciones y Desarrollo Tecnol\u00f3gico de la SCT.<\/a><\/span><\/p>\n<p style=\"padding-left: 80px\"><span style=\"color: #000000\">9. Presentaci\u00f3n de los avances en el proceso de acopio de informaci\u00f3n sobre las acciones realizadas por las IES durante la emergencia sanitaria y la planeaci\u00f3n del regreso seguro a las actividades presenciales.<\/span><\/p>\n<p style=\"padding-left: 120px\"><span style=\"color: #000000\">9.1 <a style=\"color: #000000\" href=\"https:\/\/organoscolegiados.anuies.mx\/consejonacional\/wp-content\/uploads\/sites\/2\/2020\/06\/9.1.-Presentacion-de-los-avances-en-el-proceso-de-acopio-de-informacion....pdf\" target=\"_blank\" rel=\"noopener\">Acciones realizadas por las Instituciones de Educaci\u00f3n Superior para mantener los servicios educativos ante el COVID-19, as\u00ed como contribuir a la salud y bienestar de la sociedad.<\/a><\/span><\/p>\n<p style=\"padding-left: 120px\"><span style=\"color: #000000\">9.2\u00a0<a style=\"color: #000000\" href=\"https:\/\/organoscolegiados.anuies.mx\/consejonacional\/wp-content\/uploads\/sites\/2\/2020\/06\/9.2.-Planeacion-regreso-seguro-actividades-presenciales....pdf\" target=\"_blank\" rel=\"noopener\">Planeaci\u00f3n del regreso seguro a las actividades presenciales.<\/a><\/span><\/p>\n<p style=\"padding-left: 80px\"><span style=\"color: #000000\">10. <a style=\"color: #000000\" href=\"https:\/\/organoscolegiados.anuies.mx\/consejonacional\/wp-content\/uploads\/sites\/2\/2020\/06\/10-Presentaci\u00f3n-de-las-Pol\u00edticas-para-la-igualdad-en-las-IES-en-las-condiciones-de-la-pandemia-y-en....pdf\" target=\"_blank\" rel=\"noopener\">Presentaci\u00f3n de las <em>Pol\u00edticas para la igualdad en las IES en las condiciones de la pandemia y en la nueva normalidad<\/em>, a cargo de la Dra. Lourdes Pacheco Ladr\u00f3n de Guevara, Coordinadora de la Red Nacional de Instituciones de Educaci\u00f3n Superior. Caminos para la Igualdad de G\u00e9nero (RENIES-Igualdad).<\/a><\/span><\/p>\n<p style=\"padding-left: 120px\"><a href=\"https:\/\/organoscolegiados.anuies.mx\/consejonacional\/wp-content\/uploads\/sites\/2\/2020\/06\/10.-Politicas-P\u00fablicas-Para-Igualdad-de-Genero.pdf\" target=\"_blank\" rel=\"noopener\"><span style=\"color: #000000\">10.1 <\/span><span style=\"color: #000000\">Presentaci\u00f3n en ppt.<\/span><\/a><\/p>\n<p style=\"padding-left: 80px\"><span style=\"color: #000000\">11. <a style=\"color: #000000\" href=\"https:\/\/organoscolegiados.anuies.mx\/consejonacional\/wp-content\/uploads\/sites\/2\/2020\/06\/11-Asuntos-Generales-.pdf\" target=\"_blank\" rel=\"noopener\">Asuntos generales.<\/a><\/span><\/p>\n<h5 style=\"text-align: justify;padding-left: 80px\"><\/h5>\n<h5 style=\"text-align: center\"><span style=\"color: #000000\"><strong>Mtro. Jaime Valls Esponda<\/strong><\/span><\/h5>\n<h5 style=\"text-align: center\"><span style=\"color: #000000\">Secretario General Ejecutivo<\/span><\/h5>\n<\/div>\n<\/div><\/div><\/div><\/div><\/div><\/div>","protected":false},"excerpt":{"rendered":"<p>&nbsp; CONVOCATORIA Con fundamento en los art\u00edculos Vig\u00e9simo Primero, Trig\u00e9simo Primero y Trig\u00e9simo Tercero, fracci\u00f3n VI, del Estatuto de la Asociaci\u00f3n Nacional de Universidades e Instituciones de Educaci\u00f3n Superior de &hellip; <\/p>\n","protected":false},"author":1,"featured_media":0,"parent":0,"menu_order":0,"comment_status":"closed","ping_status":"closed","template":"template-builder-fullwidth.php","meta":{"ngg_post_thumbnail":0,"footnotes":""},"class_list":["post-1215","page","type-page","status-publish","hentry"],"_links":{"self":[{"href":"https:\/\/organoscolegiados.anuies.mx\/consejonacional\/wp-json\/wp\/v2\/pages\/1215","targetHints":{"allow":["GET"]}}],"collection":[{"href":"https:\/\/organoscolegiados.anuies.mx\/consejonacional\/wp-json\/wp\/v2\/pages"}],"about":[{"href":"https:\/\/organoscolegiados.anuies.mx\/consejonacional\/wp-json\/wp\/v2\/types\/page"}],"author":[{"embeddable":true,"href":"https:\/\/organoscolegiados.anuies.mx\/consejonacional\/wp-json\/wp\/v2\/users\/1"}],"replies":[{"embeddable":true,"href":"https:\/\/organoscolegiados.anuies.mx\/consejonacional\/wp-json\/wp\/v2\/comments?post=1215"}],"version-history":[{"count":15,"href":"https:\/\/organoscolegiados.anuies.mx\/consejonacional\/wp-json\/wp\/v2\/pages\/1215\/revisions"}],"predecessor-version":[{"id":1257,"href":"https:\/\/organoscolegiados.anuies.mx\/consejonacional\/wp-json\/wp\/v2\/pages\/1215\/revisions\/1257"}],"wp:attachment":[{"href":"https:\/\/organoscolegiados.anuies.mx\/consejonacional\/wp-json\/wp\/v2\/media?parent=1215"}],"curies":[{"name":"wp","href":"https:\/\/api.w.org\/{rel}","templated":true}]}}