{"id":1551,"date":"2022-07-13T22:06:20","date_gmt":"2022-07-13T20:06:20","guid":{"rendered":"https:\/\/organoscolegiados.anuies.mx\/consejonacional\/?page_id=1551"},"modified":"2022-08-16T17:04:53","modified_gmt":"2022-08-16T15:04:53","slug":"cn32022","status":"publish","type":"page","link":"https:\/\/organoscolegiados.anuies.mx\/consejonacional\/cn32022\/","title":{"rendered":"3.2022 Sesi\u00f3n Ordinaria del Consejo Nacional"},"content":{"rendered":"<div id=\"pl-1551\"  class=\"panel-layout\" ><div id=\"pg-1551-0\"  class=\"panel-grid panel-has-style\" ><div class=\"panel-row-style panel-row-style-for-1551-0\" ><div id=\"pgc-1551-0-0\"  class=\"panel-grid-cell\" ><div id=\"panel-1551-0-0-0\" class=\"so-panel widget widget_sow-editor panel-first-child panel-last-child\" data-index=\"0\" ><div\n\t\t\t\n\t\t\tclass=\"so-widget-sow-editor so-widget-sow-editor-base\"\n\t\t\t\n\t\t>\n<div class=\"siteorigin-widget-tinymce textwidget\">\n\t<h5 align=\"center\"><img loading=\"lazy\" decoding=\"async\" class=\"aligncenter size-full wp-image-1553\" src=\"https:\/\/organoscolegiados.anuies.mx\/consejonacional\/wp-content\/uploads\/sites\/2\/2022\/07\/cabecera-so-32022.png\" alt=\"\" width=\"4170\" height=\"360\" srcset=\"https:\/\/organoscolegiados.anuies.mx\/consejonacional\/wp-content\/uploads\/sites\/2\/2022\/07\/cabecera-so-32022.png 4170w, https:\/\/organoscolegiados.anuies.mx\/consejonacional\/wp-content\/uploads\/sites\/2\/2022\/07\/cabecera-so-32022-300x26.png 300w, https:\/\/organoscolegiados.anuies.mx\/consejonacional\/wp-content\/uploads\/sites\/2\/2022\/07\/cabecera-so-32022-1024x88.png 1024w, https:\/\/organoscolegiados.anuies.mx\/consejonacional\/wp-content\/uploads\/sites\/2\/2022\/07\/cabecera-so-32022-768x66.png 768w, https:\/\/organoscolegiados.anuies.mx\/consejonacional\/wp-content\/uploads\/sites\/2\/2022\/07\/cabecera-so-32022-1536x133.png 1536w, https:\/\/organoscolegiados.anuies.mx\/consejonacional\/wp-content\/uploads\/sites\/2\/2022\/07\/cabecera-so-32022-2048x177.png 2048w\" sizes=\"auto, (max-width: 4170px) 100vw, 4170px\" \/><\/h5>\n<h5 style=\"text-align: center;\" align=\"center\"><span style=\"font-family: helvetica, arial, sans-serif; font-size: 14pt;\">CONVOCATORIA<\/span><\/h5>\n<p style=\"text-align: justify;\"><span style=\"font-family: arial, helvetica, sans-serif;\">Con fundamento en los art\u00edculos Vig\u00e9simo Primero, Trig\u00e9simo Primero y Trig\u00e9simo Tercero, fracci\u00f3n VI, del Estatuto de la Asociaci\u00f3n Nacional de Universidades e Instituciones de Educaci\u00f3n Superior de la Rep\u00fablica Mexicana, A.C. (ANUIES), convoco a los titulares de las instituciones que integran el Consejo Nacional a la Sesi\u00f3n Ordinaria 3.2022 que se efectuar\u00e1 en modalidad mixta, con sede en el Centro de Innovaci\u00f3n y Desarrollo de la ANUIES, ubicado en Miguel Laurent N\u00fam. 961, Col. Santa Cruz Atoyac, C.P.03310, Ciudad de M\u00e9xico, a las\u00a0 11:00 \u00a0horas del 16 de agosto de 2022, con el siguiente:<\/span><\/p>\n<p style=\"text-align: center;\"><strong>ORDEN DEL D\u00cdA<\/strong><\/p>\n<ol>\n<li style=\"text-align: justify;\"><a href=\"https:\/\/organoscolegiados.anuies.mx\/consejonacional\/wp-content\/uploads\/sites\/2\/2022\/08\/1-Lista-de-asistencia-y-verificacion-del-quorum-Fusionado-26.pdf\" target=\"_blank\" rel=\"noopener\"><span style=\"font-family: arial, helvetica, sans-serif;\">Lista de asistencia y verificaci\u00f3n del <em>quorum<\/em>.<\/span><\/a><\/li>\n<li style=\"text-align: justify;\"><a href=\"https:\/\/organoscolegiados.anuies.mx\/consejonacional\/wp-content\/uploads\/sites\/2\/2022\/08\/2-Aprobacion-del-Orden-del-Dia-Fusionado-20.pdf\" target=\"_blank\" rel=\"noopener\"><span style=\"font-family: arial, helvetica, sans-serif;\">Aprobaci\u00f3n del Orden del D\u00eda.<\/span><\/a><\/li>\n<li style=\"text-align: justify;\"><a href=\"https:\/\/organoscolegiados.anuies.mx\/consejonacional\/wp-content\/uploads\/sites\/2\/2022\/08\/3-Lectura-y-aprobacion-en-su-caso-del-acta-de-la-Sesion-Ordinaria-2.2022-Fusionado.pdf\" target=\"_blank\" rel=\"noopener\"><span style=\"font-family: arial, helvetica, sans-serif;\">Lectura y aprobaci\u00f3n, en su caso, del acta de la Sesi\u00f3n Ordinaria 2022.<\/span><\/a><\/li>\n<li style=\"text-align: justify;\"><a href=\"https:\/\/organoscolegiados.anuies.mx\/consejonacional\/wp-content\/uploads\/sites\/2\/2022\/08\/4-Presentacion-del-analisis-del-presupuesto-2023-para-ES-con-base-en-los-precriterios-de-politica-economica-de-la-SHCP-3.pdf\" target=\"_blank\" rel=\"noopener\"><span style=\"font-family: arial, helvetica, sans-serif;\">Presentaci\u00f3n del an\u00e1lisis del presupuesto 2023 para educaci\u00f3n superior con base en los precriterios de pol\u00edtica econ\u00f3mica de la SHCP.<\/span><\/a><\/li>\n<li style=\"text-align: justify;\"><a href=\"https:\/\/organoscolegiados.anuies.mx\/consejonacional\/wp-content\/uploads\/sites\/2\/2022\/08\/5-Presentacion-de-los-dictamenes-del-Premio-ANUIES-2022-en-las-categorias-Fusionado-1.pdf\" target=\"_blank\" rel=\"noopener\"><span style=\"font-family: arial, helvetica, sans-serif;\">Presentaci\u00f3n de los dict\u00e1menes del Premio ANUIES 2022 en las categor\u00edas:<\/span><\/a><\/li>\n<\/ol>\n<p style=\"padding-left: 80px; text-align: justify;\"><span style=\"font-family: arial, helvetica, sans-serif;\">\u00a0\u00a0 - Tesis de doctorado y maestr\u00eda sobre educaci\u00f3n superior.<\/span><\/p>\n<p style=\"padding-left: 80px; text-align: justify;\"><span style=\"font-family: arial, helvetica, sans-serif;\">\u00a0\u00a0 - Innovaci\u00f3n en la pr\u00e1ctica docente.<\/span><\/p>\n<ol style=\"text-align: justify;\" start=\"6\">\n<li><a href=\"http:\/\/www.anuies.mx\/media\/docs\/cn\/6.pdf\" target=\"_blank\" rel=\"noopener\"><span style=\"font-family: arial, helvetica, sans-serif;\">Deliberaci\u00f3n y dictamen del Premio ANUIES 2022 en la categor\u00eda Trayectoria profesional y contribuci\u00f3n al desarrollo de la educaci\u00f3n superior.<\/span><\/a><\/li>\n<li><span style=\"font-family: arial, helvetica, sans-serif;\"><a href=\"https:\/\/organoscolegiados.anuies.mx\/consejonacional\/wp-content\/uploads\/sites\/2\/2022\/08\/7-Presentacion-de-la-oferta-del-Centro-de-Documentacion-Investigacion-y-Prospectiva-para-la-Seguridad.pdf\" target=\"_blank\" rel=\"noopener\">Presentaci\u00f3n de la oferta del Centro de Documentaci\u00f3n, Investigaci\u00f3n y Prospectiva para la Seguridad, Justicia y Paz<\/a>:<\/span><\/li>\n<\/ol>\n<p style=\"padding-left: 80px; text-align: justify;\"><span style=\"font-family: arial, helvetica, sans-serif;\">\u00a0- Diplomado en Proceso penal acusatorio.<\/span><\/p>\n<p style=\"padding-left: 80px; text-align: justify;\"><span style=\"font-family: arial, helvetica, sans-serif;\">- Instrumento diagn\u00f3stico para detectar buenas pr\u00e1cticas en materia de derechos humanos y gesti\u00f3n de las \u00a0\u00a0violencias en los contextos universitarios.<\/span><\/p>\n<ol start=\"8\">\n<li style=\"text-align: justify;\"><a href=\"https:\/\/organoscolegiados.anuies.mx\/consejonacional\/wp-content\/uploads\/sites\/2\/2022\/08\/8-Presentacion-del-curso-virtual-sobre-derechos-humanos-basado-en-la-Declaracion-de-Tlaxcala.pdf\" target=\"_blank\" rel=\"noopener\"><span style=\"font-family: arial, helvetica, sans-serif;\">Presentaci\u00f3n del curso virtual sobre derechos humanos, basado en la Declaraci\u00f3n de Tlaxcala y organizado por la ANUIES, la FESE, la Universidad Aut\u00f3noma de Tlaxcala y Santander Universidades.<\/span><\/a><\/li>\n<li style=\"text-align: justify;\"><a href=\"https:\/\/organoscolegiados.anuies.mx\/consejonacional\/wp-content\/uploads\/sites\/2\/2022\/08\/9-Asuntos-generales.pdf\" target=\"_blank\" rel=\"noopener\"><span style=\"font-family: arial, helvetica, sans-serif;\">Asuntos generales.<\/span><\/a><\/li>\n<\/ol>\n<p>&nbsp;<\/p>\n<p style=\"text-align: center;\"><span style=\"font-family: helvetica, arial, sans-serif;\"><strong>Mtro. Jaime Valls Esponda<\/strong><\/span><br \/>\n<span style=\"font-family: helvetica, arial, sans-serif;\">Secretario General Ejecutivo de la ANUIES<\/span><\/p>\n<\/div>\n<\/div><\/div><\/div><\/div><\/div><\/div>","protected":false},"excerpt":{"rendered":"<p>CONVOCATORIA Con fundamento en los art\u00edculos Vig\u00e9simo Primero, Trig\u00e9simo Primero y Trig\u00e9simo Tercero, fracci\u00f3n VI, del Estatuto de la Asociaci\u00f3n Nacional de Universidades e Instituciones de Educaci\u00f3n Superior de la &hellip; <\/p>\n","protected":false},"author":1,"featured_media":0,"parent":0,"menu_order":0,"comment_status":"closed","ping_status":"closed","template":"template-builder-fullwidth.php","meta":{"ngg_post_thumbnail":0,"footnotes":""},"class_list":["post-1551","page","type-page","status-publish","hentry"],"_links":{"self":[{"href":"https:\/\/organoscolegiados.anuies.mx\/consejonacional\/wp-json\/wp\/v2\/pages\/1551","targetHints":{"allow":["GET"]}}],"collection":[{"href":"https:\/\/organoscolegiados.anuies.mx\/consejonacional\/wp-json\/wp\/v2\/pages"}],"about":[{"href":"https:\/\/organoscolegiados.anuies.mx\/consejonacional\/wp-json\/wp\/v2\/types\/page"}],"author":[{"embeddable":true,"href":"https:\/\/organoscolegiados.anuies.mx\/consejonacional\/wp-json\/wp\/v2\/users\/1"}],"replies":[{"embeddable":true,"href":"https:\/\/organoscolegiados.anuies.mx\/consejonacional\/wp-json\/wp\/v2\/comments?post=1551"}],"version-history":[{"count":8,"href":"https:\/\/organoscolegiados.anuies.mx\/consejonacional\/wp-json\/wp\/v2\/pages\/1551\/revisions"}],"predecessor-version":[{"id":1572,"href":"https:\/\/organoscolegiados.anuies.mx\/consejonacional\/wp-json\/wp\/v2\/pages\/1551\/revisions\/1572"}],"wp:attachment":[{"href":"https:\/\/organoscolegiados.anuies.mx\/consejonacional\/wp-json\/wp\/v2\/media?parent=1551"}],"curies":[{"name":"wp","href":"https:\/\/api.w.org\/{rel}","templated":true}]}}

3.2022 Sesión Ordinaria del Consejo Nacional

<div id="pl-1551"  class="panel-layout" ><div id="pg-1551-0"  class="panel-grid panel-has-style" ><div class="panel-row-style panel-row-style-for-1551-0" ><div id="pgc-1551-0-0"  class="panel-grid-cell" ><div id="panel-1551-0-0-0" class="so-panel widget widget_sow-editor panel-first-child panel-last-child" data-index="0" ><div
			
			class="so-widget-sow-editor so-widget-sow-editor-base"
			
		>
<div class="siteorigin-widget-tinymce textwidget">
	<h5 align="center"><img loading="lazy" decoding="async" class="aligncenter size-full wp-image-1553" src="https://organoscolegiados.anuies.mx/consejonacional/wp-content/uploads/sites/2/2022/07/cabecera-so-32022.png" alt="" width="4170" height="360" srcset="https://organoscolegiados.anuies.mx/consejonacional/wp-content/uploads/sites/2/2022/07/cabecera-so-32022.png 4170w, https://organoscolegiados.anuies.mx/consejonacional/wp-content/uploads/sites/2/2022/07/cabecera-so-32022-300x26.png 300w, https://organoscolegiados.anuies.mx/consejonacional/wp-content/uploads/sites/2/2022/07/cabecera-so-32022-1024x88.png 1024w, https://organoscolegiados.anuies.mx/consejonacional/wp-content/uploads/sites/2/2022/07/cabecera-so-32022-768x66.png 768w, https://organoscolegiados.anuies.mx/consejonacional/wp-content/uploads/sites/2/2022/07/cabecera-so-32022-1536x133.png 1536w, https://organoscolegiados.anuies.mx/consejonacional/wp-content/uploads/sites/2/2022/07/cabecera-so-32022-2048x177.png 2048w" sizes="auto, (max-width: 4170px) 100vw, 4170px" /></h5>
<h5 style="text-align: center;" align="center"><span style="font-family: helvetica, arial, sans-serif; font-size: 14pt;">CONVOCATORIA</span></h5>
<p style="text-align: justify;"><span style="font-family: arial, helvetica, sans-serif;">Con fundamento en los artículos Vigésimo Primero, Trigésimo Primero y Trigésimo Tercero, fracción VI, del Estatuto de la Asociación Nacional de Universidades e Instituciones de Educación Superior de la República Mexicana, A.C. (ANUIES), convoco a los titulares de las instituciones que integran el Consejo Nacional a la Sesión Ordinaria 3.2022 que se efectuará en modalidad mixta, con sede en el Centro de Innovación y Desarrollo de la ANUIES, ubicado en Miguel Laurent Núm. 961, Col. Santa Cruz Atoyac, C.P.03310, Ciudad de México, a las  11:00  horas del 16 de agosto de 2022, con el siguiente:</span></p>
<p style="text-align: center;"><strong>ORDEN DEL DÍA</strong></p>
<ol>
<li style="text-align: justify;"><a href="https://organoscolegiados.anuies.mx/consejonacional/wp-content/uploads/sites/2/2022/08/1-Lista-de-asistencia-y-verificacion-del-quorum-Fusionado-26.pdf" target="_blank" rel="noopener"><span style="font-family: arial, helvetica, sans-serif;">Lista de asistencia y verificación del <em>quorum</em>.</span></a></li>
<li style="text-align: justify;"><a href="https://organoscolegiados.anuies.mx/consejonacional/wp-content/uploads/sites/2/2022/08/2-Aprobacion-del-Orden-del-Dia-Fusionado-20.pdf" target="_blank" rel="noopener"><span style="font-family: arial, helvetica, sans-serif;">Aprobación del Orden del Día.</span></a></li>
<li style="text-align: justify;"><a href="https://organoscolegiados.anuies.mx/consejonacional/wp-content/uploads/sites/2/2022/08/3-Lectura-y-aprobacion-en-su-caso-del-acta-de-la-Sesion-Ordinaria-2.2022-Fusionado.pdf" target="_blank" rel="noopener"><span style="font-family: arial, helvetica, sans-serif;">Lectura y aprobación, en su caso, del acta de la Sesión Ordinaria 2022.</span></a></li>
<li style="text-align: justify;"><a href="https://organoscolegiados.anuies.mx/consejonacional/wp-content/uploads/sites/2/2022/08/4-Presentacion-del-analisis-del-presupuesto-2023-para-ES-con-base-en-los-precriterios-de-politica-economica-de-la-SHCP-3.pdf" target="_blank" rel="noopener"><span style="font-family: arial, helvetica, sans-serif;">Presentación del análisis del presupuesto 2023 para educación superior con base en los precriterios de política económica de la SHCP.</span></a></li>
<li style="text-align: justify;"><a href="https://organoscolegiados.anuies.mx/consejonacional/wp-content/uploads/sites/2/2022/08/5-Presentacion-de-los-dictamenes-del-Premio-ANUIES-2022-en-las-categorias-Fusionado-1.pdf" target="_blank" rel="noopener"><span style="font-family: arial, helvetica, sans-serif;">Presentación de los dictámenes del Premio ANUIES 2022 en las categorías:</span></a></li>
</ol>
<p style="padding-left: 80px; text-align: justify;"><span style="font-family: arial, helvetica, sans-serif;">   - Tesis de doctorado y maestría sobre educación superior.</span></p>
<p style="padding-left: 80px; text-align: justify;"><span style="font-family: arial, helvetica, sans-serif;">   - Innovación en la práctica docente.</span></p>
<ol style="text-align: justify;" start="6">
<li><a href="http://www.anuies.mx/media/docs/cn/6.pdf" target="_blank" rel="noopener"><span style="font-family: arial, helvetica, sans-serif;">Deliberación y dictamen del Premio ANUIES 2022 en la categoría Trayectoria profesional y contribución al desarrollo de la educación superior.</span></a></li>
<li><span style="font-family: arial, helvetica, sans-serif;"><a href="https://organoscolegiados.anuies.mx/consejonacional/wp-content/uploads/sites/2/2022/08/7-Presentacion-de-la-oferta-del-Centro-de-Documentacion-Investigacion-y-Prospectiva-para-la-Seguridad.pdf" target="_blank" rel="noopener">Presentación de la oferta del Centro de Documentación, Investigación y Prospectiva para la Seguridad, Justicia y Paz</a>:</span></li>
</ol>
<p style="padding-left: 80px; text-align: justify;"><span style="font-family: arial, helvetica, sans-serif;"> - Diplomado en Proceso penal acusatorio.</span></p>
<p style="padding-left: 80px; text-align: justify;"><span style="font-family: arial, helvetica, sans-serif;">- Instrumento diagnóstico para detectar buenas prácticas en materia de derechos humanos y gestión de las   violencias en los contextos universitarios.</span></p>
<ol start="8">
<li style="text-align: justify;"><a href="https://organoscolegiados.anuies.mx/consejonacional/wp-content/uploads/sites/2/2022/08/8-Presentacion-del-curso-virtual-sobre-derechos-humanos-basado-en-la-Declaracion-de-Tlaxcala.pdf" target="_blank" rel="noopener"><span style="font-family: arial, helvetica, sans-serif;">Presentación del curso virtual sobre derechos humanos, basado en la Declaración de Tlaxcala y organizado por la ANUIES, la FESE, la Universidad Autónoma de Tlaxcala y Santander Universidades.</span></a></li>
<li style="text-align: justify;"><a href="https://organoscolegiados.anuies.mx/consejonacional/wp-content/uploads/sites/2/2022/08/9-Asuntos-generales.pdf" target="_blank" rel="noopener"><span style="font-family: arial, helvetica, sans-serif;">Asuntos generales.</span></a></li>
</ol>
<p>&nbsp;</p>
<p style="text-align: center;"><span style="font-family: helvetica, arial, sans-serif;"><strong>Mtro. Jaime Valls Esponda</strong></span><br />
<span style="font-family: helvetica, arial, sans-serif;">Secretario General Ejecutivo de la ANUIES</span></p>
</div>
</div></div></div></div></div></div>

<p>CONVOCATORIA Con fundamento en los artículos Vigésimo Primero, Trigésimo Primero y Trigésimo Tercero, fracción VI, del Estatuto de la Asociación Nacional de Universidades e Instituciones de Educación Superior de la &hellip; </p>
