{"id":1953,"date":"2024-07-01T20:22:50","date_gmt":"2024-07-01T18:22:50","guid":{"rendered":"https:\/\/organoscolegiados.anuies.mx\/consejonacional\/?page_id=1953"},"modified":"2024-08-13T16:55:21","modified_gmt":"2024-08-13T14:55:21","slug":"cn32024old","status":"publish","type":"page","link":"https:\/\/organoscolegiados.anuies.mx\/consejonacional\/cn32024old\/","title":{"rendered":"3.2024 Sesi\u00f3n ordinaria del Consejo Nacional 15 agosto"},"content":{"rendered":"<div id=\"pl-1953\"  class=\"panel-layout\" ><div id=\"pg-1953-0\"  class=\"panel-grid panel-has-style\" ><div class=\"panel-row-style panel-row-style-for-1953-0\" ><div id=\"pgc-1953-0-0\"  class=\"panel-grid-cell\" ><div id=\"panel-1953-0-0-0\" class=\"so-panel widget widget_sow-editor panel-first-child panel-last-child\" data-index=\"0\" ><div\n\t\t\t\n\t\t\tclass=\"so-widget-sow-editor so-widget-sow-editor-base\"\n\t\t\t\n\t\t>\n<div class=\"siteorigin-widget-tinymce textwidget\">\n\t<p>&nbsp;<br \/>\n<img loading=\"lazy\" decoding=\"async\" class=\"aligncenter wp-image-1955\" src=\"https:\/\/organoscolegiados.anuies.mx\/consejonacional\/wp-content\/uploads\/sites\/2\/2024\/07\/cabecera.png\" alt=\"\" width=\"1408\" height=\"160\" srcset=\"https:\/\/organoscolegiados.anuies.mx\/consejonacional\/wp-content\/uploads\/sites\/2\/2024\/07\/cabecera.png 1401w, https:\/\/organoscolegiados.anuies.mx\/consejonacional\/wp-content\/uploads\/sites\/2\/2024\/07\/cabecera-300x34.png 300w, https:\/\/organoscolegiados.anuies.mx\/consejonacional\/wp-content\/uploads\/sites\/2\/2024\/07\/cabecera-1024x116.png 1024w, https:\/\/organoscolegiados.anuies.mx\/consejonacional\/wp-content\/uploads\/sites\/2\/2024\/07\/cabecera-768x87.png 768w\" sizes=\"auto, (max-width: 1408px) 100vw, 1408px\" \/><\/p>\n<p style=\"text-align: center;\"><strong><span style=\"font-family: helvetica, arial, sans-serif; font-size: 14pt;\">CONVOCATORIA<\/span><\/strong><\/p>\n<p style=\"text-align: justify;\"><span style=\"font-family: helvetica, arial, sans-serif; font-size: 14pt;\">Con fundamento en los art\u00edculos Vig\u00e9simo Primero, Trig\u00e9simo Primero y Trig\u00e9simo Tercero, fracci\u00f3n VI, del Estatuto de la Asociaci\u00f3n Nacional de Universidades e Instituciones de Educaci\u00f3n Superior de la Rep\u00fablica Mexicana, A.C. (ANUIES), convoco a las y los titulares de las instituciones que integran el Consejo Nacional a la Sesi\u00f3n Ordinaria 3.2024 que se efectuar\u00e1 en modalidad presencial, en el Aula 3 del Centro de Innovaci\u00f3n y Desarrollo de la ANUIES, ubicado en Miguel Laurent 961, Col. Santa Cruz Atoyac, Alcald\u00eda Benito Ju\u00e1rez, C.P. 03310, Ciudad de M\u00e9xico, a las 10:00 horas del mi\u00e9rcoles 21 de agosto de 2024, con el siguiente:<\/span><\/p>\n<p style=\"text-align: center;\"><strong><span style=\"font-family: helvetica, arial, sans-serif; font-size: 14pt;\">ORDEN DEL D\u00cdA<\/span><\/strong><\/p>\n<p style=\"text-align: justify;\"><a href=\"https:\/\/organoscolegiados.anuies.mx\/consejonacional\/wp-content\/uploads\/sites\/2\/2024\/08\/1-Lista-de-asistencia-y-verificacion-del-quorum-1.pdf\" target=\"_blank\" rel=\"noopener\"><span style=\"font-family: helvetica, arial, sans-serif; font-size: 14pt;\">1. Lista de asistencia y verificaci\u00f3n del <em>quorum<\/em>.<\/span><\/a><br \/>\n<a href=\"https:\/\/organoscolegiados.anuies.mx\/consejonacional\/wp-content\/uploads\/sites\/2\/2024\/08\/2-Aprobacion-del-Orden-del-Dia-1.pdf\" target=\"_blank\" rel=\"noopener\"><span style=\"font-family: helvetica, arial, sans-serif; font-size: 14pt;\">2. Aprobaci\u00f3n del Orden del D\u00eda.<\/span><\/a><br \/>\n<a href=\"https:\/\/organoscolegiados.anuies.mx\/consejonacional\/wp-content\/uploads\/sites\/2\/2024\/08\/3-Lectura-y-aprobacion-en-su-caso-del-Acta-de-la-Sesion-Ordinaria-2.2024.pdf\" target=\"_blank\" rel=\"noopener\"><span style=\"font-family: helvetica, arial, sans-serif; font-size: 14pt;\">3. Lectura y aprobaci\u00f3n, en su caso, del Acta de la Sesi\u00f3n Ordinaria 2.2024.<\/span><\/a><br \/>\n<a href=\"https:\/\/organoscolegiados.anuies.mx\/consejonacional\/wp-content\/uploads\/sites\/2\/2024\/08\/4-Presentacion-en-version-extensa-del-documento-Compromiso-comun-por-el-futuro-de-la-ES-mexicana-Trazando-una-ruta-a-2023.pdf\" target=\"_blank\" rel=\"noopener\"><span style=\"font-family: helvetica, arial, sans-serif; font-size: 14pt;\">4. Presentaci\u00f3n, en versi\u00f3n extensa, del documento: Compromiso com\u00fan por el futuro de la educaci\u00f3n superior mexicana: Trazando una ruta a 2030.<\/span><\/a><br \/>\n<a href=\"https:\/\/organoscolegiados.anuies.mx\/consejonacional\/wp-content\/uploads\/sites\/2\/2024\/08\/5-Presentacion-de-la-conformacion-de-comisiones-de-trabajo-sobre-los-temas-de-trabajo-de-la-agenda-de-la-nacion.pdf\" target=\"_blank\" rel=\"noopener\"><span style=\"font-family: helvetica, arial, sans-serif; font-size: 14pt;\">5. Presentaci\u00f3n de la conformaci\u00f3n de comisiones de trabajo sobre los temas de la agenda de la naci\u00f3n.<\/span><\/a><br \/>\n<a href=\"https:\/\/organoscolegiados.anuies.mx\/consejonacional\/wp-content\/uploads\/sites\/2\/2024\/08\/6-Presentacion-del-Sistema-de-integracion.al-logro-de-los-Objetivos-de-Desarrollo-Sostenible-y-otras-acciones-de-impacto-social.pdf\" target=\"_blank\" rel=\"noopener\"><span style=\"font-family: helvetica, arial, sans-serif; font-size: 14pt;\">6. Presentaci\u00f3n del Sistema de integraci\u00f3n de las contribuciones de las instituciones de educaci\u00f3n superior al logro de los Objetivos de Desarrollo Sostenible y otras acciones de impacto social.<\/span><\/a><br \/>\n<a href=\"https:\/\/organoscolegiados.anuies.mx\/consejonacional\/wp-content\/uploads\/sites\/2\/2024\/08\/7-Resultados-de-la-Encuesta.para-la-seguridad-en-IES-y-avances-en-la-elaboracion-del-Manual-de-Seguridad-para-IES-2024.pdf\" target=\"_blank\" rel=\"noopener\"><span style=\"font-family: helvetica, arial, sans-serif; font-size: 14pt;\">7. Resultados de la Encuesta de capacidades para la seguridad en IES y avances en la elaboraci\u00f3n del Manual de Seguridad para Instituciones de Educaci\u00f3n Superior 2024.<\/span><\/a><br \/>\n<span style=\"font-family: helvetica, arial, sans-serif; font-size: 14pt;\"><a href=\"https:\/\/organoscolegiados.anuies.mx\/consejonacional\/wp-content\/uploads\/sites\/2\/2024\/08\/8-Presentacion-de-los-dictamenes-del-Premio-ANUIES-2024-en-las-categorias-Doctorado-Maestria-IPD-y-Prototipos-Fusionado.pdf\" target=\"_blank\" rel=\"noopener\">8. Presentaci\u00f3n de los dict\u00e1menes del Premio ANUIES 2024 en las categor\u00edas<\/a>:<\/span><br \/>\n<em><span style=\"font-family: helvetica, arial, sans-serif; font-size: 14pt;\">&nbsp;Tesis de doctorado y maestr\u00eda sobre educaci\u00f3n superior.<\/span><\/em><br \/>\n<em><span style=\"font-family: helvetica, arial, sans-serif; font-size: 14pt;\">&nbsp;Innovaci\u00f3n en la pr\u00e1ctica docente.<\/span><\/em><br \/>\n<em><span style=\"font-family: helvetica, arial, sans-serif; font-size: 14pt;\">&nbsp;Prototipos en educaci\u00f3n superior.<\/span><\/em><br \/>\n<a href=\"https:\/\/organoscolegiados.anuies.mx\/consejonacional\/wp-content\/uploads\/sites\/2\/2024\/08\/9-Deliberacion-y-dictamen-del-Premio-ANUIES-2024-en-la-categoria-Aportaciones-academicas-en-educacion-superior.pdf\" target=\"_blank\" rel=\"noopener\"><span style=\"font-family: helvetica, arial, sans-serif; font-size: 14pt;\">9. Deliberaci\u00f3n y dictamen del Premio ANUIES 2024 en la categor\u00eda: Aportaciones acad\u00e9micas en educaci\u00f3n superior.<\/span><\/a><br \/>\n<a href=\"https:\/\/organoscolegiados.anuies.mx\/consejonacional\/wp-content\/uploads\/sites\/2\/2024\/08\/10-Avances-en-las-convocatorias-del-Laboratorio-de-inteligencia-artificial-y-neurociencia-en-el-CCABV-y-Laboratorio-Ciudadano-Innovacion-y-genero.pdf\" target=\"_blank\" rel=\"noopener\"><span style=\"font-family: helvetica, arial, sans-serif; font-size: 14pt;\">10. Avances en las convocatorias del Laboratorio de inteligencia artificial y neurociencia en el Centro de Capacitaci\u00f3n ANUIES-Valle de Bravo y Laboratorio ciudadano: Innovaci\u00f3n y g\u00e9nero.<\/span><\/a><br \/>\n<a href=\"https:\/\/organoscolegiados.anuies.mx\/consejonacional\/wp-content\/uploads\/sites\/2\/2024\/08\/11-Informe-sobre-el-desarrollo-del-trabajo-de-las-redes-nacionales.pdf\" target=\"_blank\" rel=\"noopener\"><span style=\"font-family: helvetica, arial, sans-serif; font-size: 14pt;\">11. Informe sobre el desarrollo del trabajo de las redes nacionales.<\/span><\/a><br \/>\n<a href=\"https:\/\/youtu.be\/v9mPhHDMoPo\" target=\"_blank\" rel=\"noopener\"><span style=\"font-family: helvetica, arial, sans-serif; font-size: 14pt;\">12. Avances en la organizaci\u00f3n de la ANUIES-TIC y la Conferencia Internacional ANUIES 2024.<\/span><\/a><br \/>\n<a href=\"https:\/\/organoscolegiados.anuies.mx\/consejonacional\/wp-content\/uploads\/sites\/2\/2024\/08\/13-Asuntos-generales.pdf\" target=\"_blank\" rel=\"noopener\"><span style=\"font-family: helvetica, arial, sans-serif; font-size: 14pt;\">13. Asuntos generales.<\/span><\/a><\/p>\n<p style=\"text-align: center;\"><span style=\"font-family: helvetica, arial, sans-serif; font-size: 14pt;\"><strong>Dr. Luis Armando Gonz\u00e1lez Placencia<br \/>\n<\/strong>Secretario General Ejecutivo<br \/>\nSecretario<\/span><\/p>\n<\/div>\n<\/div><\/div><\/div><\/div><\/div><\/div>","protected":false},"excerpt":{"rendered":"<p>&nbsp; CONVOCATORIA Con fundamento en los art\u00edculos Vig\u00e9simo Primero, Trig\u00e9simo Primero y Trig\u00e9simo Tercero, fracci\u00f3n VI, del Estatuto de la Asociaci\u00f3n Nacional de Universidades e Instituciones de Educaci\u00f3n Superior de &hellip; <\/p>\n","protected":false},"author":1,"featured_media":0,"parent":0,"menu_order":0,"comment_status":"closed","ping_status":"closed","template":"template-builder-fullwidth.php","meta":{"ngg_post_thumbnail":0,"footnotes":""},"class_list":["post-1953","page","type-page","status-publish","hentry"],"_links":{"self":[{"href":"https:\/\/organoscolegiados.anuies.mx\/consejonacional\/wp-json\/wp\/v2\/pages\/1953","targetHints":{"allow":["GET"]}}],"collection":[{"href":"https:\/\/organoscolegiados.anuies.mx\/consejonacional\/wp-json\/wp\/v2\/pages"}],"about":[{"href":"https:\/\/organoscolegiados.anuies.mx\/consejonacional\/wp-json\/wp\/v2\/types\/page"}],"author":[{"embeddable":true,"href":"https:\/\/organoscolegiados.anuies.mx\/consejonacional\/wp-json\/wp\/v2\/users\/1"}],"replies":[{"embeddable":true,"href":"https:\/\/organoscolegiados.anuies.mx\/consejonacional\/wp-json\/wp\/v2\/comments?post=1953"}],"version-history":[{"count":15,"href":"https:\/\/organoscolegiados.anuies.mx\/consejonacional\/wp-json\/wp\/v2\/pages\/1953\/revisions"}],"predecessor-version":[{"id":1984,"href":"https:\/\/organoscolegiados.anuies.mx\/consejonacional\/wp-json\/wp\/v2\/pages\/1953\/revisions\/1984"}],"wp:attachment":[{"href":"https:\/\/organoscolegiados.anuies.mx\/consejonacional\/wp-json\/wp\/v2\/media?parent=1953"}],"curies":[{"name":"wp","href":"https:\/\/api.w.org\/{rel}","templated":true}]}}