{"id":246,"date":"2019-10-30T18:01:52","date_gmt":"2019-10-30T17:01:52","guid":{"rendered":"https:\/\/organoscolegiados.anuies.mx\/consejonacional\/?page_id=246"},"modified":"2020-04-03T06:11:51","modified_gmt":"2020-04-03T04:11:51","slug":"cn22018","status":"publish","type":"page","link":"https:\/\/organoscolegiados.anuies.mx\/consejonacional\/cn22018\/","title":{"rendered":"2.2018 Sesi\u00f3n Ordinaria del Consejo Nacional"},"content":{"rendered":"<p><img loading=\"lazy\" decoding=\"async\" class=\"alignnone size-full wp-image-247\" src=\"https:\/\/organoscolegiados.anuies.mx\/consejonacional\/wp-content\/uploads\/sites\/2\/2019\/10\/cabezal22018cn.png\" alt=\"\" width=\"1245\" height=\"121\" srcset=\"https:\/\/organoscolegiados.anuies.mx\/consejonacional\/wp-content\/uploads\/sites\/2\/2019\/10\/cabezal22018cn.png 1245w, https:\/\/organoscolegiados.anuies.mx\/consejonacional\/wp-content\/uploads\/sites\/2\/2019\/10\/cabezal22018cn-300x29.png 300w, https:\/\/organoscolegiados.anuies.mx\/consejonacional\/wp-content\/uploads\/sites\/2\/2019\/10\/cabezal22018cn-768x75.png 768w, https:\/\/organoscolegiados.anuies.mx\/consejonacional\/wp-content\/uploads\/sites\/2\/2019\/10\/cabezal22018cn-1024x100.png 1024w\" sizes=\"auto, (max-width: 1245px) 100vw, 1245px\" \/><\/p>\n<p style=\"text-align: center\" align=\"center\"><span style=\"color: #000000\"><strong>CONVOCATORIA<\/strong><\/span><\/p>\n<p style=\"text-align: justify\"><span style=\"color: #000000\">Con fundamento en los art\u00edculos Vig\u00e9simo Primero, Trig\u00e9simo Primero y Trig\u00e9simo Tercero, fracci\u00f3n VI, del Estatuto de la Asociaci\u00f3n Nacional de Universidades e Instituciones de Educaci\u00f3n Superior (ANUIES), A.C., se convoca a los titulares de las instituciones que integran el Consejo Nacional a la Sesi\u00f3n Ordinaria 2.2018 que se efectuar\u00e1 el 21 de junio de 2018 a partir de las 17:00 horas en las instalaciones del Instituto de Investigaciones Dr. Jos\u00e9 Mar\u00eda Luis Mora, ubicado en calle Poussin No. 45, Col. San Juan Mixcoac, C.P. 03730, Ciudad de M\u00e9xico, bajo el siguiente:<\/span><\/p>\n<p style=\"text-align: center\"><span style=\"color: #000000\"><b>ORDEN DEL D\u00cdA<\/b><\/span><\/p>\n<p style=\"text-align: justify\"><span style=\"color: #000000\">1.-\u00a0<a style=\"color: #000000\" href=\"https:\/\/organoscolegiados.anuies.mx\/consejonacional\/wp-content\/uploads\/sites\/2\/2019\/10\/1.-Lista-de-asistencia-Consejo-Nacional-2.2018.pdf\" target=\"_blank\" rel=\"noopener noreferrer\">Lista de asistencia y verificaci\u00f3n de\u00a0<em>qu\u00f3rum<\/em>.<\/a><\/span><\/p>\n<p style=\"text-align: justify\"><a href=\"https:\/\/organoscolegiados.anuies.mx\/consejonacional\/wp-content\/uploads\/sites\/2\/2020\/04\/Aprobaci\u00f3n-del-Orden-del-D\u00eda-2.SO_.18-1.pdf\" target=\"_blank\" rel=\"noopener noreferrer\"><span style=\"color: #000000\">2.-\u00a0<\/span><span style=\"color: #000000\">Aprobaci\u00f3n del Orden del D\u00eda.<\/span><\/a><\/p>\n<p style=\"text-align: justify\"><span style=\"color: #000000\">3.-\u00a0<a style=\"color: #000000\" href=\"https:\/\/organoscolegiados.anuies.mx\/consejonacional\/wp-content\/uploads\/sites\/2\/2019\/10\/3.-Acta-SO-1.2018-CN-SGE-140318.pdf\" target=\"_blank\" rel=\"noopener noreferrer\">Lectura y aprobaci\u00f3n, en su caso, del Acta de la Sesi\u00f3n Ordinaria 1.2018<\/a><\/span><\/p>\n<p style=\"padding-left: 40px\"><a href=\"https:\/\/organoscolegiados.anuies.mx\/consejonacional\/wp-content\/uploads\/sites\/2\/2020\/04\/Aprobaci\u00f3n-y-Lectura-del-Acta-2.SO_.18-1.pdf\" target=\"_blank\" rel=\"noopener noreferrer\"><span style=\"color: #000000\">3.1 Aprobaci\u00f3n del Acta de la Sesi\u00f3n Ordinaria 1.2018<\/span><\/a><\/p>\n<p style=\"text-align: justify\"><span style=\"color: #000000\">4.-\u00a0<a style=\"color: #000000\" href=\"https:\/\/organoscolegiados.anuies.mx\/consejonacional\/wp-content\/uploads\/sites\/2\/2019\/10\/4.-Centro-de-documentaci\u00f3n.pdf\" target=\"_blank\" rel=\"noopener noreferrer\">Integraci\u00f3n de un grupo de trabajo para el dise\u00f1o del Centro de Documentaci\u00f3n, Investigaci\u00f3n y Prospectiva para la Prevenci\u00f3n Social de las Violencias y el Delito.<\/a><\/span><\/p>\n<p style=\"text-align: justify\"><a href=\"https:\/\/organoscolegiados.anuies.mx\/consejonacional\/wp-content\/uploads\/sites\/2\/2020\/03\/Red-Nacional-de-Prevenci\u00f3n-Social-2.O.2018.pdf\" target=\"_blank\" rel=\"noopener noreferrer\"><span style=\"color: #000000\">5.- Presentaci\u00f3n del informe sobre la conformaci\u00f3n de un grupo de trabajo para crear una Red Nacional de Prevenci\u00f3n Social y Seguridad Ciudadana.<\/span><\/a><\/p>\n<p style=\"text-align: justify\"><a href=\"https:\/\/organoscolegiados.anuies.mx\/consejonacional\/wp-content\/uploads\/sites\/2\/2020\/03\/6.-Propuesta-de-modificaci\u00f3n-al-Estatuto-de-la-ANUIES-210618.pdf\" target=\"_blank\" rel=\"noopener noreferrer\"><span style=\"color: #000000\">6.- Presentaci\u00f3n del informe sobre los resultados de la XXVI Sesi\u00f3n Extraordinaria de la Asamblea General en la que se someti\u00f3 a consideraci\u00f3n la modificaci\u00f3n de los art\u00edculos Trig\u00e9simo Quinto, Trig\u00e9simo S\u00e9ptimo y Cuadrag\u00e9simo Primero del Estatuto de la ANUIES.<\/span><\/a><\/p>\n<p style=\"text-align: justify\"><a href=\"https:\/\/organoscolegiados.anuies.mx\/consejonacional\/wp-content\/uploads\/sites\/2\/2020\/03\/Librer\u00eda-Eraclio-Zepeda-2.O.2018.pdf\" target=\"_blank\" rel=\"noopener noreferrer\"><span style=\"color: #000000\">7.-\u00a0Presentaci\u00f3n de la propuesta de la Secretar\u00eda General Ejecutiva para que la librer\u00eda del Fondo de Cultura Econ\u00f3mica, que estar\u00e1 ubicada en el Centro de Innovaci\u00f3n y Desarrollo de la ANUIES, lleve el nombre \u201cEraclio Zepeda\u201d.<\/span><\/a><\/p>\n<p style=\"text-align: justify\"><a href=\"https:\/\/organoscolegiados.anuies.mx\/consejonacional\/wp-content\/uploads\/sites\/2\/2020\/03\/Prunuciamiento-migraci\u00f3n-2.O.2018.pdf\" target=\"_blank\" rel=\"noopener noreferrer\"><span style=\"color: #000000\">8.-\u00a0Presentaci\u00f3n de la solicitud de la Secretar\u00eda General Ejecutiva para que el Consejo Nacional tome un punto de acuerdo y se pronuncie por el respeto a los derechos humanos y respalde la posici\u00f3n del Gobierno Federal en relaci\u00f3n con los ni\u00f1os separados de sus familias en Estados Unidos.<\/span><\/a><\/p>\n<p style=\"text-align: justify\"><a href=\"https:\/\/organoscolegiados.anuies.mx\/consejonacional\/wp-content\/uploads\/sites\/2\/2020\/04\/Asuntos-generales-2.SO_.18.pdf\" target=\"_blank\" rel=\"noopener noreferrer\"><span style=\"color: #000000\">9.- Asuntos generales.<\/span><\/a><\/p>\n<p style=\"text-align: justify\" align=\"center\"><span style=\"color: #000000\"><b>Mtro. Jaime Valls Esponda<\/b><\/span><\/p>\n<p style=\"text-align: justify\" align=\"center\"><span style=\"color: #000000\">Secretario General Ejecutivo<\/span><\/p>\n","protected":false},"excerpt":{"rendered":"<p>CONVOCATORIA Con fundamento en los art\u00edculos Vig\u00e9simo Primero, Trig\u00e9simo Primero y Trig\u00e9simo Tercero, fracci\u00f3n VI, del Estatuto de la Asociaci\u00f3n Nacional de Universidades e Instituciones de Educaci\u00f3n Superior (ANUIES), A.C., &hellip; <\/p>\n","protected":false},"author":1,"featured_media":0,"parent":0,"menu_order":0,"comment_status":"closed","ping_status":"closed","template":"","meta":{"ngg_post_thumbnail":0,"footnotes":""},"class_list":["post-246","page","type-page","status-publish","hentry"],"_links":{"self":[{"href":"https:\/\/organoscolegiados.anuies.mx\/consejonacional\/wp-json\/wp\/v2\/pages\/246","targetHints":{"allow":["GET"]}}],"collection":[{"href":"https:\/\/organoscolegiados.anuies.mx\/consejonacional\/wp-json\/wp\/v2\/pages"}],"about":[{"href":"https:\/\/organoscolegiados.anuies.mx\/consejonacional\/wp-json\/wp\/v2\/types\/page"}],"author":[{"embeddable":true,"href":"https:\/\/organoscolegiados.anuies.mx\/consejonacional\/wp-json\/wp\/v2\/users\/1"}],"replies":[{"embeddable":true,"href":"https:\/\/organoscolegiados.anuies.mx\/consejonacional\/wp-json\/wp\/v2\/comments?post=246"}],"version-history":[{"count":7,"href":"https:\/\/organoscolegiados.anuies.mx\/consejonacional\/wp-json\/wp\/v2\/pages\/246\/revisions"}],"predecessor-version":[{"id":820,"href":"https:\/\/organoscolegiados.anuies.mx\/consejonacional\/wp-json\/wp\/v2\/pages\/246\/revisions\/820"}],"wp:attachment":[{"href":"https:\/\/organoscolegiados.anuies.mx\/consejonacional\/wp-json\/wp\/v2\/media?parent=246"}],"curies":[{"name":"wp","href":"https:\/\/api.w.org\/{rel}","templated":true}]}}