{"id":414,"date":"2019-11-06T17:41:31","date_gmt":"2019-11-06T16:41:31","guid":{"rendered":"https:\/\/organoscolegiados.anuies.mx\/consejonacional\/?page_id=414"},"modified":"2020-04-05T21:26:13","modified_gmt":"2020-04-05T19:26:13","slug":"cn32016","status":"publish","type":"page","link":"https:\/\/organoscolegiados.anuies.mx\/consejonacional\/cn32016\/","title":{"rendered":"3.2016 Sesi\u00f3n Ordinaria del Consejo Nacional"},"content":{"rendered":"<p align=\"center\"><img loading=\"lazy\" decoding=\"async\" class=\"alignnone size-full wp-image-421\" src=\"https:\/\/organoscolegiados.anuies.mx\/consejonacional\/wp-content\/uploads\/sites\/2\/2019\/11\/cabezal32016cn.png\" alt=\"\" width=\"1245\" height=\"121\" \/><\/p>\n<p style=\"text-align: center\" align=\"center\"><span style=\"color: #000000\"><strong>CONVOCATORIA<\/strong><\/span><\/p>\n<p style=\"text-align: justify\"><span style=\"color: #000000\">Con fundamento en los art\u00edculos Vig\u00e9simo Primero, Trig\u00e9simo Primero y Trig\u00e9simo Tercero, fracci\u00f3n VI, del Estatuto de la Asociaci\u00f3n Nacional de Universidades e Instituciones de Educaci\u00f3n Superior (ANUIES), A.C., se convoca a los titulares de las instituciones que integran el Consejo Nacional a la Tercera Sesi\u00f3n Ordinaria que se efectuar\u00e1 el 30 de agosto de 2016 a partir de las 11:30 horas en la Sala de Juntas de la Subsecretar\u00eda de Educaci\u00f3n Superior, oficina 306, ubicada en Calle Brasil N\u00b0 31, Colonia Centro, Delegaci\u00f3n Cuauht\u00e9moc, C.P. 06029, bajo el siguiente:<\/span><\/p>\n<p style=\"text-align: center\"><span style=\"color: #000000\"><b>ORDEN DEL D\u00cdA<\/b><\/span><\/p>\n<p style=\"text-align: justify\"><span style=\"color: #000000\">1.-\u00a0<a style=\"color: #000000\" href=\"http:\/\/cn32016.portal.anuies.mx\/wp-content\/blogs.dir\/69\/files\/sites\/69\/2016\/08\/1.-Miembros-del-Consejo-Nacional.pdf\" target=\"_blank\" rel=\"noopener noreferrer\">Lista de asistencia y verificaci\u00f3n de\u00a0<i>qu\u00f3rum<\/i><\/a>.<\/span><\/p>\n<p style=\"text-align: justify\"><span style=\"color: #000000\"><a style=\"color: #000000\" href=\"https:\/\/organoscolegiados.anuies.mx\/consejonacional\/wp-content\/uploads\/sites\/2\/2020\/04\/Aprobaci\u00f3n-del-Orden-del-D\u00eda-SO.3.2016.pdf\" target=\"_blank\" rel=\"noopener noreferrer\">2.-\u00a0Aprobaci\u00f3n del Orden del D\u00eda.<\/a><\/span><\/p>\n<p style=\"text-align: justify\"><span style=\"color: #000000\">3.-\u00a0<a style=\"color: #000000\" href=\"http:\/\/cn32016.portal.anuies.mx\/wp-content\/blogs.dir\/69\/files\/sites\/69\/2016\/08\/3.-Acta-SO-2.2016-Consejo-Nacional.pdf\" target=\"_blank\" rel=\"noopener noreferrer\">Lectura y aprobaci\u00f3n, en su caso, del acta de la Sesi\u00f3n Ordinaria 2.2016<\/a>.<\/span><\/p>\n<p style=\"padding-left: 40px\"><span style=\"color: #000000\"><a style=\"color: #000000\" href=\"https:\/\/organoscolegiados.anuies.mx\/consejonacional\/wp-content\/uploads\/sites\/2\/2020\/04\/Aprobaci\u00f3n-y-Lectura-del-Acta-SO.3.2016.pdf\" target=\"_blank\" rel=\"noopener noreferrer\">3.1 Aprobaci\u00f3n del Acta de la Sesi\u00f3n Ordinaria 2.2016<\/a><\/span><\/p>\n<p style=\"text-align: justify\"><span style=\"color: #000000\"><a style=\"color: #000000\" href=\"https:\/\/organoscolegiados.anuies.mx\/consejonacional\/wp-content\/uploads\/sites\/2\/2020\/03\/IPN-Sala-del-Consejo-Nacional-3.O.2016.pdf\" target=\"_blank\" rel=\"noopener noreferrer\">4.- Presentaci\u00f3n y aprobaci\u00f3n, en su caso, de la propuesta para colocar el emblema del Instituto Polit\u00e9cnico Nacional en la sala de Consejo Nacional de la ANUIES.<\/a><\/span><\/p>\n<p style=\"text-align: justify\"><span style=\"color: #000000\">5.-\u00a0<a style=\"color: #000000\" href=\"http:\/\/cn32016.portal.anuies.mx\/wp-content\/blogs.dir\/69\/files\/sites\/69\/2016\/08\/5.-Convocatoria-XXIV-SE-AG-220816.pdf\" target=\"_blank\" rel=\"noopener noreferrer\">Presentaci\u00f3n y aprobaci\u00f3n, en su caso, de la propuesta para convocar a la XXIV Sesi\u00f3n Extraordinaria de la Asamblea General, con motivo de los 80 a\u00f1os de la creaci\u00f3n del Instituto Polit\u00e9cnico Nacional<\/a>.<\/span><\/p>\n<p style=\"text-align: justify\"><span style=\"color: #000000\">6.-\u00a0<a style=\"color: #000000\" href=\"https:\/\/organoscolegiados.anuies.mx\/consejonacional\/wp-content\/uploads\/sites\/2\/2019\/11\/6.-Semblanzas-candidatos-Premio-Contribuci\u00f3n.pdf\" target=\"_blank\" rel=\"noopener noreferrer\">Presentaci\u00f3n y aprobaci\u00f3n, en su caso, del dictamen del Premio ANUIES 2016 en la categor\u00eda Trayectoria y contribuci\u00f3n al desarrollo de la educaci\u00f3n superior en M\u00e9xico<\/a>.<\/span><\/p>\n<p style=\"text-align: justify;padding-left: 40px\"><span style=\"color: #000000\">\u00a0 \u00a0 \u00a0 \u00a0-&gt;<a style=\"color: #000000\" href=\"https:\/\/organoscolegiados.anuies.mx\/consejonacional\/wp-content\/uploads\/sites\/2\/2019\/11\/punto-6.zip\" target=\"_blank\" rel=\"noopener noreferrer\">Ver documentos<\/a><\/span><\/p>\n<p style=\"text-align: justify\"><span style=\"color: #000000\">7.-\u00a0<a style=\"color: #000000\" href=\"https:\/\/organoscolegiados.anuies.mx\/consejonacional\/wp-content\/uploads\/sites\/2\/2019\/11\/7.-Convocatoria-CERTIDEMS.pdf\" target=\"_blank\" rel=\"noopener noreferrer\">Presentaci\u00f3n de la Convocatoria 2016 para el Proceso de Certificaci\u00f3n de Competencias Docentes para la Educaci\u00f3n Media Superior<\/a>.<\/span><\/p>\n<p style=\"text-align: justify\"><span style=\"color: #000000\"><a style=\"color: #000000\" href=\"https:\/\/organoscolegiados.anuies.mx\/consejonacional\/wp-content\/uploads\/sites\/2\/2020\/03\/8.-Presentaci\u00f3n-Presupuesto-3.O.2016.pdf\" target=\"_blank\" rel=\"noopener noreferrer\">8.- Presentaci\u00f3n de los ajustes al Presupuesto de Egresos de la Federaci\u00f3n 2016 para la educaci\u00f3n superior y propuesta 2017.<\/a><\/span><\/p>\n<p style=\"text-align: justify\"><span style=\"color: #000000\"><a style=\"color: #000000\" href=\"https:\/\/organoscolegiados.anuies.mx\/consejonacional\/wp-content\/uploads\/sites\/2\/2020\/03\/Dictamen-de-la-Comisi\u00f3n-de-Legislaci\u00f3n-3.O.2016.pdf\" target=\"_blank\" rel=\"noopener noreferrer\">9.- Presentaci\u00f3n y aprobaci\u00f3n, en su caso, del dictamen que presenta la Comisi\u00f3n encargada de elaborar una propuesta relacionada con la legislaci\u00f3n en materia de educaci\u00f3n superior.<\/a><\/span><\/p>\n<p style=\"text-align: justify\"><span style=\"color: #000000\"><a style=\"color: #000000\" href=\"https:\/\/organoscolegiados.anuies.mx\/consejonacional\/wp-content\/uploads\/sites\/2\/2020\/03\/Ratificaci\u00f3n-3.O.2016.pdf\" target=\"_blank\" rel=\"noopener noreferrer\">10.- Ratificaci\u00f3n, en su caso, de la pertenencia de la ANUIES al Espacio Latinoamericano y Caribe\u00f1o de Educaci\u00f3n Superior, ENLACES.<\/a><\/span><\/p>\n<p style=\"text-align: justify\"><span style=\"color: #000000\"><a style=\"color: #000000\" href=\"https:\/\/organoscolegiados.anuies.mx\/consejonacional\/wp-content\/uploads\/sites\/2\/2020\/03\/Asuntos-generales-3.O.2016.pdf\" target=\"_blank\" rel=\"noopener noreferrer\">11.- Asuntos generales.<\/a><\/span><\/p>\n<p style=\"text-align: center\" align=\"center\"><span style=\"color: #000000\"><b>Mtro. Jaime Valls Esponda<\/b><\/span><\/p>\n<p style=\"text-align: center\" align=\"center\"><span style=\"color: #000000\">Secretario General Ejecutivo<\/span><\/p>\n","protected":false},"excerpt":{"rendered":"<p>CONVOCATORIA Con fundamento en los art\u00edculos Vig\u00e9simo Primero, Trig\u00e9simo Primero y Trig\u00e9simo Tercero, fracci\u00f3n VI, del Estatuto de la Asociaci\u00f3n Nacional de Universidades e Instituciones de Educaci\u00f3n Superior (ANUIES), A.C., &hellip; <\/p>\n","protected":false},"author":1,"featured_media":0,"parent":0,"menu_order":0,"comment_status":"closed","ping_status":"closed","template":"","meta":{"ngg_post_thumbnail":0,"footnotes":""},"class_list":["post-414","page","type-page","status-publish","hentry"],"_links":{"self":[{"href":"https:\/\/organoscolegiados.anuies.mx\/consejonacional\/wp-json\/wp\/v2\/pages\/414","targetHints":{"allow":["GET"]}}],"collection":[{"href":"https:\/\/organoscolegiados.anuies.mx\/consejonacional\/wp-json\/wp\/v2\/pages"}],"about":[{"href":"https:\/\/organoscolegiados.anuies.mx\/consejonacional\/wp-json\/wp\/v2\/types\/page"}],"author":[{"embeddable":true,"href":"https:\/\/organoscolegiados.anuies.mx\/consejonacional\/wp-json\/wp\/v2\/users\/1"}],"replies":[{"embeddable":true,"href":"https:\/\/organoscolegiados.anuies.mx\/consejonacional\/wp-json\/wp\/v2\/comments?post=414"}],"version-history":[{"count":9,"href":"https:\/\/organoscolegiados.anuies.mx\/consejonacional\/wp-json\/wp\/v2\/pages\/414\/revisions"}],"predecessor-version":[{"id":899,"href":"https:\/\/organoscolegiados.anuies.mx\/consejonacional\/wp-json\/wp\/v2\/pages\/414\/revisions\/899"}],"wp:attachment":[{"href":"https:\/\/organoscolegiados.anuies.mx\/consejonacional\/wp-json\/wp\/v2\/media?parent=414"}],"curies":[{"name":"wp","href":"https:\/\/api.w.org\/{rel}","templated":true}]}}