{"id":424,"date":"2019-11-06T17:50:59","date_gmt":"2019-11-06T16:50:59","guid":{"rendered":"https:\/\/organoscolegiados.anuies.mx\/consejonacional\/?page_id=424"},"modified":"2020-04-05T22:15:08","modified_gmt":"2020-04-05T20:15:08","slug":"cn42016","status":"publish","type":"page","link":"https:\/\/organoscolegiados.anuies.mx\/consejonacional\/cn42016\/","title":{"rendered":"4.2016 Sesi\u00f3n Ordinaria del Consejo Nacional"},"content":{"rendered":"<p align=\"center\"><img loading=\"lazy\" decoding=\"async\" class=\"alignnone size-full wp-image-425\" src=\"https:\/\/organoscolegiados.anuies.mx\/consejonacional\/wp-content\/uploads\/sites\/2\/2019\/11\/cabezal42016cn.png\" alt=\"\" width=\"1245\" height=\"121\" srcset=\"https:\/\/organoscolegiados.anuies.mx\/consejonacional\/wp-content\/uploads\/sites\/2\/2019\/11\/cabezal42016cn.png 1245w, https:\/\/organoscolegiados.anuies.mx\/consejonacional\/wp-content\/uploads\/sites\/2\/2019\/11\/cabezal42016cn-300x29.png 300w, https:\/\/organoscolegiados.anuies.mx\/consejonacional\/wp-content\/uploads\/sites\/2\/2019\/11\/cabezal42016cn-768x75.png 768w, https:\/\/organoscolegiados.anuies.mx\/consejonacional\/wp-content\/uploads\/sites\/2\/2019\/11\/cabezal42016cn-1024x100.png 1024w\" sizes=\"auto, (max-width: 1245px) 100vw, 1245px\" \/><\/p>\n<p style=\"text-align: center\" align=\"center\"><span style=\"color: #000000\"><strong>CONVOCATORIA<\/strong><\/span><\/p>\n<p style=\"text-align: justify\"><span style=\"color: #000000\">Con fundamento en los art\u00edculos Vig\u00e9simo Primero, Trig\u00e9simo Primero y Trig\u00e9simo Tercero, fracci\u00f3n VI, del Estatuto de la Asociaci\u00f3n Nacional de Universidades e Instituciones de Educaci\u00f3n Superior (ANUIES), A.C., se convoca a los titulares de las instituciones que integran el Consejo Nacional a la Cuarta Sesi\u00f3n Ordinaria que se efectuar\u00e1 el 8 de noviembre de 2016 a partir de las 11:00 horas en el Sal\u00f3n Rojo del Palacio de Miner\u00eda de la UNAM, ubicado en Calle Tacuba No. 5, Centro Hist\u00f3rico, C.P. 06000, Cuauht\u00e9moc, Ciudad de M\u00e9xico, bajo el siguiente:<\/span><\/p>\n<p style=\"text-align: center\"><span style=\"color: #000000\"><b>ORDEN DEL D\u00cdA<\/b><\/span><\/p>\n<p style=\"text-align: justify\"><span style=\"color: #000000\"><a style=\"color: #000000\" href=\"https:\/\/organoscolegiados.anuies.mx\/consejonacional\/wp-content\/uploads\/sites\/2\/2020\/03\/1.-Miembros-del-Consejo-Nacional-4.O.2016.pdf\" target=\"_blank\" rel=\"noopener noreferrer\">1.- Lista de asistencia y verificaci\u00f3n de\u00a0<i>qu\u00f3rum<\/i>.<\/a><\/span><\/p>\n<p style=\"text-align: justify\"><a href=\"https:\/\/organoscolegiados.anuies.mx\/consejonacional\/wp-content\/uploads\/sites\/2\/2020\/04\/Aprobaci\u00f3n-del-Orden-del-D\u00eda-SO.4.2016.pdf\" target=\"_blank\" rel=\"noopener noreferrer\"><span style=\"color: #000000\">2.- Aprobaci\u00f3n del Orden del D\u00eda.<\/span><\/a><\/p>\n<p style=\"text-align: justify\"><a href=\"https:\/\/organoscolegiados.anuies.mx\/consejonacional\/wp-content\/uploads\/sites\/2\/2020\/04\/Acta-SO-3.2016-Consejo-Nacional.pdf\" target=\"_blank\" rel=\"noopener noreferrer\"><span style=\"color: #000000\">3.- Lectura y aprobaci\u00f3n, en su caso, del acta de la Sesi\u00f3n Ordinaria 3.2016.<\/span><\/a><\/p>\n<p style=\"padding-left: 40px\"><a href=\"https:\/\/organoscolegiados.anuies.mx\/consejonacional\/wp-content\/uploads\/sites\/2\/2020\/03\/Lectura-y-aprobaci\u00f3n-del-Acta-4.O.2016.pdf\" target=\"_blank\" rel=\"noopener noreferrer\"><span style=\"color: #000000\">3.1 Aprobaci\u00f3n y Lectura del Acta de la Sesi\u00f3n Ordinaria 3.2016<\/span><\/a><\/p>\n<p style=\"text-align: justify\"><span style=\"color: #000000\"><a style=\"color: #000000\" href=\"https:\/\/organoscolegiados.anuies.mx\/consejonacional\/wp-content\/uploads\/sites\/2\/2020\/03\/4.-Reconocimiento-Ing.-Ram\u00f3n-de-la-Pe\u00f1a-Manrique-4.O.2016.pdf\" target=\"_blank\" rel=\"noopener noreferrer\">4.- Entrega de reconocimiento al Ing. Ram\u00f3n de la Pe\u00f1a Manrique, Rector del Sistema Centro de Estudios Universitarios Monterrey, por su labor y compromiso como representante del CUPRIA ante el Consejo Nacional (2012-2016).<\/a><\/span><\/p>\n<p style=\"text-align: justify\"><a href=\"https:\/\/organoscolegiados.anuies.mx\/consejonacional\/wp-content\/uploads\/sites\/2\/2020\/03\/Informe-del-CNsolicitudes-de-ingreso-4.O.2016.pdf\" target=\"_blank\" rel=\"noopener noreferrer\"><span style=\"color: #000000\">5.- An\u00e1lisis y aprobaci\u00f3n, en su caso, de las resoluciones de los Consejos Regionales sobre las solicitudes de ingreso a la ANUIES.<\/span><\/a><\/p>\n<p style=\"text-align: justify\"><span style=\"color: #000000\"><a style=\"color: #000000\" href=\"https:\/\/organoscolegiados.anuies.mx\/consejonacional\/wp-content\/uploads\/sites\/2\/2020\/03\/6.1.-Informe-actividades-2016-CN-4.O.2016.pdf\" target=\"_blank\" rel=\"noopener noreferrer\">6.- Presentaci\u00f3n y aprobaci\u00f3n, en su caso, del informe de actividades 2016 del Consejo Nacional que se rendir\u00e1 a la Asamblea General.<\/a><\/span><\/p>\n<p style=\"text-align: justify\"><span style=\"color: #000000\"><a style=\"color: #000000\" href=\"https:\/\/organoscolegiados.anuies.mx\/consejonacional\/wp-content\/uploads\/sites\/2\/2020\/03\/7.-Calendario-2017-\u00d3rganos-Colegiados-4.O.2016.pdf\" target=\"_blank\" rel=\"noopener noreferrer\">7.- Presentaci\u00f3n y aprobaci\u00f3n, en su caso, del calendario de sesiones de los \u00f3rganos colegiados nacionales de la ANUIES.<\/a><\/span><\/p>\n<p style=\"text-align: justify\"><span style=\"color: #000000\"><a style=\"color: #000000\" href=\"https:\/\/organoscolegiados.anuies.mx\/consejonacional\/wp-content\/uploads\/sites\/2\/2020\/03\/8.-Resultados-Premio-ANUIES-2016-4.O.2016.pdf\" target=\"_blank\" rel=\"noopener noreferrer\">8.- Presentaci\u00f3n y aprobaci\u00f3n, en su caso, del dictamen del Premio ANUIES 2016.<\/a><\/span><\/p>\n<p style=\"padding-left: 40px\"><span style=\"color: #000000\"><a style=\"color: #000000\" href=\"https:\/\/organoscolegiados.anuies.mx\/consejonacional\/wp-content\/uploads\/sites\/2\/2020\/03\/8.1.-Nota_Premio2016-4.O.2016.pdf\" target=\"_blank\" rel=\"noopener noreferrer\">8.1 Nota del Premio ANUIES 2016<\/a><\/span><\/p>\n<p style=\"text-align: justify\"><span style=\"color: #000000\"><a style=\"color: #000000\" href=\"https:\/\/organoscolegiados.anuies.mx\/consejonacional\/wp-content\/uploads\/sites\/2\/2020\/03\/9.-PDI-Visi\u00f3n-2030-ANUIES-4.O.216.pdf\" target=\"_blank\" rel=\"noopener noreferrer\">9.- Presentaci\u00f3n y aprobaci\u00f3n, en su caso, de la versi\u00f3n final del Plan de Desarrollo Institucional de la ANUIES, Visi\u00f3n 2030.<\/a><\/span><\/p>\n<p style=\"padding-left: 40px\"><span style=\"color: #000000\"><a style=\"color: #000000\" href=\"https:\/\/organoscolegiados.anuies.mx\/consejonacional\/wp-content\/uploads\/sites\/2\/2020\/03\/9.1-Presentaci\u00f3n-PDI-V2030-Consejo-Nacional-081116-4.O.2016.pdf\" target=\"_blank\" rel=\"noopener noreferrer\">9.1 Presentaci\u00f3n del Plan de Desarrollo Institucional de la ANUIES, Visi\u00f3n 2030.<\/a><\/span><\/p>\n<p style=\"text-align: justify\"><span style=\"color: #000000\"><a style=\"color: #000000\" href=\"https:\/\/organoscolegiados.anuies.mx\/consejonacional\/wp-content\/uploads\/sites\/2\/2020\/03\/10.-Programa-Anual-de-Trabajo-2017-de-la-SGE-4.O.2016.pdf\" target=\"_blank\" rel=\"noopener noreferrer\">10.- An\u00e1lisis y aprobaci\u00f3n, en su caso, del Programa de Actividades 2017 de la ANUIES.<\/a><\/span><\/p>\n<p style=\"padding-left: 40px\"><span style=\"color: #000000\"><a style=\"color: #000000\" href=\"https:\/\/organoscolegiados.anuies.mx\/consejonacional\/wp-content\/uploads\/sites\/2\/2020\/03\/10.1.-Presentaci\u00f3n-PAT2017-4.O.2016.pdf\" target=\"_blank\" rel=\"noopener noreferrer\">10.1 Presentaci\u00f3n del Programa de Actividades 2017 de la ANUIES.<\/a><\/span><\/p>\n<p style=\"text-align: justify\"><a href=\"https:\/\/organoscolegiados.anuies.mx\/consejonacional\/wp-content\/uploads\/sites\/2\/2020\/04\/Punto-12-SO.4.2016.pdf\" target=\"_blank\" rel=\"noopener noreferrer\"><span style=\"color: #000000\">11.- Presentaci\u00f3n y aprobaci\u00f3n, en su caso, de la propuesta de modificaci\u00f3n a la estructura administrativa de la ANUIES.<\/span><\/a><\/p>\n<p style=\"text-align: justify\"><a href=\"https:\/\/organoscolegiados.anuies.mx\/consejonacional\/wp-content\/uploads\/sites\/2\/2020\/03\/Asuntos-generales-4.O.2016.pdf\" target=\"_blank\" rel=\"noopener noreferrer\"><span style=\"color: #000000\">12. Asuntos generales.<\/span><\/a><\/p>\n<p style=\"padding-left: 40px\"><span style=\"color: #000000\"><a style=\"color: #000000\" href=\"https:\/\/organoscolegiados.anuies.mx\/consejonacional\/wp-content\/uploads\/sites\/2\/2020\/03\/12.1.-Gestion-del-Presupuesto-2017-08112016-4.O.2016.pdf\" target=\"_blank\" rel=\"noopener noreferrer\">12.1 Mtro. Jos\u00e9 Aguirre V\u00e1zquez. Director General de Planeaci\u00f3n y Desarrollo de la SGE ANUIES.<\/a><\/span><\/p>\n<p>&nbsp;<\/p>\n<p style=\"text-align: center\" align=\"center\"><span style=\"color: #000000\"><b>Mtro. Jaime Valls Esponda<\/b><\/span><\/p>\n<p style=\"text-align: center\" align=\"center\"><span style=\"color: #000000\">Secretario General Ejecutivo<\/span><\/p>\n","protected":false},"excerpt":{"rendered":"<p>CONVOCATORIA Con fundamento en los art\u00edculos Vig\u00e9simo Primero, Trig\u00e9simo Primero y Trig\u00e9simo Tercero, fracci\u00f3n VI, del Estatuto de la Asociaci\u00f3n Nacional de Universidades e Instituciones de Educaci\u00f3n Superior (ANUIES), A.C., &hellip; <\/p>\n","protected":false},"author":1,"featured_media":0,"parent":0,"menu_order":0,"comment_status":"closed","ping_status":"closed","template":"","meta":{"ngg_post_thumbnail":0,"footnotes":""},"class_list":["post-424","page","type-page","status-publish","hentry"],"_links":{"self":[{"href":"https:\/\/organoscolegiados.anuies.mx\/consejonacional\/wp-json\/wp\/v2\/pages\/424","targetHints":{"allow":["GET"]}}],"collection":[{"href":"https:\/\/organoscolegiados.anuies.mx\/consejonacional\/wp-json\/wp\/v2\/pages"}],"about":[{"href":"https:\/\/organoscolegiados.anuies.mx\/consejonacional\/wp-json\/wp\/v2\/types\/page"}],"author":[{"embeddable":true,"href":"https:\/\/organoscolegiados.anuies.mx\/consejonacional\/wp-json\/wp\/v2\/users\/1"}],"replies":[{"embeddable":true,"href":"https:\/\/organoscolegiados.anuies.mx\/consejonacional\/wp-json\/wp\/v2\/comments?post=424"}],"version-history":[{"count":12,"href":"https:\/\/organoscolegiados.anuies.mx\/consejonacional\/wp-json\/wp\/v2\/pages\/424\/revisions"}],"predecessor-version":[{"id":1121,"href":"https:\/\/organoscolegiados.anuies.mx\/consejonacional\/wp-json\/wp\/v2\/pages\/424\/revisions\/1121"}],"wp:attachment":[{"href":"https:\/\/organoscolegiados.anuies.mx\/consejonacional\/wp-json\/wp\/v2\/media?parent=424"}],"curies":[{"name":"wp","href":"https:\/\/api.w.org\/{rel}","templated":true}]}}