{"id":543,"date":"2019-11-06T20:28:03","date_gmt":"2019-11-06T19:28:03","guid":{"rendered":"https:\/\/organoscolegiados.anuies.mx\/consejonacional\/?page_id=543"},"modified":"2020-04-07T20:50:07","modified_gmt":"2020-04-07T18:50:07","slug":"cn42014","status":"publish","type":"page","link":"https:\/\/organoscolegiados.anuies.mx\/consejonacional\/cn42014\/","title":{"rendered":"4.2014 Sesi\u00f3n Ordinaria del Consejo Nacional"},"content":{"rendered":"<p align=\"center\"><img loading=\"lazy\" decoding=\"async\" class=\"alignnone size-full wp-image-558\" src=\"https:\/\/organoscolegiados.anuies.mx\/consejonacional\/wp-content\/uploads\/sites\/2\/2019\/11\/cabezal42014cn.png\" alt=\"\" width=\"1245\" height=\"121\" srcset=\"https:\/\/organoscolegiados.anuies.mx\/consejonacional\/wp-content\/uploads\/sites\/2\/2019\/11\/cabezal42014cn.png 1245w, https:\/\/organoscolegiados.anuies.mx\/consejonacional\/wp-content\/uploads\/sites\/2\/2019\/11\/cabezal42014cn-300x29.png 300w, https:\/\/organoscolegiados.anuies.mx\/consejonacional\/wp-content\/uploads\/sites\/2\/2019\/11\/cabezal42014cn-768x75.png 768w, https:\/\/organoscolegiados.anuies.mx\/consejonacional\/wp-content\/uploads\/sites\/2\/2019\/11\/cabezal42014cn-1024x100.png 1024w\" sizes=\"auto, (max-width: 1245px) 100vw, 1245px\" \/><\/p>\n<h5 align=\"center\"><span style=\"color: #000000\"><strong>CONVOCATORIA<\/strong><\/span><\/h5>\n<p style=\"text-align: justify\"><span style=\"color: #000000\">Con fundamento en los art\u00edculos Vig\u00e9simo Primero, Trig\u00e9simo Primero y Trig\u00e9simo Tercero, Fracci\u00f3n VI, del Estatuto de la Asociaci\u00f3n Nacional de Universidades e Instituciones de Educaci\u00f3n Superior (ANUIES), A.C., se convoca a los titulares de las instituciones que integran el Consejo Nacional a la Cuarta Sesi\u00f3n Ordinaria que se efectuar\u00e1 el 27 de noviembre de 2014, a partir de las 17:00 horas, en las instalaciones de la Universidad de Guanajuato, ubicadas en Lascur\u00e1in de Retana 5, Col. Centro, Guanajuato, Gto., bajo el siguiente:<\/span><\/p>\n<h5 style=\"text-align: center\"><span style=\"color: #000000\"><b>ORDEN DEL D\u00cdA<\/b><b>\u00a0<\/b><\/span><\/h5>\n<ol>\n<li><span style=\"color: #000000\"><a style=\"color: #000000\" href=\"https:\/\/organoscolegiados.anuies.mx\/consejonacional\/wp-content\/uploads\/sites\/2\/2020\/01\/1.-MIEMBROS-DEL-CN-4.2014.pdf\" target=\"_blank\" rel=\"noopener noreferrer\">Lista de asistencia y verificaci\u00f3n de <em>qu\u00f3rum<\/em>.<\/a><\/span><\/li>\n<li><a href=\"https:\/\/organoscolegiados.anuies.mx\/consejonacional\/wp-content\/uploads\/sites\/2\/2020\/04\/Aprobaci\u00f3n-del-Orden-del-D\u00efa-SO.4.2014-1.pdf\" target=\"_blank\" rel=\"noopener noreferrer\"><span style=\"color: #000000\">Aprobaci\u00f3n del Orden del D\u00eda.<\/span><\/a><\/li>\n<li><span style=\"color: #000000\"><a style=\"color: #000000\" href=\"https:\/\/organoscolegiados.anuies.mx\/consejonacional\/wp-content\/uploads\/sites\/2\/2020\/01\/3.-ACTA-DE-LA-SESI\u00d3N-3.2014-CN.pdf\" target=\"_blank\" rel=\"noopener noreferrer\">Lectura y aprobaci\u00f3n, en su caso, del Acta de la Sesi\u00f3n Ordinaria 3.2014.<\/a><\/span><\/li>\n<\/ol>\n<p style=\"padding-left: 80px\"><a href=\"https:\/\/organoscolegiados.anuies.mx\/consejonacional\/wp-content\/uploads\/sites\/2\/2020\/04\/Aprobaci\u00f3n-y-Lectura-del-Acta-SO.4.2014.pdf\" target=\"_blank\" rel=\"noopener noreferrer\"><span style=\"color: #000000\">3.1 Aprobaci\u00f3n del Acta de la Sesi\u00f3n Ordinaria 3.2014<\/span><\/a><\/p>\n<p style=\"padding-left: 40px\"><span style=\"color: #000000\">4. Entrega de reconocimientos a titulares que concluyeron su periodo como miembros del Consejo Nacional.<\/span><\/p>\n<p style=\"padding-left: 80px\"><span style=\"color: #000000\">4.1. <a style=\"color: #000000\" href=\"https:\/\/organoscolegiados.anuies.mx\/consejonacional\/wp-content\/uploads\/sites\/2\/2020\/01\/4.1.-RECONOCIMIENTO-ETIENNE.pdf\" target=\"_blank\" rel=\"noopener noreferrer\">Reconocimiento Mtro. Enrique Carlos Etienne P\u00e9rez Del R\u00edo.<\/a><\/span><\/p>\n<p style=\"padding-left: 80px\"><span style=\"color: #000000\">4.2. <a style=\"color: #000000\" href=\"https:\/\/organoscolegiados.anuies.mx\/consejonacional\/wp-content\/uploads\/sites\/2\/2020\/01\/4.2.-RECONOCIMIENTO-YOLOX\u00d3CHITL.pdf\" target=\"_blank\" rel=\"noopener noreferrer\">Reconocimiento Dra. Yolox\u00f3chitl Bustamante D\u00edez<\/a><\/span><\/p>\n<ol start=\"5\">\n<li><span style=\"color: #000000\"><a style=\"color: #000000\" href=\"https:\/\/organoscolegiados.anuies.mx\/consejonacional\/wp-content\/uploads\/sites\/2\/2020\/01\/5.-INFORME-COMISI\u00d3N-DEL-PROYECTO-DE-REFORMA-AL-ESTATUTO.pdf\" target=\"_blank\" rel=\"noopener noreferrer\">Presentaci\u00f3n de los resultados de la consulta sobre el proyecto de reformas al Estatuto de la ANUIES.<\/a><\/span><\/li>\n<li><span style=\"color: #000000\"><a style=\"color: #000000\" href=\"https:\/\/organoscolegiados.anuies.mx\/consejonacional\/wp-content\/uploads\/sites\/2\/2020\/01\/6.-DICTAMEN-SOLICITUDES-INGRESO-ANUIES.pdf\" target=\"_blank\" rel=\"noopener noreferrer\">An\u00e1lisis, discusi\u00f3n y aprobaci\u00f3n, en su caso, de las resoluciones de los Consejos Regionales sobre las solicitudes de ingreso a la ANUIES.<\/a><\/span><\/li>\n<\/ol>\n<p style=\"padding-left: 80px\"><span style=\"color: #000000\">6.1. <a style=\"color: #000000\" href=\"https:\/\/organoscolegiados.anuies.mx\/consejonacional\/wp-content\/uploads\/sites\/2\/2020\/01\/6.1.-Dictamen-CRSS.pdf\" target=\"_blank\" rel=\"noopener noreferrer\">Dictamen CRSS<\/a><\/span><\/p>\n<p style=\"padding-left: 80px\"><span style=\"color: #000000\">6.2. <a style=\"color: #000000\" href=\"https:\/\/organoscolegiados.anuies.mx\/consejonacional\/wp-content\/uploads\/sites\/2\/2020\/01\/6.2.-Dictamen-CRCS.pdf\" target=\"_blank\" rel=\"noopener noreferrer\">Dictamen CRCS<\/a><\/span><\/p>\n<ol start=\"7\">\n<li><span style=\"color: #000000\"><a style=\"color: #000000\" href=\"https:\/\/organoscolegiados.anuies.mx\/consejonacional\/wp-content\/uploads\/sites\/2\/2020\/01\/7.-PRESENTACI\u00d3N-PEF-2015.pdf\" target=\"_blank\" rel=\"noopener noreferrer\">Informe sobre los recursos destinados a la educaci\u00f3n superior en el Presupuesto de Egresos de la Federaci\u00f3n para el Ejercicio Fiscal 2015.<\/a><\/span><\/li>\n<li><span style=\"color: #000000\"><a style=\"color: #000000\" href=\"https:\/\/organoscolegiados.anuies.mx\/consejonacional\/wp-content\/uploads\/sites\/2\/2020\/01\/8.-INFORME-PREMIOS-ANUIES-2014.pdf\" target=\"_blank\" rel=\"noopener noreferrer\">Informe del Premio ANUIES 2014.<\/a><\/span><\/li>\n<\/ol>\n<p style=\"padding-left: 80px\"><span style=\"color: #000000\">8.1. <a style=\"color: #000000\" href=\"https:\/\/organoscolegiados.anuies.mx\/consejonacional\/wp-content\/uploads\/sites\/2\/2020\/01\/8.1.-Presentaci\u00f3n-Premio-ANUIES-2014.pdf\" target=\"_blank\" rel=\"noopener noreferrer\">Presentaci\u00f3n Premio ANUIES 2014<\/a><\/span><\/p>\n<ol start=\"9\">\n<li><span style=\"color: #000000\"><a style=\"color: #000000\" href=\"https:\/\/organoscolegiados.anuies.mx\/consejonacional\/wp-content\/uploads\/sites\/2\/2020\/01\/9.-INFORME-DE-ACTIVIDADES-2014-CN.pdf\" target=\"_blank\" rel=\"noopener noreferrer\">Presentaci\u00f3n del informe de actividades 2014 del Consejo Nacional que se rendir\u00e1 a la Asamblea General.<\/a><\/span><\/li>\n<\/ol>\n<p style=\"padding-left: 80px\"><span style=\"color: #000000\">9.1. <a style=\"color: #000000\" href=\"https:\/\/organoscolegiados.anuies.mx\/consejonacional\/wp-content\/uploads\/sites\/2\/2020\/01\/9.1.-Presentaci\u00f3n-Informe-CN-2014.pdf\" target=\"_blank\" rel=\"noopener noreferrer\">Presentaci\u00f3n Informe CN 2014<\/a><\/span><\/p>\n<ol start=\"10\">\n<li><span style=\"color: #000000\">Aprobaci\u00f3n, en su caso, de la agenda de trabajo 2015 de los \u00f3rganos colegiados nacionales de la ANUIES.<\/span><\/li>\n<\/ol>\n<p style=\"padding-left: 80px\"><span style=\"color: #000000\">10.1. <a style=\"color: #000000\" href=\"https:\/\/organoscolegiados.anuies.mx\/consejonacional\/wp-content\/uploads\/sites\/2\/2020\/01\/10.1.-Agenda-2015-OC-Estatuto-actual.pdf\" target=\"_blank\" rel=\"noopener noreferrer\">Agenda 2015 OC Estatuto actual<\/a><\/span><\/p>\n<p style=\"padding-left: 80px\"><span style=\"color: #000000\">10.2. <a style=\"color: #000000\" href=\"https:\/\/organoscolegiados.anuies.mx\/consejonacional\/wp-content\/uploads\/sites\/2\/2020\/01\/10.2.-Agenda-2015-OC-Nuevo-Estatuto.pdf\" target=\"_blank\" rel=\"noopener noreferrer\">Agenda 2015 OC Nuevo Estatuto<\/a><\/span><\/p>\n<ol start=\"11\">\n<li><span style=\"color: #000000\"><a style=\"color: #000000\" href=\"https:\/\/organoscolegiados.anuies.mx\/consejonacional\/wp-content\/uploads\/sites\/2\/2020\/01\/11.-PRESENTACI\u00d3N-TERNA-AUDITOR\u00cdA.pdf\" target=\"_blank\" rel=\"noopener noreferrer\">Designaci\u00f3n del Auditor Externo de la ANUIES para el Ejercicio Fiscal 2015.<\/a><\/span><\/li>\n<li><a href=\"https:\/\/organoscolegiados.anuies.mx\/consejonacional\/wp-content\/uploads\/sites\/2\/2020\/04\/Asuntos-generales-SO.4.2014.pdf\" target=\"_blank\" rel=\"noopener noreferrer\"><span style=\"color: #000000\">Asuntos generales.<\/span><\/a><\/li>\n<\/ol>\n<p style=\"padding-left: 80px\"><span style=\"color: #000000\">12.1. <a style=\"color: #000000\" href=\"https:\/\/organoscolegiados.anuies.mx\/consejonacional\/wp-content\/uploads\/sites\/2\/2020\/01\/12.1.-Convocatoria-NASA.pdf\" target=\"_blank\" rel=\"noopener noreferrer\">Convocatoria NASA<\/a><\/span><\/p>\n","protected":false},"excerpt":{"rendered":"<p>CONVOCATORIA Con fundamento en los art\u00edculos Vig\u00e9simo Primero, Trig\u00e9simo Primero y Trig\u00e9simo Tercero, Fracci\u00f3n VI, del Estatuto de la Asociaci\u00f3n Nacional de Universidades e Instituciones de Educaci\u00f3n Superior (ANUIES), A.C., &hellip; <\/p>\n","protected":false},"author":1,"featured_media":0,"parent":0,"menu_order":0,"comment_status":"closed","ping_status":"closed","template":"","meta":{"ngg_post_thumbnail":0,"footnotes":""},"class_list":["post-543","page","type-page","status-publish","hentry"],"_links":{"self":[{"href":"https:\/\/organoscolegiados.anuies.mx\/consejonacional\/wp-json\/wp\/v2\/pages\/543","targetHints":{"allow":["GET"]}}],"collection":[{"href":"https:\/\/organoscolegiados.anuies.mx\/consejonacional\/wp-json\/wp\/v2\/pages"}],"about":[{"href":"https:\/\/organoscolegiados.anuies.mx\/consejonacional\/wp-json\/wp\/v2\/types\/page"}],"author":[{"embeddable":true,"href":"https:\/\/organoscolegiados.anuies.mx\/consejonacional\/wp-json\/wp\/v2\/users\/1"}],"replies":[{"embeddable":true,"href":"https:\/\/organoscolegiados.anuies.mx\/consejonacional\/wp-json\/wp\/v2\/comments?post=543"}],"version-history":[{"count":15,"href":"https:\/\/organoscolegiados.anuies.mx\/consejonacional\/wp-json\/wp\/v2\/pages\/543\/revisions"}],"predecessor-version":[{"id":1061,"href":"https:\/\/organoscolegiados.anuies.mx\/consejonacional\/wp-json\/wp\/v2\/pages\/543\/revisions\/1061"}],"wp:attachment":[{"href":"https:\/\/organoscolegiados.anuies.mx\/consejonacional\/wp-json\/wp\/v2\/media?parent=543"}],"curies":[{"name":"wp","href":"https:\/\/api.w.org\/{rel}","templated":true}]}}