{"id":562,"date":"2019-11-27T17:21:21","date_gmt":"2019-11-27T16:21:21","guid":{"rendered":"https:\/\/organoscolegiados.anuies.mx\/cupia\/?page_id=562"},"modified":"2020-03-17T19:23:53","modified_gmt":"2020-03-17T18:23:53","slug":"lii-cupia","status":"publish","type":"page","link":"https:\/\/organoscolegiados.anuies.mx\/cupia\/lii-cupia\/","title":{"rendered":"LII Sesi\u00f3n Ordinaria"},"content":{"rendered":"<div id=\"pl-562\"  class=\"panel-layout\" ><div id=\"pg-562-0\"  class=\"panel-grid panel-no-style\" ><div id=\"pgc-562-0-0\"  class=\"panel-grid-cell\" ><div id=\"panel-562-0-0-0\" class=\"so-panel widget widget_sow-editor panel-first-child panel-last-child\" data-index=\"0\" ><div\n\t\t\t\n\t\t\tclass=\"so-widget-sow-editor so-widget-sow-editor-base\"\n\t\t\t\n\t\t>\n<div class=\"siteorigin-widget-tinymce textwidget\">\n\t<p><img loading=\"lazy\" decoding=\"async\" class=\"alignnone size-full wp-image-585\" src=\"https:\/\/organoscolegiados.anuies.mx\/cupia\/wp-content\/uploads\/sites\/6\/2019\/11\/cabecera-1.jpg\" alt=\"\" width=\"1100\" height=\"150\" srcset=\"https:\/\/organoscolegiados.anuies.mx\/cupia\/wp-content\/uploads\/sites\/6\/2019\/11\/cabecera-1.jpg 1100w, https:\/\/organoscolegiados.anuies.mx\/cupia\/wp-content\/uploads\/sites\/6\/2019\/11\/cabecera-1-300x41.jpg 300w, https:\/\/organoscolegiados.anuies.mx\/cupia\/wp-content\/uploads\/sites\/6\/2019\/11\/cabecera-1-768x105.jpg 768w, https:\/\/organoscolegiados.anuies.mx\/cupia\/wp-content\/uploads\/sites\/6\/2019\/11\/cabecera-1-1024x140.jpg 1024w\" sizes=\"auto, (max-width: 1100px) 100vw, 1100px\" \/><\/p>\n<p style=\"text-align: center\"><strong>CONVOCATORIA<\/strong><\/p>\n<p style=\"text-align: justify\"><strong>\u00a0<\/strong>Con fundamento en los art\u00edculos Trig\u00e9simo, Trig\u00e9simo Primero y Trig\u00e9simo Tercero, fracci\u00f3n VI, del Estatuto de la Asociaci\u00f3n Nacional de Universidades e Instituciones de Educaci\u00f3n Superior de la Rep\u00fablica Mexicana, A.C. (ANUIES), se convoca a los titulares de las instituciones que integran el Consejo de Universidades P\u00fablicas e Instituciones Afines (CUPIA), a la LII Sesi\u00f3n Ordinaria que se celebrar\u00e1 el d\u00eda viernes 24 de mayo de 2019 a partir de las 10:00 horas en el Centro de Tecnolog\u00eda Educativa de la Universidad de Colima, Campus El Naranjo, Delegaci\u00f3n Manzanillo, ubicado en Carretera Manzanillo-Cihuatl\u00e1n km 20.5, C.P. 28860, Manzanillo, Colima, bajo el siguiente:<\/p>\n<p style=\"text-align: center\"><strong>ORDEN DEL D\u00cdA<\/strong><\/p>\n<p><span style=\"color: #000000\">1.\u00a0<a style=\"color: #000000\" href=\"https:\/\/organoscolegiados.anuies.mx\/cupia\/wp-content\/uploads\/sites\/6\/2019\/11\/1.-Lista-de-miembros-del-CUPIA.pdf\" target=\"_blank\" rel=\"noopener noreferrer\">Lista de asistencia y verificaci\u00f3n de\u00a0<em>qu\u00f3rum<\/em>.<\/a><\/span><\/p>\n<p><span style=\"color: #000000\">2.\u00a0<a style=\"color: #000000\" href=\"https:\/\/organoscolegiados.anuies.mx\/cupia\/wp-content\/uploads\/sites\/6\/2019\/11\/2.-Convocatoria-LII-SO-CUPIA-240519.pdf\" target=\"_blank\" rel=\"noopener noreferrer\">Aprobaci\u00f3n del Orden del D\u00eda.<\/a><\/span><\/p>\n<p><a href=\"https:\/\/organoscolegiados.anuies.mx\/cupia\/wp-content\/uploads\/sites\/6\/2020\/03\/3.-Elecci\u00f3n-del-Vicepresidente-de-la-Sesi\u00f3n.-.pdf\" target=\"_blank\" rel=\"noopener\"><span style=\"color: #000000\">3.\u00a0Elecci\u00f3n del Vicepresidente de la Sesi\u00f3n.<\/span><\/a><\/p>\n<p><a href=\"https:\/\/organoscolegiados.anuies.mx\/cupia\/wp-content\/uploads\/sites\/6\/2020\/03\/4.-Lectura-y-aprobaci\u00f3n-en-su-caso-del-Acta-de-la-LI-Sesi\u00f3n-Ordinaria..pdf\" target=\"_blank\" rel=\"noopener\"><span style=\"color: #000000\">4.\u00a0Lectura y aprobaci\u00f3n, en su caso, del Acta de la LI Sesi\u00f3n Ordinaria.<\/span><\/a><\/p>\n<p><span style=\"color: #000000\">5. Presentaciones y exposiciones, en su caso, de invitados especiales.<\/span><\/p>\n<p><span style=\"color: #000000\">5.1.1.\u00a0<a style=\"color: #000000\" href=\"https:\/\/organoscolegiados.anuies.mx\/cupia\/wp-content\/uploads\/sites\/6\/2019\/11\/5.1.1-CONACYT.pdf\" target=\"_blank\" rel=\"noopener noreferrer\">Presentaci\u00f3n CONACYT.<\/a><\/span><\/p>\n<p><span style=\"color: #000000\">5.1 .2.\u00a0<a style=\"color: #000000\" href=\"https:\/\/organoscolegiados.anuies.mx\/cupia\/wp-content\/uploads\/sites\/6\/2019\/11\/5.1.2.-Semblanza-Mtra.-Mar\u00eda-Jos\u00e9-Rhi-Sausi-Garavito.pdf\" target=\"_blank\" rel=\"noopener noreferrer\">Mar\u00eda Jos\u00e9 Rhi Sausi Garavito, Directora Adjunta de Posgrado y Becas del CONACYT.<\/a><\/span><\/p>\n<p><a href=\"https:\/\/organoscolegiados.anuies.mx\/cupia\/wp-content\/uploads\/sites\/6\/2020\/03\/5.2-Semblanza-Mtra.-Ang\u00e9lica-Mar\u00eda-Careaga-Mercadillo.pdf\" target=\"_blank\" rel=\"noopener\"><span style=\"color: #000000\">5.2\u00a0 Ang\u00e9lica Mar\u00eda Careaga Mercadillo, Directora Ejecutiva del Council for Advancement and Support of Education (CASE Am\u00e9rica Latina), cuya participaci\u00f3n iniciar\u00e1 con la proyecci\u00f3n del video preparado por Sir Eric Jackson Thomas, exrector de la Universidad de Bristol y expresidente de Universities UK (equivalente a la ANUIES en el Reino Unido), a prop\u00f3sito del tema \u201cProcuraci\u00f3n de fondos en educaci\u00f3n superior: El caso del Reino Unido\u201d.<\/span><\/a><\/p>\n<p><span style=\"color: #000000\">5.2.1.\u00a0<a style=\"color: #000000\" href=\"http:\/\/cupialii.portal.anuies.mx\/wp-content\/uploads\/sites\/115\/2019\/05\/5.2.2.1-Presentaci%C3%B3n-CASE.pdf\" target=\"_blank\" rel=\"noopener noreferrer\">Presentaci\u00f3n CASE.<\/a><\/span><\/p>\n<p><span style=\"color: #000000\">5.2.2.\u00a0<a style=\"color: #000000\" href=\"https:\/\/youtu.be\/nBGvcaDHLqo\" target=\"_blank\" rel=\"noopener noreferrer\">Video Sir Eric Thomas CASE.(video)<\/a><\/span><\/p>\n<p><span style=\"color: #000000\">5.2.3.\u00a0<a style=\"color: #000000\" href=\"https:\/\/organoscolegiados.anuies.mx\/cupia\/wp-content\/uploads\/sites\/6\/2019\/11\/5.2.1.2.-Semblanza-Sir-Eric-Jackson-Thomas.pdf\" target=\"_blank\" rel=\"noopener noreferrer\">Semblanza Sir Eric Jackson Thomas.<\/a><\/span><\/p>\n<p><span style=\"color: #000000\">5.2.4.\u00a0<a style=\"color: #000000\" href=\"https:\/\/youtu.be\/vd8K0zQAaF0\" target=\"_blank\" rel=\"noopener noreferrer\">Caso UABC.(video)<\/a><\/span><\/p>\n<p><span style=\"color: #000000\">5.3\u00a0<a style=\"color: #000000\" href=\"https:\/\/organoscolegiados.anuies.mx\/cupia\/wp-content\/uploads\/sites\/6\/2019\/11\/5.3.2.-Semblanza-Mtro.-Pedro-Castillo-Novoa.pdf\" target=\"_blank\" rel=\"noopener noreferrer\">Pedro Castillo Novoa, Vicepresidente de Relaciones Institucionales del ITESM, Red Nacional de Generaci\u00f3n de Recursos para la Educaci\u00f3n Superior.<\/a><\/span><\/p>\n<p><span style=\"color: #000000\">5.3.1.\u00a0<a style=\"color: #000000\" href=\"https:\/\/organoscolegiados.anuies.mx\/cupia\/wp-content\/uploads\/sites\/6\/2019\/11\/5.3.1.-Red-Nacional-de-Generacio\u0301n-de-Recursos-para-ES.pdf\" target=\"_blank\" rel=\"noopener noreferrer\">Red Nacional de Generacio\u0301n de Recursos para ES.<\/a><\/span><\/p>\n<p><span style=\"color: #000000\">5.4.\u00a0<a style=\"color: #000000\" href=\"https:\/\/organoscolegiados.anuies.mx\/cupia\/wp-content\/uploads\/sites\/6\/2019\/11\/5.4.2.-Semblanza-Ing.-Alfonso-Ram\u00edrez-Lav\u00edn.pdf\" target=\"_blank\" rel=\"noopener noreferrer\">Alfonso Ram\u00edrez Lav\u00edn, Director General de la Alianza FiiDEM.<\/a><\/span><\/p>\n<p><span style=\"color: #000000\">5.4.1.\u00a0<a style=\"color: #000000\" href=\"https:\/\/organoscolegiados.anuies.mx\/cupia\/wp-content\/uploads\/sites\/6\/2019\/11\/5.4.1.-Presentaci\u00f3n-Alianza-FiiDEM.pdf\" target=\"_blank\" rel=\"noopener noreferrer\">Presentaci\u00f3n Alianza FiiDEM.<\/a><\/span><\/p>\n<p><span style=\"color: #000000\">5.5.\u00a0<a style=\"color: #000000\" href=\"https:\/\/organoscolegiados.anuies.mx\/cupia\/wp-content\/uploads\/sites\/6\/2019\/11\/5.5.2.-Semblanza-Mtro.-Miguel-\u00c1ngel-Tamayo-Taype.pdf\" target=\"_blank\" rel=\"noopener noreferrer\">Francisco Montes de Oca Garro, Vocal Ejecutivo del Comit\u00e9 de Artes, Educaci\u00f3n y Humanidades, que asiste en representaci\u00f3n del Mtro. Miguel \u00c1ngel Tamayo Taype, Coordinador General de los Comit\u00e9s Interinstitucionales para la Evaluaci\u00f3n de la Educaci\u00f3n Superior (CIEES).<\/a><\/span><\/p>\n<p><span style=\"color: #000000\">5.5.1.\u00a0<a style=\"color: #000000\" href=\"https:\/\/organoscolegiados.anuies.mx\/cupia\/wp-content\/uploads\/sites\/6\/2019\/11\/5.5.1.-Presentacion-CIEES.pdf\" target=\"_blank\" rel=\"noopener noreferrer\">Presentacion CIEES.<\/a><\/span><\/p>\n<p><span style=\"color: #000000\">6.\u00a0<a style=\"color: #000000\" href=\"https:\/\/organoscolegiados.anuies.mx\/cupia\/wp-content\/uploads\/sites\/6\/2019\/11\/6.-El-COMEPO.pdf\" target=\"_blank\" rel=\"noopener noreferrer\">Presentaci\u00f3n: \u201cEl COMEPO: Compromiso de las IES con la calidad del posgrado en M\u00e9xico\u201d.<\/a><\/span><\/p>\n<p><span style=\"color: #000000\">7.\u00a0<a style=\"color: #000000\" href=\"https:\/\/organoscolegiados.anuies.mx\/cupia\/wp-content\/uploads\/sites\/6\/2019\/11\/7.1.-Conferencia-Internacional-ANUIES-2019-1.pdf\" target=\"_blank\" rel=\"noopener noreferrer\">Presentaci\u00f3n de avances en la organizaci\u00f3n de la Conferencia Internacional ANUIES 2019.<\/a><\/span><\/p>\n<p><span style=\"color: #000000\">7.1.\u00a0<a style=\"color: #000000\" href=\"https:\/\/organoscolegiados.anuies.mx\/cupia\/wp-content\/uploads\/sites\/6\/2019\/11\/7.2.-Conferencia-Internacional-2019-CERTAMEN.pdf\" target=\"_blank\" rel=\"noopener noreferrer\">Convocatoria al\u00a0CERTAMEN en el marco de la Conferencia Internacional 2019.<\/a><\/span><\/p>\n<p><span style=\"color: #000000\">8.\u00a0<a style=\"color: #000000\" href=\"http:\/\/cupialii.portal.anuies.mx\/wp-content\/uploads\/sites\/115\/2019\/05\/8.-Presentaci%C3%B3n-Manual-Seguridad.pdf\" target=\"_blank\" rel=\"noopener noreferrer\">Presentaci\u00f3n de los resultados de la actualizaci\u00f3n del Manual de Seguridad para Instituciones de Educaci\u00f3n Superior de la ANUIES.<\/a><\/span><\/p>\n<p><span style=\"color: #000000\">9.\u00a0<a style=\"color: #000000\" href=\"https:\/\/youtu.be\/5nFK7n-Dt9s\" target=\"_blank\" rel=\"noopener noreferrer\">Presentaci\u00f3n del balance de gesti\u00f3n 2014-2018 del ECOESAD. (video)<\/a><\/span><\/p>\n<p><span style=\"color: #000000\">10. Asuntos generales.<\/span><\/p>\n<p><span style=\"color: #000000\">10.1.\u00a0<a style=\"color: #000000\" href=\"https:\/\/organoscolegiados.anuies.mx\/cupia\/wp-content\/uploads\/sites\/6\/2019\/11\/10.1.-Premio-ANUIES-2019.pdf\" target=\"_blank\" rel=\"noopener noreferrer\">Presentaci\u00f3n de la Convocatoria de los Premios ANUIES 2019.<\/a><\/span><\/p>\n<p><span style=\"color: #000000\">10.2.\u00a0<a style=\"color: #000000\" href=\"https:\/\/organoscolegiados.anuies.mx\/cupia\/wp-content\/uploads\/sites\/6\/2019\/11\/10.2.-Curso-IGLU-2019.pdf\" target=\"_blank\" rel=\"noopener noreferrer\">Inicio de operaciones del Centro IGLU M\u00e9xico y convocatoria al Curso IGLU 2019.<\/a><\/span><\/p>\n<p><span style=\"color: #000000\">10.3. Oferta de servicios de formaci\u00f3n continua.<\/span><\/p>\n<p><a href=\"https:\/\/organoscolegiados.anuies.mx\/cupia\/wp-content\/uploads\/sites\/6\/2020\/03\/10.4-Concurso-de-oratoria-TEPJF-ANUIES.pdf\" target=\"_blank\" rel=\"noopener\"><span style=\"color: #000000\">10.4. Concurso de oratoria TEPJF-ANUIES.<\/span><\/a><\/p>\n<p><span style=\"color: #000000\">10.5.\u00a0<a style=\"color: #000000\" href=\"https:\/\/organoscolegiados.anuies.mx\/cupia\/wp-content\/uploads\/sites\/6\/2019\/11\/10.5.-FESE.pdf\" target=\"_blank\" rel=\"noopener noreferrer\">FESE.<\/a><\/span><\/p>\n<p><img loading=\"lazy\" decoding=\"async\" class=\"alignnone size-full wp-image-583\" src=\"https:\/\/organoscolegiados.anuies.mx\/cupia\/wp-content\/uploads\/sites\/6\/2019\/11\/FOTO-DE-GRUPO_CUPIA_MANZANILLO-compressor.jpg\" alt=\"\" width=\"3996\" height=\"2490\" srcset=\"https:\/\/organoscolegiados.anuies.mx\/cupia\/wp-content\/uploads\/sites\/6\/2019\/11\/FOTO-DE-GRUPO_CUPIA_MANZANILLO-compressor.jpg 3996w, https:\/\/organoscolegiados.anuies.mx\/cupia\/wp-content\/uploads\/sites\/6\/2019\/11\/FOTO-DE-GRUPO_CUPIA_MANZANILLO-compressor-300x187.jpg 300w, https:\/\/organoscolegiados.anuies.mx\/cupia\/wp-content\/uploads\/sites\/6\/2019\/11\/FOTO-DE-GRUPO_CUPIA_MANZANILLO-compressor-768x479.jpg 768w, https:\/\/organoscolegiados.anuies.mx\/cupia\/wp-content\/uploads\/sites\/6\/2019\/11\/FOTO-DE-GRUPO_CUPIA_MANZANILLO-compressor-1024x638.jpg 1024w\" sizes=\"auto, (max-width: 3996px) 100vw, 3996px\" \/><\/p>\n<\/div>\n<\/div><\/div><\/div><\/div><div id=\"pg-562-1\"  class=\"panel-grid panel-no-style\" ><div id=\"pgc-562-1-0\"  class=\"panel-grid-cell\" ><div id=\"panel-562-1-0-0\" class=\"so-panel widget widget_sow-editor panel-first-child panel-last-child\" data-index=\"1\" ><div\n\t\t\t\n\t\t\tclass=\"so-widget-sow-editor so-widget-sow-editor-base\"\n\t\t\t\n\t\t>\n<div class=\"siteorigin-widget-tinymce textwidget\">\n\t<p style=\"text-align: center;\"><strong>Mtro. Jos\u00e9 Eduardo Hern\u00e1ndez Nava<\/strong><\/p>\n<p style=\"text-align: center;\"><strong>Rector de la Universidad de Colima<\/strong><\/p>\n<p style=\"text-align: center;\"><strong>Presidente<\/strong><\/p>\n<\/div>\n<\/div><\/div><\/div><div id=\"pgc-562-1-1\"  class=\"panel-grid-cell\" ><div id=\"panel-562-1-1-0\" class=\"so-panel widget widget_sow-editor panel-first-child panel-last-child\" data-index=\"2\" ><div\n\t\t\t\n\t\t\tclass=\"so-widget-sow-editor so-widget-sow-editor-base\"\n\t\t\t\n\t\t>\n<div class=\"siteorigin-widget-tinymce textwidget\">\n\t<p style=\"text-align: center;\"><strong>Mtro. Jaime Valls Esponda<\/strong><\/p>\n<p style=\"text-align: center;\"><strong>Secretario General Ejecutivo de la ANUIES<\/strong><\/p>\n<p style=\"text-align: center;\"><strong>Secretario<\/strong><\/p>\n<\/div>\n<\/div><\/div><\/div><\/div><\/div>","protected":false},"excerpt":{"rendered":"<p>CONVOCATORIA \u00a0Con fundamento en los art\u00edculos Trig\u00e9simo, Trig\u00e9simo Primero y Trig\u00e9simo Tercero, fracci\u00f3n VI, del Estatuto de la Asociaci\u00f3n Nacional de Universidades e Instituciones de Educaci\u00f3n Superior de la Rep\u00fablica &hellip; <\/p>\n","protected":false},"author":1,"featured_media":0,"parent":0,"menu_order":0,"comment_status":"closed","ping_status":"closed","template":"","meta":{"ngg_post_thumbnail":0,"footnotes":""},"class_list":["post-562","page","type-page","status-publish","hentry"],"_links":{"self":[{"href":"https:\/\/organoscolegiados.anuies.mx\/cupia\/wp-json\/wp\/v2\/pages\/562","targetHints":{"allow":["GET"]}}],"collection":[{"href":"https:\/\/organoscolegiados.anuies.mx\/cupia\/wp-json\/wp\/v2\/pages"}],"about":[{"href":"https:\/\/organoscolegiados.anuies.mx\/cupia\/wp-json\/wp\/v2\/types\/page"}],"author":[{"embeddable":true,"href":"https:\/\/organoscolegiados.anuies.mx\/cupia\/wp-json\/wp\/v2\/users\/1"}],"replies":[{"embeddable":true,"href":"https:\/\/organoscolegiados.anuies.mx\/cupia\/wp-json\/wp\/v2\/comments?post=562"}],"version-history":[{"count":11,"href":"https:\/\/organoscolegiados.anuies.mx\/cupia\/wp-json\/wp\/v2\/pages\/562\/revisions"}],"predecessor-version":[{"id":836,"href":"https:\/\/organoscolegiados.anuies.mx\/cupia\/wp-json\/wp\/v2\/pages\/562\/revisions\/836"}],"wp:attachment":[{"href":"https:\/\/organoscolegiados.anuies.mx\/cupia\/wp-json\/wp\/v2\/media?parent=562"}],"curies":[{"name":"wp","href":"https:\/\/api.w.org\/{rel}","templated":true}]}}