{"id":589,"date":"2019-11-27T17:39:17","date_gmt":"2019-11-27T16:39:17","guid":{"rendered":"https:\/\/organoscolegiados.anuies.mx\/cupia\/?page_id=589"},"modified":"2022-12-15T17:39:15","modified_gmt":"2022-12-15T16:39:15","slug":"liii-cupia","status":"publish","type":"page","link":"https:\/\/organoscolegiados.anuies.mx\/cupia\/liii-cupia\/","title":{"rendered":""},"content":{"rendered":"<div id=\"pl-589\"  class=\"panel-layout\" ><div id=\"pg-589-0\"  class=\"panel-grid panel-no-style\" ><div id=\"pgc-589-0-0\"  class=\"panel-grid-cell\" ><div id=\"panel-589-0-0-0\" class=\"so-panel widget widget_sow-editor panel-first-child panel-last-child\" data-index=\"0\" ><div\n\t\t\t\n\t\t\tclass=\"so-widget-sow-editor so-widget-sow-editor-base\"\n\t\t\t\n\t\t>\n<div class=\"siteorigin-widget-tinymce textwidget\">\n\t<p><img loading=\"lazy\" decoding=\"async\" class=\"alignnone size-full wp-image-605\" src=\"https:\/\/organoscolegiados.anuies.mx\/cupia\/wp-content\/uploads\/sites\/6\/2019\/11\/cabeceracupialii3.png\" alt=\"\" width=\"1204\" height=\"121\" srcset=\"https:\/\/organoscolegiados.anuies.mx\/cupia\/wp-content\/uploads\/sites\/6\/2019\/11\/cabeceracupialii3.png 1204w, https:\/\/organoscolegiados.anuies.mx\/cupia\/wp-content\/uploads\/sites\/6\/2019\/11\/cabeceracupialii3-300x30.png 300w, https:\/\/organoscolegiados.anuies.mx\/cupia\/wp-content\/uploads\/sites\/6\/2019\/11\/cabeceracupialii3-768x77.png 768w, https:\/\/organoscolegiados.anuies.mx\/cupia\/wp-content\/uploads\/sites\/6\/2019\/11\/cabeceracupialii3-1024x103.png 1024w\" sizes=\"auto, (max-width: 1204px) 100vw, 1204px\" \/><\/p>\n<p style=\"text-align: center\"><span style=\"color: #000000\"><strong>CONVOCATORIA<\/strong><\/span><\/p>\n<p style=\"text-align: justify\"><span style=\"color: #000000\">Con fundamento en los art\u00edculos Trig\u00e9simo, Trig\u00e9simo Primero y Trig\u00e9simo Tercero, fracci\u00f3n VI, del Estatuto de la Asociaci\u00f3n Nacional de Universidades e Instituciones de Educaci\u00f3n Superior de la Rep\u00fablica Mexicana, A.C. (ANUIES), se convoca a los titulares de las instituciones que integran el Consejo de Universidades P\u00fablicas e Instituciones Afines (CUPIA), a la LIII Sesi\u00f3n Ordinaria que se celebrar\u00e1 el d\u00eda viernes 18 de octubre de 2019 a partir de las 10:00 horas en el Sal\u00f3n de Congresos del Colegio de Postgraduados, ubicado en Carretera M\u00e9xico-Texcoco km. 36.5, Montecillo, Texcoco, C.P. 56230, Estado de M\u00e9xico, bajo el siguiente:<\/span><\/p>\n<p style=\"text-align: center\"><span style=\"color: #000000\"><strong>ORDEN DEL D\u00cdA<\/strong><\/span><\/p>\n<p><span style=\"color: #000000\">1.-\u00a0<a style=\"color: #000000\" href=\"https:\/\/organoscolegiados.anuies.mx\/cupia\/wp-content\/uploads\/sites\/6\/2019\/11\/1.-Lista-de-miembros-del-CUPIA-1.pdf\" target=\"_blank\" rel=\"noopener\">Lista de asistencia y verificaci\u00f3n de\u00a0<em>qu\u00f3rum<\/em>.<\/a><\/span><\/p>\n<p><span style=\"color: #000000\">2.-\u00a0<a style=\"color: #000000\" href=\"https:\/\/organoscolegiados.anuies.mx\/cupia\/wp-content\/uploads\/sites\/6\/2019\/11\/2.-Convocatoria-LIII-SO-CUPIA-181019.pdf\" target=\"_blank\" rel=\"noopener\">Aprobaci\u00f3n del Orden del D\u00eda.<\/a><\/span><\/p>\n<p><a href=\"https:\/\/organoscolegiados.anuies.mx\/cupia\/wp-content\/uploads\/sites\/6\/2020\/03\/3.-Elecci\u00f3n-del-Vicepresidente-de-la-Sesi\u00f3n..pdf\" target=\"_blank\" rel=\"noopener\"><span style=\"color: #000000\">3.- Elecci\u00f3n del Vicepresidente de la Sesi\u00f3n.<\/span><\/a><\/p>\n<p><span style=\"color: #000000\">4.-\u00a0Lectura y aprobaci\u00f3n, en su caso, del Acta de la LII Sesi\u00f3n Ordinaria.<\/span><\/p>\n<p><span style=\"color: #000000\">5.- Presentaciones y exposiciones, en su caso, de invitados especiales.<\/span><\/p>\n<p><span style=\"color: #000000\">5.1.-\u00a0<a style=\"color: #000000\" href=\"https:\/\/organoscolegiados.anuies.mx\/cupia\/wp-content\/uploads\/sites\/6\/2019\/11\/5.1.1.-Semblanza-Dr.-Adelino-Braz.pdf\" target=\"_blank\" rel=\"noopener\">Dr. Adelino Braz, Consejero de Cooperaci\u00f3n y de Acci\u00f3n Cultural de la Embajada de Francia.<\/a><\/span><\/p>\n<p><span style=\"color: #000000\">5.2.-\u00a0<a style=\"color: #000000\" href=\"https:\/\/organoscolegiados.anuies.mx\/cupia\/wp-content\/uploads\/sites\/6\/2019\/11\/5.2.-Estrategia-NalLIEIGI-UATx.pdf\" target=\"_blank\" rel=\"noopener\">Dr. Luis Armando Gonz\u00e1lez Placencia, Rector de la Universidad Aut\u00f3noma de Tlaxcala.<\/a><\/span><\/p>\n<p><span style=\"color: #000000\">5.3.-\u00a0<a style=\"color: #000000\" href=\"https:\/\/organoscolegiados.anuies.mx\/cupia\/wp-content\/uploads\/sites\/6\/2019\/11\/5.3.1.-Semblanza-Lic.-Francisco-Javier-Gonz\u00e1lez-Garza.pdf\" target=\"_blank\" rel=\"noopener\">Lic. Francisco Gonz\u00e1lez Garza, Presidente Nacional de la Fundaci\u00f3n A Favor de lo Mejor.<\/a><\/span><\/p>\n<p><span style=\"color: #000000\">5.3.1\u00a0<a style=\"color: #000000\" href=\"https:\/\/organoscolegiados.anuies.mx\/cupia\/wp-content\/uploads\/sites\/6\/2019\/11\/5.3.-Campa\u00f1a-YoCreoUnM\u00e9xicoMejor.pdf\" target=\"_blank\" rel=\"noopener\">Campa\u00f1a Yo Creo Un M\u00e9xico Mejor<\/a><\/span><\/p>\n<p><span style=\"color: #000000\">6.-\u00a0<a style=\"color: #000000\" href=\"https:\/\/organoscolegiados.anuies.mx\/cupia\/wp-content\/uploads\/sites\/6\/2019\/11\/6.-Presentaci\u00f3n-CONRICYT-CONACYT.pdf\" target=\"_blank\" rel=\"noopener\">Presentaci\u00f3n de la Situaci\u00f3n actual y perspectivas del Consorcio Nacional de Recursos de Informaci\u00f3n Cient\u00edfica y Tecnol\u00f3gica (CONRICYT).<\/a><\/span><\/p>\n<p><span style=\"color: #000000\">7.-\u00a0<a style=\"color: #000000\" href=\"https:\/\/organoscolegiados.anuies.mx\/cupia\/wp-content\/uploads\/sites\/6\/2019\/11\/7.-Presentacio\u0301n-UnADM.pdf\" target=\"_blank\" rel=\"noopener\">Presentaci\u00f3n del Proyecto acad\u00e9mico de la Universidad Abierta y a Distancia de M\u00e9xico.<\/a><\/span><\/p>\n<p><span style=\"color: #000000\">7.1.-\u00a0<a style=\"color: #000000\" href=\"http:\/\/cupialiii.portal.anuies.mx\/wp-content\/uploads\/sites\/121\/2019\/10\/7.1.-Semblanza-Mtra.-Lilian-Kravzov-Appel.pdf\" target=\"_blank\" rel=\"noopener\">Semblanza Mtra. Lilian Kravzov Appel<\/a><\/span><\/p>\n<p><span style=\"color: #000000\">8.-\u00a0<a style=\"color: #000000\" href=\"https:\/\/organoscolegiados.anuies.mx\/cupia\/wp-content\/uploads\/sites\/6\/2019\/11\/8.-Presentaci\u00f3n-DGESU.pdf\" target=\"_blank\" rel=\"noopener\">Presentaci\u00f3n del Programa de Fortalecimiento a la Excelencia Educativa (PROFEXCE) a cargo de la Dra. Carmen Rodr\u00edguez Armenta, Directora General de Educaci\u00f3n Superior Universitaria de la SEP.<\/a><\/span><\/p>\n<p><span style=\"color: #000000\">9.-\u00a0<a style=\"color: #000000\" href=\"https:\/\/organoscolegiados.anuies.mx\/cupia\/wp-content\/uploads\/sites\/6\/2019\/11\/9.-An\u00e1lisis-PPEF-2020.pdf\" target=\"_blank\" rel=\"noopener\">Presentaci\u00f3n del Proyecto de Presupuesto de Egresos de la Federaci\u00f3n 2020 para la Educaci\u00f3n Superior P\u00fablica.<\/a><\/span><\/p>\n<p><span style=\"color: #000000\">10.-\u00a0<a style=\"color: #000000\" href=\"https:\/\/organoscolegiados.anuies.mx\/cupia\/wp-content\/uploads\/sites\/6\/2019\/11\/10.-Presentaci\u00f3n-SES-Anteproyecto-LGES.pdf\" target=\"_blank\" rel=\"noopener\">Presentaci\u00f3n del Anteproyecto de Ley General de Educaci\u00f3n Superior a cargo del Dr. Francisco Luciano Concheiro B\u00f3rquez, Subsecretario de Educaci\u00f3n Superior de la SEP.<\/a><\/span><\/p>\n<p><span style=\"color: #000000\">10.1.-\u00a0\u00a0<a style=\"color: #000000\" href=\"https:\/\/organoscolegiados.anuies.mx\/cupia\/wp-content\/uploads\/sites\/6\/2019\/11\/9.1.-Semblanza-Dr.-Francisco-Luciano-Concheiro-B\u00f3rquez.pdf\" target=\"_blank\" rel=\"noopener\">Semblanza Dr. Francisco Luciano Concheiro B\u00f3rquez<\/a><\/span><\/p>\n<p><a href=\"https:\/\/organoscolegiados.anuies.mx\/cupia\/wp-content\/uploads\/sites\/6\/2020\/03\/11.-Asuntos-generales.pdf\" target=\"_blank\" rel=\"noopener\"><span style=\"color: #000000\">11.- Asuntos generales.<\/span><\/a><\/p>\n<\/div>\n<\/div><\/div><\/div><\/div><div id=\"pg-589-1\"  class=\"panel-grid panel-no-style\" ><div id=\"pgc-589-1-0\"  class=\"panel-grid-cell\" ><div id=\"panel-589-1-0-0\" class=\"so-panel widget widget_sow-editor panel-first-child panel-last-child\" data-index=\"1\" ><div\n\t\t\t\n\t\t\tclass=\"so-widget-sow-editor so-widget-sow-editor-base\"\n\t\t\t\n\t\t>\n<div class=\"siteorigin-widget-tinymce textwidget\">\n\t<p style=\"text-align: center;\"><strong>Dr. Jes\u00fas Moncada de la Fuente<\/strong><\/p>\n<p style=\"text-align: center;\">Director General del Colegio de Postgraduados<\/p>\n<p style=\"text-align: center;\">Presidente<\/p>\n<\/div>\n<\/div><\/div><\/div><div id=\"pgc-589-1-1\"  class=\"panel-grid-cell\" ><div id=\"panel-589-1-1-0\" class=\"so-panel widget widget_sow-editor panel-first-child panel-last-child\" data-index=\"2\" ><div\n\t\t\t\n\t\t\tclass=\"so-widget-sow-editor so-widget-sow-editor-base\"\n\t\t\t\n\t\t>\n<div class=\"siteorigin-widget-tinymce textwidget\">\n\t<p style=\"text-align: center;\"><strong>Mtro. Jaime Valls Esponda<\/strong><\/p>\n<p style=\"text-align: center;\">Secretario General Ejecutivo<\/p>\n<p style=\"text-align: center;\">Secretario<\/p>\n<\/div>\n<\/div><\/div><\/div><\/div><\/div>","protected":false},"excerpt":{"rendered":"<p>CONVOCATORIA Con fundamento en los art\u00edculos Trig\u00e9simo, Trig\u00e9simo Primero y Trig\u00e9simo Tercero, fracci\u00f3n VI, del Estatuto de la Asociaci\u00f3n Nacional de Universidades e Instituciones de Educaci\u00f3n Superior de la Rep\u00fablica &hellip; <\/p>\n","protected":false},"author":1,"featured_media":0,"parent":0,"menu_order":0,"comment_status":"closed","ping_status":"closed","template":"","meta":{"ngg_post_thumbnail":0,"footnotes":""},"class_list":["post-589","page","type-page","status-publish","hentry"],"_links":{"self":[{"href":"https:\/\/organoscolegiados.anuies.mx\/cupia\/wp-json\/wp\/v2\/pages\/589","targetHints":{"allow":["GET"]}}],"collection":[{"href":"https:\/\/organoscolegiados.anuies.mx\/cupia\/wp-json\/wp\/v2\/pages"}],"about":[{"href":"https:\/\/organoscolegiados.anuies.mx\/cupia\/wp-json\/wp\/v2\/types\/page"}],"author":[{"embeddable":true,"href":"https:\/\/organoscolegiados.anuies.mx\/cupia\/wp-json\/wp\/v2\/users\/1"}],"replies":[{"embeddable":true,"href":"https:\/\/organoscolegiados.anuies.mx\/cupia\/wp-json\/wp\/v2\/comments?post=589"}],"version-history":[{"count":9,"href":"https:\/\/organoscolegiados.anuies.mx\/cupia\/wp-json\/wp\/v2\/pages\/589\/revisions"}],"predecessor-version":[{"id":1016,"href":"https:\/\/organoscolegiados.anuies.mx\/cupia\/wp-json\/wp\/v2\/pages\/589\/revisions\/1016"}],"wp:attachment":[{"href":"https:\/\/organoscolegiados.anuies.mx\/cupia\/wp-json\/wp\/v2\/media?parent=589"}],"curies":[{"name":"wp","href":"https:\/\/api.w.org\/{rel}","templated":true}]}}