{"id":624,"date":"2019-11-27T18:04:48","date_gmt":"2019-11-27T17:04:48","guid":{"rendered":"https:\/\/organoscolegiados.anuies.mx\/cupia\/?page_id=624"},"modified":"2022-12-15T17:40:04","modified_gmt":"2022-12-15T16:40:04","slug":"li-cupia","status":"publish","type":"page","link":"https:\/\/organoscolegiados.anuies.mx\/cupia\/li-cupia\/","title":{"rendered":""},"content":{"rendered":"<div id=\"pl-624\"  class=\"panel-layout\" ><div id=\"pg-624-0\"  class=\"panel-grid panel-no-style\" ><div id=\"pgc-624-0-0\"  class=\"panel-grid-cell\" ><div id=\"panel-624-0-0-0\" class=\"so-panel widget widget_sow-editor panel-first-child panel-last-child\" data-index=\"0\" ><div\n\t\t\t\n\t\t\tclass=\"so-widget-sow-editor so-widget-sow-editor-base\"\n\t\t\t\n\t\t>\n<div class=\"siteorigin-widget-tinymce textwidget\">\n\t<p align=\"center\"><img loading=\"lazy\" decoding=\"async\" class=\"alignnone size-full wp-image-625\" src=\"https:\/\/organoscolegiados.anuies.mx\/cupia\/wp-content\/uploads\/sites\/6\/2019\/11\/cabeceracupiali.png\" alt=\"\" width=\"1024\" height=\"137\" srcset=\"https:\/\/organoscolegiados.anuies.mx\/cupia\/wp-content\/uploads\/sites\/6\/2019\/11\/cabeceracupiali.png 1024w, https:\/\/organoscolegiados.anuies.mx\/cupia\/wp-content\/uploads\/sites\/6\/2019\/11\/cabeceracupiali-300x40.png 300w, https:\/\/organoscolegiados.anuies.mx\/cupia\/wp-content\/uploads\/sites\/6\/2019\/11\/cabeceracupiali-768x103.png 768w\" sizes=\"auto, (max-width: 1024px) 100vw, 1024px\" \/><\/p>\n<p style=\"text-align: center\" align=\"center\"><span style=\"color: #000000\"><strong>CONVOCATORIA<\/strong><\/span><\/p>\n<p style=\"text-align: justify\"><span style=\"color: #000000\">Con fundamento en los art\u00edculos Trig\u00e9simo, Trig\u00e9simo Primero y Trig\u00e9simo Tercero, fracci\u00f3n VI, del Estatuto de la Asociaci\u00f3n Nacional de Universidades e Instituciones de Educaci\u00f3n Superior (ANUIES), A.C., se convoca a los titulares de las instituciones que integran el Consejo de Universidades P\u00fablicas e Instituciones Afines (CUPIA) a la LI Sesi\u00f3n Ordinaria, que se efectuar\u00e1 el 5 de octubre de 2018 a partir de las 10:00 horas en la Biblioteca \u201cRa\u00fal Rangel Fr\u00edas\u201d de la Universidad Aut\u00f3noma de Nuevo Le\u00f3n, ubicada en Av. Pedro de Alba s\/n, San Nicol\u00e1s de Los Garza, C.P. 66455, Nuevo Le\u00f3n, bajo el siguiente:<\/span><\/p>\n<p style=\"text-align: center\"><span style=\"color: #000000\"><b>ORDEN DEL D\u00cdA<\/b><\/span><\/p>\n<p style=\"text-align: justify\"><span style=\"color: #000000\"><strong>\u00a0<\/strong><\/span><\/p>\n<p style=\"text-align: justify\"><span style=\"color: #000000\">1.-\u00a0<a style=\"color: #000000\" href=\"https:\/\/organoscolegiados.anuies.mx\/cupia\/wp-content\/uploads\/sites\/6\/2019\/11\/1.-Miembros-del-CUPIA-1.pdf\" target=\"_blank\" rel=\"noopener\">Lista de asistencia y verificaci\u00f3n de\u00a0<em>qu\u00f3rum<\/em>.<\/a><\/span><\/p>\n<p style=\"text-align: justify\"><span style=\"color: #000000\">2.-\u00a0<a style=\"color: #000000\" href=\"https:\/\/organoscolegiados.anuies.mx\/cupia\/wp-content\/uploads\/sites\/6\/2019\/11\/2.-Convocatoria-LI-SO-CUPIA-UANL-051018.pdf\" target=\"_blank\" rel=\"noopener\">Aprobaci\u00f3n del Orden del D\u00eda.<\/a><\/span><\/p>\n<p style=\"text-align: justify\"><a href=\"https:\/\/organoscolegiados.anuies.mx\/cupia\/wp-content\/uploads\/sites\/6\/2020\/03\/3.-Elecci\u00f3n-del-Vicepresidente-de-la-Sesi\u00f3n.-3.pdf\" target=\"_blank\" rel=\"noopener\"><span style=\"color: #000000\">3.-\u00a0Elecci\u00f3n del Vicepresidente de la Sesi\u00f3n.<\/span><\/a><\/p>\n<p style=\"text-align: justify\"><a href=\"https:\/\/organoscolegiados.anuies.mx\/cupia\/wp-content\/uploads\/sites\/6\/2020\/03\/4.-Lectura-y-aprobaci\u00f3n-en-su-caso-del-Acta-de-la-L-Sesi\u00f3n-Ordinaria..pdf\" target=\"_blank\" rel=\"noopener\"><span style=\"color: #000000\">4.-\u00a0Lectura y aprobaci\u00f3n, en su caso, del Acta de la L Sesi\u00f3n Ordinaria.<\/span><\/a><\/p>\n<p style=\"text-align: justify\"><a href=\"https:\/\/organoscolegiados.anuies.mx\/cupia\/wp-content\/uploads\/sites\/6\/2020\/03\/5.-Elecci\u00f3n-del-representante-del-CUPIA-ante-el-Consejo-Nacional-para-el-periodo-2018-2020..pdf\" target=\"_blank\" rel=\"noopener\"><span style=\"color: #000000\">5.- Elecci\u00f3n del representante del CUPIA ante el Consejo Nacional para el periodo 2018-2020.<\/span><\/a><\/p>\n<p style=\"text-align: justify\"><span style=\"color: #000000\">6.- Presentaciones y exposiciones, en su caso, de los invitados especiales.<\/span><\/p>\n<p style=\"text-align: justify\"><span style=\"color: #000000\">\u00a0 \u00a0 \u00a06.1.-\u00a0<a style=\"color: #000000\" href=\"https:\/\/organoscolegiados.anuies.mx\/cupia\/wp-content\/uploads\/sites\/6\/2019\/11\/6.1.-Semblanza-Lic.-David-Colmenares-P\u00e1ramo.pdf\" target=\"_blank\" rel=\"noopener\">Lic. David Rogelio Colmenares P\u00e1ramo, Auditor Superior de la Federaci\u00f3n<\/a><\/span><\/p>\n<p style=\"text-align: justify\"><span style=\"color: #000000\">\u00a0 \u00a0 \u00a06.2.-\u00a0<a style=\"color: #000000\" href=\"https:\/\/organoscolegiados.anuies.mx\/cupia\/wp-content\/uploads\/sites\/6\/2019\/11\/6.2.-Semblanza-Lic.-Israel-Barrios-Hern\u00e1ndez.pdf\" target=\"_blank\" rel=\"noopener\">Lic. Israel Barrios Hern\u00e1ndez, Director General de Profesiones de la SEP.<\/a><\/span><\/p>\n<p style=\"text-align: justify\"><span style=\"color: #000000\"><a style=\"color: #000000\" href=\"https:\/\/organoscolegiados.anuies.mx\/cupia\/wp-content\/uploads\/sites\/6\/2019\/11\/6.2.1.-Presentaci\u00f3n-DGP.pdf\" target=\"_blank\" rel=\"noopener\">6.2.1\u00a0Presentaci\u00f3n DGP<\/a><\/span><\/p>\n<p style=\"text-align: justify\"><span style=\"color: #000000\">\u00a0 \u00a0 \u00a06.3.-\u00a0<a style=\"color: #000000\" href=\"https:\/\/organoscolegiados.anuies.mx\/cupia\/wp-content\/uploads\/sites\/6\/2019\/11\/6.3.-Semblanza-Ing.-Alfonso-Ram\u00edrez-Lav\u00edn.pdf\" target=\"_blank\" rel=\"noopener\">Ing. Alfonso Ram\u00edrez Lav\u00edn, Director General de la Alianza FiiDEM.<\/a><\/span><\/p>\n<p style=\"text-align: justify\"><span style=\"color: #000000\"><a style=\"color: #000000\" href=\"https:\/\/organoscolegiados.anuies.mx\/cupia\/wp-content\/uploads\/sites\/6\/2019\/11\/6.3.1.-Presentaci\u00f3n-FiiDEM-CUPIA-5_0ct_2018.pdf\" target=\"_blank\" rel=\"noopener\">6.3.1 Presentaci\u00f3n FiiDEM<\/a><\/span><\/p>\n<p style=\"text-align: justify\"><span style=\"color: #000000\">\u00a0\u00a0\u00a0 \u00a06.4.-\u00a0<a style=\"color: #000000\" href=\"https:\/\/organoscolegiados.anuies.mx\/cupia\/wp-content\/uploads\/sites\/6\/2019\/11\/6.4.-Semblanza-Dr.-Gerhard-Loecken-Flum.pdf\" target=\"_blank\" rel=\"noopener\">Dr. Gerhard Loecken Flum, Delegado honor\u00edfico en M\u00e9xico del Servicio de Expertos S\u00e9nior.<\/a><\/span><\/p>\n<p style=\"text-align: justify\"><span style=\"color: #000000\"><a style=\"color: #000000\" href=\"https:\/\/organoscolegiados.anuies.mx\/cupia\/wp-content\/uploads\/sites\/6\/2019\/11\/6.4.1-Guillermo-Hern\u00e1ndez.pdf\" target=\"_blank\" rel=\"noopener\">6.4.1 Presentaci\u00f3n<\/a><\/span><\/p>\n<p style=\"text-align: justify\"><span style=\"color: #000000\">7.-\u00a0<a style=\"color: #000000\" href=\"https:\/\/organoscolegiados.anuies.mx\/cupia\/wp-content\/uploads\/sites\/6\/2019\/11\/7.-Temas-CUPIA-051018-final.pdf\" target=\"_blank\" rel=\"noopener\">Perspectivas de financiamiento para las instituciones p\u00fablicas de educaci\u00f3n superior.<\/a><\/span><\/p>\n<p style=\"text-align: justify\"><span style=\"color: #000000\">8.-\u00a0<a style=\"color: #000000\" href=\"https:\/\/organoscolegiados.anuies.mx\/cupia\/wp-content\/uploads\/sites\/6\/2019\/11\/8.-Presentacio\u0301n_Manual-IES.pdf\" target=\"_blank\" rel=\"noopener\">Informe de los avances de la actualizaci\u00f3n del\u00a0<em>Manual de Seguridad para Instituciones de Educaci\u00f3n Superior<\/em>\u00a0de la ANUIES.<\/a><\/span><\/p>\n<p style=\"text-align: justify\"><span style=\"color: #000000\">9.- Asuntos generales.<\/span><\/p>\n<p style=\"text-align: justify\"><span style=\"color: #000000\">9.1\u00a0<a style=\"color: #000000\" href=\"https:\/\/organoscolegiados.anuies.mx\/cupia\/wp-content\/uploads\/sites\/6\/2019\/11\/9.1.-Presentaci\u00f3n-Guillermo-Hern\u00e1ndez.pdf\" target=\"_blank\" rel=\"noopener\">Presentaci\u00f3n Guillermo Hern\u00e1ndez<\/a><\/span><\/p>\n<p style=\"text-align: justify\"><span style=\"color: #000000\">9.2\u00a0<a style=\"color: #000000\" href=\"https:\/\/organoscolegiados.anuies.mx\/cupia\/wp-content\/uploads\/sites\/6\/2019\/11\/9.2-CUPIA-FESE.pdf\" target=\"_blank\" rel=\"noopener\">CUPIA FESE<\/a><\/span><\/p>\n<p style=\"text-align: justify\"><span style=\"color: #000000\">9.3\u00a0<a style=\"color: #000000\" href=\"https:\/\/organoscolegiados.anuies.mx\/cupia\/wp-content\/uploads\/sites\/6\/2019\/11\/9.3-Cartel-CNBES.pdf\" target=\"_blank\" rel=\"noopener\">Cartel CNBES<\/a><\/span><\/p>\n<\/div>\n<\/div><\/div><\/div><\/div><div id=\"pg-624-1\"  class=\"panel-grid panel-no-style\" ><div id=\"pgc-624-1-0\"  class=\"panel-grid-cell\" ><div id=\"panel-624-1-0-0\" class=\"so-panel widget widget_sow-editor panel-first-child panel-last-child\" data-index=\"1\" ><div\n\t\t\t\n\t\t\tclass=\"so-widget-sow-editor so-widget-sow-editor-base\"\n\t\t\t\n\t\t>\n<div class=\"siteorigin-widget-tinymce textwidget\">\n\t<p style=\"text-align: center;\"><strong>Mtro. Rogelio Guillermo Garza Rivera<\/strong><\/p>\n<p style=\"text-align: center;\">Rector de la Universidad\u00a0Aut\u00f3noma de Nuevo Le\u00f3n<\/p>\n<p style=\"text-align: center;\"><strong>Presidente en turno\u00a0<\/strong><\/p>\n<p>&nbsp;<\/p>\n<\/div>\n<\/div><\/div><\/div><div id=\"pgc-624-1-1\"  class=\"panel-grid-cell\" ><div id=\"panel-624-1-1-0\" class=\"so-panel widget widget_sow-editor panel-first-child panel-last-child\" data-index=\"2\" ><div\n\t\t\t\n\t\t\tclass=\"so-widget-sow-editor so-widget-sow-editor-base\"\n\t\t\t\n\t\t>\n<div class=\"siteorigin-widget-tinymce textwidget\">\n\t<p style=\"text-align: center;\"><strong>Mtro. Jaime Valls Esponda<\/strong><\/p>\n<p style=\"text-align: center;\">Secretario General Ejecutivo<\/p>\n<p style=\"text-align: center;\"><strong>Secretario<\/strong><\/p>\n<\/div>\n<\/div><\/div><\/div><\/div><\/div>","protected":false},"excerpt":{"rendered":"<p>CONVOCATORIA Con fundamento en los art\u00edculos Trig\u00e9simo, Trig\u00e9simo Primero y Trig\u00e9simo Tercero, fracci\u00f3n VI, del Estatuto de la Asociaci\u00f3n Nacional de Universidades e Instituciones de Educaci\u00f3n Superior (ANUIES), A.C., se &hellip; <\/p>\n","protected":false},"author":1,"featured_media":0,"parent":0,"menu_order":0,"comment_status":"closed","ping_status":"closed","template":"","meta":{"ngg_post_thumbnail":0,"footnotes":""},"class_list":["post-624","page","type-page","status-publish","hentry"],"_links":{"self":[{"href":"https:\/\/organoscolegiados.anuies.mx\/cupia\/wp-json\/wp\/v2\/pages\/624","targetHints":{"allow":["GET"]}}],"collection":[{"href":"https:\/\/organoscolegiados.anuies.mx\/cupia\/wp-json\/wp\/v2\/pages"}],"about":[{"href":"https:\/\/organoscolegiados.anuies.mx\/cupia\/wp-json\/wp\/v2\/types\/page"}],"author":[{"embeddable":true,"href":"https:\/\/organoscolegiados.anuies.mx\/cupia\/wp-json\/wp\/v2\/users\/1"}],"replies":[{"embeddable":true,"href":"https:\/\/organoscolegiados.anuies.mx\/cupia\/wp-json\/wp\/v2\/comments?post=624"}],"version-history":[{"count":6,"href":"https:\/\/organoscolegiados.anuies.mx\/cupia\/wp-json\/wp\/v2\/pages\/624\/revisions"}],"predecessor-version":[{"id":1017,"href":"https:\/\/organoscolegiados.anuies.mx\/cupia\/wp-json\/wp\/v2\/pages\/624\/revisions\/1017"}],"wp:attachment":[{"href":"https:\/\/organoscolegiados.anuies.mx\/cupia\/wp-json\/wp\/v2\/media?parent=624"}],"curies":[{"name":"wp","href":"https:\/\/api.w.org\/{rel}","templated":true}]}}