{"id":679,"date":"2019-11-27T19:18:42","date_gmt":"2019-11-27T18:18:42","guid":{"rendered":"https:\/\/organoscolegiados.anuies.mx\/cupia\/?page_id=679"},"modified":"2022-12-15T17:43:40","modified_gmt":"2022-12-15T16:43:40","slug":"xliv-cupia","status":"publish","type":"page","link":"https:\/\/organoscolegiados.anuies.mx\/cupia\/xliv-cupia\/","title":{"rendered":""},"content":{"rendered":"<div id=\"pl-679\"  class=\"panel-layout\" ><div id=\"pg-679-0\"  class=\"panel-grid panel-no-style\" ><div id=\"pgc-679-0-0\"  class=\"panel-grid-cell\" ><div id=\"panel-679-0-0-0\" class=\"so-panel widget widget_sow-editor panel-first-child panel-last-child\" data-index=\"0\" ><div\n\t\t\t\n\t\t\tclass=\"so-widget-sow-editor so-widget-sow-editor-base\"\n\t\t\t\n\t\t>\n<div class=\"siteorigin-widget-tinymce textwidget\">\n\t<p align=\"center\"><img loading=\"lazy\" decoding=\"async\" class=\"alignnone size-full wp-image-684\" src=\"https:\/\/organoscolegiados.anuies.mx\/cupia\/wp-content\/uploads\/sites\/6\/2019\/11\/MicrositioCUPIA.xlivjpg.jpg\" alt=\"\" width=\"970\" height=\"120\" srcset=\"https:\/\/organoscolegiados.anuies.mx\/cupia\/wp-content\/uploads\/sites\/6\/2019\/11\/MicrositioCUPIA.xlivjpg.jpg 970w, https:\/\/organoscolegiados.anuies.mx\/cupia\/wp-content\/uploads\/sites\/6\/2019\/11\/MicrositioCUPIA.xlivjpg-300x37.jpg 300w, https:\/\/organoscolegiados.anuies.mx\/cupia\/wp-content\/uploads\/sites\/6\/2019\/11\/MicrositioCUPIA.xlivjpg-768x95.jpg 768w\" sizes=\"auto, (max-width: 970px) 100vw, 970px\" \/><\/p>\n<p style=\"text-align: center\" align=\"center\"><strong>CONVOCATORIA<\/strong><\/p>\n<p style=\"text-align: justify\">Con fundamento en los art\u00edculos Trig\u00e9simo, Trig\u00e9simo Primero y Trig\u00e9simo Tercero, Fracci\u00f3n VI, del Estatuto de la Asociaci\u00f3n Nacional de Universidades e Instituciones de Educaci\u00f3n Superior, ANUIES, se convoca a los titulares de las instituciones que integran el Consejo de Universidades P\u00fablicas e Instituciones Afines, CUPIA, a la XLIV Sesi\u00f3n Ordinaria que se efectuar\u00e1 el 24 de\u00a0abril de 2015 a partir de las 10:00\u00a0horas en las instalaciones de la Universidad de Guanajuato, ubicadas en Lascur\u00e1in de Retana No. 5. Col. Centro, C.P. 36000, Guanajuato. Gto., bajo el siguiente:<\/p>\n<p style=\"text-align: center\"><b>ORDEN DEL D\u00cdA<\/b><b>\u00a0<\/b><\/p>\n<p style=\"text-align: justify\"><a href=\"https:\/\/organoscolegiados.anuies.mx\/cupia\/wp-content\/uploads\/sites\/6\/2019\/11\/1.-MIEMBROS-DEL-CUPIA-XLIV-SESION-ORDINARIA.pdf\" target=\"_blank\" rel=\"noopener\">1. Lista de asistencia y verificaci\u00f3n de\u00a0<i>qu\u00f3rum<\/i>.<\/a><\/p>\n<p style=\"text-align: justify\"><a href=\"https:\/\/organoscolegiados.anuies.mx\/cupia\/wp-content\/uploads\/sites\/6\/2019\/11\/2.-CONVOCATORIA-1.pdf\" target=\"_blank\" rel=\"noopener\">2. Aprobaci\u00f3n del Orden del D\u00eda.<\/a><\/p>\n<p style=\"text-align: justify\"><a href=\"https:\/\/organoscolegiados.anuies.mx\/cupia\/wp-content\/uploads\/sites\/6\/2020\/03\/3.-Nombramiento-del-Vicepresidente-de-la-Sesi\u00f3n.-3.pdf\" target=\"_blank\" rel=\"noopener\">3. Nombramiento del Vicepresidente de la Sesi\u00f3n.<\/a><\/p>\n<p style=\"text-align: justify\"><a href=\"https:\/\/organoscolegiados.anuies.mx\/cupia\/wp-content\/uploads\/sites\/6\/2020\/03\/4.-Lectura-y-aprobaci\u00f3n-del-acta-de-la-XLIII-Sesi\u00f3n-Ordinaria-realizada-en-la-Universidad-Aut\u00f3noma-de-Sinaloa..pdf\" target=\"_blank\" rel=\"noopener\">4. Lectura y aprobaci\u00f3n, en su caso, del acta de la XLIII Sesi\u00f3n Ordinaria, realizada en la Universidad Aut\u00f3noma de Sinaloa el 24 de octubre de 2014.<\/a><\/p>\n<p style=\"text-align: justify\"><a href=\"https:\/\/organoscolegiados.anuies.mx\/cupia\/wp-content\/uploads\/sites\/6\/2020\/03\/5.-Semblanzas-invitados-especiales-1.pdf\" target=\"_blank\" rel=\"noopener\">5. Presentaciones y exposiciones, en su caso, de los invitados especiales.\u00a0<\/a><br \/>\n<a href=\"https:\/\/organoscolegiados.anuies.mx\/cupia\/wp-content\/uploads\/sites\/6\/2020\/03\/5.1-Presentaci\u00f3n-CUPIA-Guanajuato-24042015.pdf\" target=\"_blank\" rel=\"noopener\">5.1 Dra. Mar\u00eda de los \u00c1ngeles Fromow Rangel, Secretaria T\u00e9cnica del Consejo de Coordinaci\u00f3n para la Implementaci\u00f3n del Sistema de Justicia Penal de la Secretar\u00eda de Gobernaci\u00f3n.<\/a><br \/>\n<a href=\"https:\/\/organoscolegiados.anuies.mx\/cupia\/wp-content\/uploads\/sites\/6\/2020\/03\/5.2-Programa-Peraj-ANUIES-2015-2.pdf\" target=\"_blank\" rel=\"noopener\">5.2 Ing. Armando Jinich Ripstein, Presidente de Peraj-M\u00e9xico, A.C.<\/a><\/p>\n<p style=\"text-align: justify\"><a href=\"https:\/\/organoscolegiados.anuies.mx\/cupia\/wp-content\/uploads\/sites\/6\/2020\/03\/6.-INFORME-SITUACI\u00d3N-PROFESORES-DE-ASIGNATURA.pdf\" target=\"_blank\" rel=\"noopener\">6. Presentaci\u00f3n del informe de la comisi\u00f3n encargada de analizar la problem\u00e1tica de los profesores de asignatura en las instituciones de educaci\u00f3n superior.<\/a><\/p>\n<p style=\"text-align: justify\"><a href=\"https:\/\/organoscolegiados.anuies.mx\/cupia\/wp-content\/uploads\/sites\/6\/2020\/03\/7.Presentaci\u00f3n-PT-2015-UR-220415-VF.pdf\" target=\"_blank\" rel=\"noopener\">7. Presentaci\u00f3n del Programa de Trabajo 2015 de la ANUIES aprobado por el Consejo Nacional.<\/a><\/p>\n<p style=\"text-align: justify\"><a href=\"https:\/\/organoscolegiados.anuies.mx\/cupia\/wp-content\/uploads\/sites\/6\/2020\/03\/8.-Asuntos-generales-2.pdf\" target=\"_blank\" rel=\"noopener\">8. Asuntos generales.<\/a><\/p>\n<\/div>\n<\/div><\/div><\/div><\/div><div id=\"pg-679-1\"  class=\"panel-grid panel-no-style\" ><div id=\"pgc-679-1-0\"  class=\"panel-grid-cell\" ><div id=\"panel-679-1-0-0\" class=\"so-panel widget widget_sow-editor panel-first-child panel-last-child\" data-index=\"1\" ><div\n\t\t\t\n\t\t\tclass=\"so-widget-sow-editor so-widget-sow-editor-base\"\n\t\t\t\n\t\t>\n<div class=\"siteorigin-widget-tinymce textwidget\">\n\t<p style=\"text-align: center;\"><strong>Dr. Jos\u00e9 Manuel Cabrera Sixto<\/strong><br \/>\nRector General de la Universidad de Guanajuato<br \/>\npresidente<\/p>\n<\/div>\n<\/div><\/div><\/div><div id=\"pgc-679-1-1\"  class=\"panel-grid-cell\" ><div id=\"panel-679-1-1-0\" class=\"so-panel widget widget_sow-editor panel-first-child panel-last-child\" data-index=\"2\" ><div\n\t\t\t\n\t\t\tclass=\"so-widget-sow-editor so-widget-sow-editor-base\"\n\t\t\t\n\t\t>\n<div class=\"siteorigin-widget-tinymce textwidget\">\n\t<p style=\"text-align: center;\"><strong>Mtro. Jaime Valls Esponda<\/strong><br \/>\nSecretario General Ejecutivo<br \/>\nSecretario<\/p>\n<\/div>\n<\/div><\/div><\/div><\/div><\/div>","protected":false},"excerpt":{"rendered":"<p>CONVOCATORIA Con fundamento en los art\u00edculos Trig\u00e9simo, Trig\u00e9simo Primero y Trig\u00e9simo Tercero, Fracci\u00f3n VI, del Estatuto de la Asociaci\u00f3n Nacional de Universidades e Instituciones de Educaci\u00f3n Superior, ANUIES, se convoca &hellip; <\/p>\n","protected":false},"author":1,"featured_media":0,"parent":0,"menu_order":0,"comment_status":"closed","ping_status":"closed","template":"","meta":{"ngg_post_thumbnail":0,"footnotes":""},"class_list":["post-679","page","type-page","status-publish","hentry"],"_links":{"self":[{"href":"https:\/\/organoscolegiados.anuies.mx\/cupia\/wp-json\/wp\/v2\/pages\/679","targetHints":{"allow":["GET"]}}],"collection":[{"href":"https:\/\/organoscolegiados.anuies.mx\/cupia\/wp-json\/wp\/v2\/pages"}],"about":[{"href":"https:\/\/organoscolegiados.anuies.mx\/cupia\/wp-json\/wp\/v2\/types\/page"}],"author":[{"embeddable":true,"href":"https:\/\/organoscolegiados.anuies.mx\/cupia\/wp-json\/wp\/v2\/users\/1"}],"replies":[{"embeddable":true,"href":"https:\/\/organoscolegiados.anuies.mx\/cupia\/wp-json\/wp\/v2\/comments?post=679"}],"version-history":[{"count":8,"href":"https:\/\/organoscolegiados.anuies.mx\/cupia\/wp-json\/wp\/v2\/pages\/679\/revisions"}],"predecessor-version":[{"id":1022,"href":"https:\/\/organoscolegiados.anuies.mx\/cupia\/wp-json\/wp\/v2\/pages\/679\/revisions\/1022"}],"wp:attachment":[{"href":"https:\/\/organoscolegiados.anuies.mx\/cupia\/wp-json\/wp\/v2\/media?parent=679"}],"curies":[{"name":"wp","href":"https:\/\/api.w.org\/{rel}","templated":true}]}}