{"id":713,"date":"2019-11-27T19:47:26","date_gmt":"2019-11-27T18:47:26","guid":{"rendered":"https:\/\/organoscolegiados.anuies.mx\/cupia\/?page_id=713"},"modified":"2022-12-15T17:45:39","modified_gmt":"2022-12-15T16:45:39","slug":"xliii-cupia","status":"publish","type":"page","link":"https:\/\/organoscolegiados.anuies.mx\/cupia\/xliii-cupia\/","title":{"rendered":""},"content":{"rendered":"<div id=\"pl-713\"  class=\"panel-layout\" ><div id=\"pg-713-0\"  class=\"panel-grid panel-no-style\" ><div id=\"pgc-713-0-0\"  class=\"panel-grid-cell\" ><div id=\"panel-713-0-0-0\" class=\"so-panel widget widget_sow-editor panel-first-child panel-last-child\" data-index=\"0\" ><div\n\t\t\t\n\t\t\tclass=\"so-widget-sow-editor so-widget-sow-editor-base\"\n\t\t\t\n\t\t>\n<div class=\"siteorigin-widget-tinymce textwidget\">\n\t<p align=\"center\"><img loading=\"lazy\" decoding=\"async\" class=\"alignnone size-full wp-image-714\" src=\"https:\/\/organoscolegiados.anuies.mx\/cupia\/wp-content\/uploads\/sites\/6\/2019\/11\/cabecera-3.jpg\" alt=\"\" width=\"970\" height=\"120\" srcset=\"https:\/\/organoscolegiados.anuies.mx\/cupia\/wp-content\/uploads\/sites\/6\/2019\/11\/cabecera-3.jpg 970w, https:\/\/organoscolegiados.anuies.mx\/cupia\/wp-content\/uploads\/sites\/6\/2019\/11\/cabecera-3-300x37.jpg 300w, https:\/\/organoscolegiados.anuies.mx\/cupia\/wp-content\/uploads\/sites\/6\/2019\/11\/cabecera-3-768x95.jpg 768w\" sizes=\"auto, (max-width: 970px) 100vw, 970px\" \/><\/p>\n<p style=\"text-align: center\" align=\"center\"><span style=\"color: #000000\"><strong>CONVOCATORIA<\/strong><\/span><\/p>\n<p style=\"text-align: justify\"><span style=\"color: #000000\">Con fundamento en los art\u00edculos Trig\u00e9simo, Trig\u00e9simo Primero y Trig\u00e9simo Tercero, Fracci\u00f3n VI, del Estatuto de la Asociaci\u00f3n Nacional de Universidades e Instituciones de Educaci\u00f3n Superior, ANUIES, se convoca a los titulares de las instituciones que integran el Consejo de Universidades P\u00fablicas e Instituciones Afines, CUPIA, a la XLIII Sesi\u00f3n Ordinaria que se efectuar\u00e1 el 24 de octubre de 2014 a partir de las 10:00 horas en las instalaciones de la Universidad Aut\u00f3noma de Sinaloa, ubicadas en Av. Universitaria s\/n, Ciudad Universitaria, Mazatl\u00e1n, Sinaloa, bajo el siguiente:<\/span><\/p>\n<p style=\"text-align: center\"><span style=\"color: #000000\"><b>ORDEN DEL D\u00cdA<\/b><b>\u00a0<\/b><\/span><\/p>\n<p style=\"text-align: justify\"><span style=\"color: #000000\"><a style=\"color: #000000\" href=\"https:\/\/organoscolegiados.anuies.mx\/cupia\/wp-content\/uploads\/sites\/6\/2019\/11\/1.-MIEMBROS-XLIII-SO-CUPIA.pdf\" target=\"_blank\" rel=\"noopener\">1.\u00a0Lista de asistencia y verificaci\u00f3n de\u00a0<em>qu\u00f3rum.<\/em><\/a><\/span><\/p>\n<p style=\"text-align: justify\"><span style=\"color: #000000\"><a style=\"color: #000000\" href=\"https:\/\/organoscolegiados.anuies.mx\/cupia\/wp-content\/uploads\/sites\/6\/2019\/11\/2.Convocatoria-XLIII-CUPIA-2014-Final.pdf\" target=\"_blank\" rel=\"noopener\">2.\u00a0Aprobaci\u00f3n del Orden del D\u00eda.<\/a><\/span><\/p>\n<p style=\"text-align: justify\"><a href=\"https:\/\/organoscolegiados.anuies.mx\/cupia\/wp-content\/uploads\/sites\/6\/2020\/03\/3.-Nombramiento-del-Vicepresidente-de-la-Sesi\u00f3n.-2.pdf\" target=\"_blank\" rel=\"noopener\"><span style=\"color: #000000\">3. Nombramiento del Vicepresidente de la Sesi\u00f3n.<\/span><\/a><\/p>\n<p style=\"text-align: justify\"><a href=\"https:\/\/organoscolegiados.anuies.mx\/cupia\/wp-content\/uploads\/sites\/6\/2020\/03\/4.-Lectura-y-aprobaci\u00f3n-del-acta-de-la-XLII-Sesi\u00f3n-Ordinaria-realizada-en-las-instalaciones-de-la-Universidad-de-Guadalajara..pdf\" target=\"_blank\" rel=\"noopener\"><span style=\"color: #000000\">4. Lectura y aprobaci\u00f3n, en su caso, del acta de la XLII Sesi\u00f3n Ordinaria realizada en las instalaciones de la Universidad de Guadalajara, el d\u00eda 30 de mayo de 2014.<\/span><\/a><\/p>\n<p style=\"text-align: justify\"><span style=\"color: #000000\"><a href=\"https:\/\/organoscolegiados.anuies.mx\/cupia\/wp-content\/uploads\/sites\/6\/2019\/11\/5.-INVITADO-ESPECIAL-ACTUARIO-FRANCISCO-MIGUEL-AGUIRRE-FAR\u00d5AS.pdf\" target=\"_blank\" rel=\"noopener\">5. Presentaciones y exposiciones, en su caso, de los invitados especiales.<\/a><br \/>\n<a href=\"https:\/\/organoscolegiados.anuies.mx\/cupia\/wp-content\/uploads\/sites\/6\/2020\/03\/5.2-CUPIA-Presentaci\u00f3n-Pro-Asset-Management-Ignacio-Bolivar.pdf\" target=\"_blank\" rel=\"noopener\">5.1\u00a0Lic. Ignacio Bolivar, Fundador y Director General de PRO Asset Management.<\/a><\/span><\/p>\n<p style=\"text-align: justify\"><span style=\"color: #000000\"><a href=\"https:\/\/organoscolegiados.anuies.mx\/cupia\/wp-content\/uploads\/sites\/6\/2020\/03\/6.-Elecci\u00f3n-del-representante-del-CUPIA-ante-el-Consejo-Nacional.pdf\" target=\"_blank\" rel=\"noopener\">\u00a06. Elecci\u00f3n del representante del CUPIA ante el Consejo Nacional<\/a>.<\/span><\/p>\n<p style=\"text-align: justify\"><span style=\"color: #000000\"><a style=\"color: #000000\" href=\"https:\/\/organoscolegiados.anuies.mx\/cupia\/wp-content\/uploads\/sites\/6\/2019\/11\/7.-PRESUPUESTO-2015.pdf\" target=\"_blank\" rel=\"noopener\">7. Presentaci\u00f3n de las propuestas sobre el presupuesto 2015 para la educaci\u00f3n superior.<\/a><\/span><\/p>\n<p style=\"text-align: justify\"><span style=\"color: #000000\"><a style=\"color: #000000\" href=\"https:\/\/organoscolegiados.anuies.mx\/cupia\/wp-content\/uploads\/sites\/6\/2019\/11\/8.-OFICIO-PROFESORES-DE-ASIGNATURA.pdf\" target=\"_blank\" rel=\"noopener\">8. An\u00e1lisis, discusi\u00f3n y aprobaci\u00f3n, en su caso, de la pr\u00f3rroga a la Comisi\u00f3n encargada de analizar la problem\u00e1tica de los profesores de asignatura.<\/a>\u00a0<a style=\"color: #000000\" href=\"http:\/\/cupiaxliii.portal.anuies.mx\/wp-content\/blogs.dir\/24\/files\/sites\/24\/2014\/10\/8.-PROFESORES-DE-ASIGNATURA.pdf\" target=\"_blank\" rel=\"noopener\">Presentaci\u00f3n.<\/a><\/span><\/p>\n<p style=\"text-align: justify\"><span style=\"color: #000000\"><a style=\"color: #000000\" href=\"https:\/\/organoscolegiados.anuies.mx\/cupia\/wp-content\/uploads\/sites\/6\/2019\/11\/9.-OFICIO-ANUIES-SES-CONVENIO-APOYO-FINANCIERO.pdf\" target=\"_blank\" rel=\"noopener\">9. Presentaci\u00f3n del proyecto de convenio SEP-Entidades Federativas-IES.<\/a>\u00a0<a style=\"color: #000000\" href=\"https:\/\/organoscolegiados.anuies.mx\/cupia\/wp-content\/uploads\/sites\/6\/2019\/11\/9.1.-CONVENIO-DE-APOYO-FINANCIERO-UPES-vf-3.pdf\" target=\"_blank\" rel=\"noopener\">Convenio.<\/a>\u00a0<a style=\"color: #000000\" href=\"https:\/\/organoscolegiados.anuies.mx\/cupia\/wp-content\/uploads\/sites\/6\/2019\/11\/9.-MODIFICACIONES-AL-CONVENIO-DE-APOYO-FINANCIERO.pdf\" target=\"_blank\" rel=\"noopener\">Presentaci\u00f3n.<\/a><\/span><\/p>\n<p style=\"text-align: justify\"><a href=\"https:\/\/organoscolegiados.anuies.mx\/cupia\/wp-content\/uploads\/sites\/6\/2020\/03\/10.-Asuntos-generales-1.pdf\" target=\"_blank\" rel=\"noopener\"><span style=\"color: #000000\">10. Asuntos generales.<\/span><\/a><\/p>\n<p style=\"padding-left: 40px\"><span style=\"color: #000000\"><a style=\"color: #000000\" href=\"https:\/\/organoscolegiados.anuies.mx\/cupia\/wp-content\/uploads\/sites\/6\/2019\/11\/Comunicado-4.pdf\" target=\"_blank\" rel=\"noopener\">Comunicado<\/a><\/span><\/p>\n<p style=\"padding-left: 40px\"><span style=\"color: #000000\"><a style=\"color: #000000\" href=\"https:\/\/organoscolegiados.anuies.mx\/cupia\/wp-content\/uploads\/sites\/6\/2019\/11\/mensaje.pdf\" target=\"_blank\" rel=\"noopener\">mensaje inaugural<\/a><\/span><\/p>\n<\/div>\n<\/div><\/div><\/div><\/div><div id=\"pg-713-1\"  class=\"panel-grid panel-no-style\" ><div id=\"pgc-713-1-0\"  class=\"panel-grid-cell\" ><div id=\"panel-713-1-0-0\" class=\"so-panel widget widget_sow-editor panel-first-child panel-last-child\" data-index=\"1\" ><div\n\t\t\t\n\t\t\tclass=\"so-widget-sow-editor so-widget-sow-editor-base\"\n\t\t\t\n\t\t>\n<div class=\"siteorigin-widget-tinymce textwidget\">\n\t<p style=\"text-align: center;\"><strong>Dr. Juan Eulogio Guerra Liera<\/strong><br \/>\nRector de la Universidad Aut\u00f3noma de Sinaloa<br \/>\nPresidente en turno<\/p>\n<\/div>\n<\/div><\/div><\/div><div id=\"pgc-713-1-1\"  class=\"panel-grid-cell\" ><div id=\"panel-713-1-1-0\" class=\"so-panel widget widget_sow-editor panel-first-child panel-last-child\" data-index=\"2\" ><div\n\t\t\t\n\t\t\tclass=\"so-widget-sow-editor so-widget-sow-editor-base\"\n\t\t\t\n\t\t>\n<div class=\"siteorigin-widget-tinymce textwidget\">\n\t<p style=\"text-align: center;\"><strong>Dr. Enrique Fern\u00e1ndez Fassnacht<\/strong><br \/>\nSecretario General Ejecutivo<br \/>\nSecretario<\/p>\n<\/div>\n<\/div><\/div><\/div><\/div><\/div>","protected":false},"excerpt":{"rendered":"<p>CONVOCATORIA Con fundamento en los art\u00edculos Trig\u00e9simo, Trig\u00e9simo Primero y Trig\u00e9simo Tercero, Fracci\u00f3n VI, del Estatuto de la Asociaci\u00f3n Nacional de Universidades e Instituciones de Educaci\u00f3n Superior, ANUIES, se convoca &hellip; <\/p>\n","protected":false},"author":1,"featured_media":0,"parent":0,"menu_order":0,"comment_status":"closed","ping_status":"closed","template":"","meta":{"ngg_post_thumbnail":0,"footnotes":""},"class_list":["post-713","page","type-page","status-publish","hentry"],"_links":{"self":[{"href":"https:\/\/organoscolegiados.anuies.mx\/cupia\/wp-json\/wp\/v2\/pages\/713","targetHints":{"allow":["GET"]}}],"collection":[{"href":"https:\/\/organoscolegiados.anuies.mx\/cupia\/wp-json\/wp\/v2\/pages"}],"about":[{"href":"https:\/\/organoscolegiados.anuies.mx\/cupia\/wp-json\/wp\/v2\/types\/page"}],"author":[{"embeddable":true,"href":"https:\/\/organoscolegiados.anuies.mx\/cupia\/wp-json\/wp\/v2\/users\/1"}],"replies":[{"embeddable":true,"href":"https:\/\/organoscolegiados.anuies.mx\/cupia\/wp-json\/wp\/v2\/comments?post=713"}],"version-history":[{"count":8,"href":"https:\/\/organoscolegiados.anuies.mx\/cupia\/wp-json\/wp\/v2\/pages\/713\/revisions"}],"predecessor-version":[{"id":1025,"href":"https:\/\/organoscolegiados.anuies.mx\/cupia\/wp-json\/wp\/v2\/pages\/713\/revisions\/1025"}],"wp:attachment":[{"href":"https:\/\/organoscolegiados.anuies.mx\/cupia\/wp-json\/wp\/v2\/media?parent=713"}],"curies":[{"name":"wp","href":"https:\/\/api.w.org\/{rel}","templated":true}]}}