{"id":958,"date":"2022-05-03T20:59:17","date_gmt":"2022-05-03T18:59:17","guid":{"rendered":"https:\/\/organoscolegiados.anuies.mx\/cupia\/?page_id=958"},"modified":"2022-05-20T21:44:01","modified_gmt":"2022-05-20T19:44:01","slug":"lvii-sesion-ordinaria","status":"publish","type":"page","link":"https:\/\/organoscolegiados.anuies.mx\/cupia\/lvii-sesion-ordinaria\/","title":{"rendered":"LVII Sesi\u00f3n Ordinaria"},"content":{"rendered":"<div id=\"pl-958\"  class=\"panel-layout\" ><div id=\"pg-958-0\"  class=\"panel-grid panel-no-style\" ><div id=\"pgc-958-0-0\"  class=\"panel-grid-cell\" ><div id=\"panel-958-0-0-0\" class=\"so-panel widget widget_sow-editor panel-first-child panel-last-child\" data-index=\"0\" ><div\n\t\t\t\n\t\t\tclass=\"so-widget-sow-editor so-widget-sow-editor-base\"\n\t\t\t\n\t\t>\n<div class=\"siteorigin-widget-tinymce textwidget\">\n\t<p><img loading=\"lazy\" decoding=\"async\" class=\"aligncenter size-full wp-image-960\" src=\"https:\/\/organoscolegiados.anuies.mx\/cupia\/wp-content\/uploads\/sites\/6\/2022\/05\/cabeceracupialvii.png\" alt=\"\" width=\"4169\" height=\"359\" srcset=\"https:\/\/organoscolegiados.anuies.mx\/cupia\/wp-content\/uploads\/sites\/6\/2022\/05\/cabeceracupialvii.png 4169w, https:\/\/organoscolegiados.anuies.mx\/cupia\/wp-content\/uploads\/sites\/6\/2022\/05\/cabeceracupialvii-300x26.png 300w, https:\/\/organoscolegiados.anuies.mx\/cupia\/wp-content\/uploads\/sites\/6\/2022\/05\/cabeceracupialvii-1024x88.png 1024w, https:\/\/organoscolegiados.anuies.mx\/cupia\/wp-content\/uploads\/sites\/6\/2022\/05\/cabeceracupialvii-768x66.png 768w, https:\/\/organoscolegiados.anuies.mx\/cupia\/wp-content\/uploads\/sites\/6\/2022\/05\/cabeceracupialvii-1536x132.png 1536w, https:\/\/organoscolegiados.anuies.mx\/cupia\/wp-content\/uploads\/sites\/6\/2022\/05\/cabeceracupialvii-2048x176.png 2048w\" sizes=\"auto, (max-width: 4169px) 100vw, 4169px\" \/><\/p>\n<p style=\"text-align: center;\"><strong>CONVOCATORIA<\/strong><\/p>\n<p style=\"text-align: justify;\">Con fundamento en los art\u00edculos Trig\u00e9simo, Trig\u00e9simo Primero y Trig\u00e9simo Tercero, fracci\u00f3n VI, del Estatuto de la Asociaci\u00f3n Nacional de Universidades e Instituciones de Educaci\u00f3n Superior de la Rep\u00fablica Mexicana, A.C. (ANUIES), convocamos a los titulares de las instituciones que integran el Consejo de Universidades P\u00fablicas e Instituciones Afines (CUPIA), a la LVII Sesi\u00f3n Ordinaria que se efectuar\u00e1 en modalidad mixta con sede en la Universidad Tecnol\u00f3gica del Norte de Aguascalientes, ubicada en Av. Universidad 1001, Estaci\u00f3n Rinc\u00f3n, Rinc\u00f3n de Romos, Aguascalientes, C.P. 20420, a las 11:00 horas del\u00a0 26 de mayo de 2022, con el siguiente:<\/p>\n<p>&nbsp;<\/p>\n<p style=\"text-align: center;\"><strong>\u00a0<\/strong><strong>ORDEN DEL D\u00cdA<\/strong><\/p>\n<ol>\n<li><a href=\"https:\/\/organoscolegiados.anuies.mx\/cupia\/wp-content\/uploads\/sites\/6\/2022\/05\/1-Lista-de-asistencia-y-verificacio\u0301n-del-quorum-Fusionado.pdf\" target=\"_blank\" rel=\"noopener\">Lista de asistencia y verificaci\u00f3n del <em>quorum<\/em>.<\/a><\/li>\n<li><a href=\"https:\/\/organoscolegiados.anuies.mx\/cupia\/wp-content\/uploads\/sites\/6\/2022\/05\/2-Aprobacio\u0301n-del-Orden-del-Di\u0301a.pdf\" target=\"_blank\" rel=\"noopener\">Aprobaci\u00f3n del Orden del D\u00eda.<\/a><\/li>\n<li><a href=\"https:\/\/organoscolegiados.anuies.mx\/cupia\/wp-content\/uploads\/sites\/6\/2022\/05\/3-Eleccio\u0301n-del-Vicepresidente-de-la-Sesio\u0301n..pdf\" target=\"_blank\" rel=\"noopener\">Elecci\u00f3n del Vicepresidente de la Sesi\u00f3n.<\/a><\/li>\n<li><a href=\"https:\/\/organoscolegiados.anuies.mx\/cupia\/wp-content\/uploads\/sites\/6\/2022\/05\/4-Lectura-y-aprobacion-en-su-caso-del-Acta-de-la-LVI-Sesion-Ordinaria.pdf\" target=\"_blank\" rel=\"noopener\">Lectura y aprobaci\u00f3n, en su caso, del Acta de la LVI Sesi\u00f3n Ordinaria.<\/a><\/li>\n<li><a href=\"https:\/\/organoscolegiados.anuies.mx\/cupia\/wp-content\/uploads\/sites\/6\/2022\/05\/5-Presentacion-del-Programa-de-fortalecimiento-de-la-educacion-dual-en-las-universidades-tecnologicas.pdf\" target=\"_blank\" rel=\"noopener\">Presentaci\u00f3n del Programa de fortalecimiento de la educaci\u00f3n dual en las universidades tecnol\u00f3gicas.<\/a><\/li>\n<li><a href=\"https:\/\/organoscolegiados.anuies.mx\/cupia\/wp-content\/uploads\/sites\/6\/2022\/05\/6-Presentacion-del-proyecto-Diagnostico-sobre-la-contribucion-de-las-y-los-profesores-de-tiempo-parcial-en-la-formacion-profesio.pdf\" target=\"_blank\" rel=\"noopener\">Presentaci\u00f3n del proyecto:<em> Diagn\u00f3stico sobre la contribuci\u00f3n de las y los profesores de tiempo parcial en la formaci\u00f3n profesional de los estudiantes y sus condiciones acad\u00e9micas y laborales en las IES p\u00fablicas.<\/em><\/a><\/li>\n<li><a href=\"https:\/\/organoscolegiados.anuies.mx\/cupia\/wp-content\/uploads\/sites\/6\/2022\/05\/7-Presentacion-del-documento-Acciones-cimentadas-en-el-conocimiento-transformacion-de-la-educacion-superior-para-la-sustentabilidad-global.pdf\" target=\"_blank\" rel=\"noopener\">Presentaci\u00f3n del documento: <em>Acciones cimentadas en el conocimiento; transformaci\u00f3n de la educaci\u00f3n superior para la sustentabilidad global.<\/em><\/a><\/li>\n<li><a href=\"https:\/\/organoscolegiados.anuies.mx\/cupia\/wp-content\/uploads\/sites\/6\/2022\/05\/8-Presentacion-del-Programa-de-Intercambio-Academico-Latinoamericano-de-la-ANUIES.pdf\" target=\"_blank\" rel=\"noopener\">Presentaci\u00f3n del Programa de Intercambio Acad\u00e9mico Latinoamericano de la ANUIES.<\/a><\/li>\n<li><a href=\"https:\/\/organoscolegiados.anuies.mx\/cupia\/wp-content\/uploads\/sites\/6\/2022\/05\/9-Presentacion-de-la-Conferencia-Internacional-ANUIES-2022.pdf\" target=\"_blank\" rel=\"noopener\">Presentaci\u00f3n de la Conferencia Internacional ANUIES 2022.<\/a><\/li>\n<li><a href=\"https:\/\/organoscolegiados.anuies.mx\/cupia\/wp-content\/uploads\/sites\/6\/2022\/05\/10-Exposicion-sobre-la-importancia-de-incluir-la-asignatura-de-derecho-agrario-en-los-planes-y-programas-de-estudio-de-las-licenciaturas-en-derecho.pdf\" target=\"_blank\" rel=\"noopener\">Exposici\u00f3n sobre la importancia de incluir la asignatura de derecho agrario en los planes y programas de estudio de las licenciaturas en derecho.<\/a><\/li>\n<li><a href=\"https:\/\/organoscolegiados.anuies.mx\/cupia\/wp-content\/uploads\/sites\/6\/2022\/05\/11-Presentacion-de-la-oferta-educativa-del-Campus-Virtual-de-la-ANUIES.pdf\" target=\"_blank\" rel=\"noopener\">Presentaci\u00f3n de la oferta educativa del Campus Virtual de la ANUIES.<\/a><\/li>\n<li><a href=\"https:\/\/organoscolegiados.anuies.mx\/cupia\/wp-content\/uploads\/sites\/6\/2022\/05\/12-Asuntos-generales.pdf\" target=\"_blank\" rel=\"noopener\">Asuntos generales.<\/a><\/li>\n<\/ol>\n<\/div>\n<\/div><\/div><\/div><\/div><div id=\"pg-958-1\"  class=\"panel-grid panel-no-style\" ><div id=\"pgc-958-1-0\"  class=\"panel-grid-cell\" ><div id=\"panel-958-1-0-0\" class=\"so-panel widget widget_sow-editor panel-first-child panel-last-child\" data-index=\"1\" ><div\n\t\t\t\n\t\t\tclass=\"so-widget-sow-editor so-widget-sow-editor-base\"\n\t\t\t\n\t\t>\n<div class=\"siteorigin-widget-tinymce textwidget\">\n\t<p style=\"text-align: center;\"><strong>MEF. Mar\u00eda Ang\u00e9lica Mart\u00ednez D\u00edaz<br \/>\nRectora de la Universidad Tecnol\u00f3gica del Norte de Aguascalientes<br \/>\nPresidenta<\/strong><\/p>\n<\/div>\n<\/div><\/div><\/div><div id=\"pgc-958-1-1\"  class=\"panel-grid-cell\" ><div id=\"panel-958-1-1-0\" class=\"so-panel widget widget_sow-editor panel-first-child panel-last-child\" data-index=\"2\" ><div\n\t\t\t\n\t\t\tclass=\"so-widget-sow-editor so-widget-sow-editor-base\"\n\t\t\t\n\t\t>\n<div class=\"siteorigin-widget-tinymce textwidget\">\n\t<p style=\"text-align: center;\"><strong>Mtro. Jaime Valls Esponda<br \/>\nSecretario General Ejecutivo de la ANUIES<br \/>\nSecretario<\/strong><\/p>\n<\/div>\n<\/div><\/div><\/div><\/div><\/div>","protected":false},"excerpt":{"rendered":"<p>CONVOCATORIA Con fundamento en los art\u00edculos Trig\u00e9simo, Trig\u00e9simo Primero y Trig\u00e9simo Tercero, fracci\u00f3n VI, del Estatuto de la Asociaci\u00f3n Nacional de Universidades e Instituciones de Educaci\u00f3n Superior de la Rep\u00fablica &hellip; <\/p>\n","protected":false},"author":1,"featured_media":0,"parent":0,"menu_order":0,"comment_status":"closed","ping_status":"closed","template":"","meta":{"ngg_post_thumbnail":0,"footnotes":""},"class_list":["post-958","page","type-page","status-publish","hentry"],"_links":{"self":[{"href":"https:\/\/organoscolegiados.anuies.mx\/cupia\/wp-json\/wp\/v2\/pages\/958","targetHints":{"allow":["GET"]}}],"collection":[{"href":"https:\/\/organoscolegiados.anuies.mx\/cupia\/wp-json\/wp\/v2\/pages"}],"about":[{"href":"https:\/\/organoscolegiados.anuies.mx\/cupia\/wp-json\/wp\/v2\/types\/page"}],"author":[{"embeddable":true,"href":"https:\/\/organoscolegiados.anuies.mx\/cupia\/wp-json\/wp\/v2\/users\/1"}],"replies":[{"embeddable":true,"href":"https:\/\/organoscolegiados.anuies.mx\/cupia\/wp-json\/wp\/v2\/comments?post=958"}],"version-history":[{"count":4,"href":"https:\/\/organoscolegiados.anuies.mx\/cupia\/wp-json\/wp\/v2\/pages\/958\/revisions"}],"predecessor-version":[{"id":977,"href":"https:\/\/organoscolegiados.anuies.mx\/cupia\/wp-json\/wp\/v2\/pages\/958\/revisions\/977"}],"wp:attachment":[{"href":"https:\/\/organoscolegiados.anuies.mx\/cupia\/wp-json\/wp\/v2\/media?parent=958"}],"curies":[{"name":"wp","href":"https:\/\/api.w.org\/{rel}","templated":true}]}}