{"id":800,"date":"2022-04-04T17:05:07","date_gmt":"2022-04-04T15:05:07","guid":{"rendered":"https:\/\/organoscolegiados.anuies.mx\/cupria\/?page_id=800"},"modified":"2022-04-05T21:33:32","modified_gmt":"2022-04-05T19:33:32","slug":"liii-cupria","status":"publish","type":"page","link":"https:\/\/organoscolegiados.anuies.mx\/cupria\/liii-cupria\/","title":{"rendered":"LIII Sesi\u00f3n Ordinaria CUPRIA"},"content":{"rendered":"<div id=\"pl-800\"  class=\"panel-layout\" ><div id=\"pg-800-0\"  class=\"panel-grid panel-no-style\" ><div id=\"pgc-800-0-0\"  class=\"panel-grid-cell\" ><div id=\"panel-800-0-0-0\" class=\"so-panel widget widget_sow-editor panel-first-child panel-last-child\" data-index=\"0\" ><div\n\t\t\t\n\t\t\tclass=\"so-widget-sow-editor so-widget-sow-editor-base\"\n\t\t\t\n\t\t>\n<div class=\"siteorigin-widget-tinymce textwidget\">\n\t<p><img loading=\"lazy\" decoding=\"async\" class=\"aligncenter wp-image-801 size-full\" src=\"https:\/\/organoscolegiados.anuies.mx\/cupria\/wp-content\/uploads\/sites\/4\/2022\/04\/cabeceracupriaLIII-scaled.jpg\" alt=\"\" width=\"2560\" height=\"220\" srcset=\"https:\/\/organoscolegiados.anuies.mx\/cupria\/wp-content\/uploads\/sites\/4\/2022\/04\/cabeceracupriaLIII-scaled.jpg 2560w, https:\/\/organoscolegiados.anuies.mx\/cupria\/wp-content\/uploads\/sites\/4\/2022\/04\/cabeceracupriaLIII-300x26.jpg 300w, https:\/\/organoscolegiados.anuies.mx\/cupria\/wp-content\/uploads\/sites\/4\/2022\/04\/cabeceracupriaLIII-1024x88.jpg 1024w, https:\/\/organoscolegiados.anuies.mx\/cupria\/wp-content\/uploads\/sites\/4\/2022\/04\/cabeceracupriaLIII-768x66.jpg 768w, https:\/\/organoscolegiados.anuies.mx\/cupria\/wp-content\/uploads\/sites\/4\/2022\/04\/cabeceracupriaLIII-1536x132.jpg 1536w, https:\/\/organoscolegiados.anuies.mx\/cupria\/wp-content\/uploads\/sites\/4\/2022\/04\/cabeceracupriaLIII-2048x176.jpg 2048w\" sizes=\"auto, (max-width: 2560px) 100vw, 2560px\" \/><\/p>\n<p style=\"text-align: center;\"><strong>CONVOCATORIA<\/strong><\/p>\n<p style=\"text-align: justify;\">Con fundamento en los art\u00edculos Trig\u00e9simo, Trig\u00e9simo Primero y Trig\u00e9simo Tercero, fracci\u00f3n VI, del Estatuto de la Asociaci\u00f3n Nacional de Universidades e Instituciones de Educaci\u00f3n Superior de la Rep\u00fablica Mexicana, A.C. (ANUIES), convocamos a los titulares de las instituciones\u00a0 que integran\u00a0 el Consejo de Universidades Particulares\u00a0 e Instituciones Afines (CUPRIA), a la LIII Sesi\u00f3n Ordinaria que se efectuar\u00e1 de forma virtual con sede en la Universidad del Valle de Atemajac, a las 11:00 horas del 28 de abril de 2022, con el siguiente:<\/p>\n<p style=\"text-align: center;\"><strong>ORDEN DEL D\u00cdA<\/strong><\/p>\n<ol>\n<li><a href=\"https:\/\/organoscolegiados.anuies.mx\/cupria\/wp-content\/uploads\/sites\/4\/2022\/04\/1-Lista-de-asistencia-y-verificacion-del-quorum-Fusionado.pdf\" target=\"_blank\" rel=\"noopener\">Lista de asistencia y verificaci\u00f3n del <em>quorum<\/em>.<\/a><\/li>\n<li><a href=\"https:\/\/organoscolegiados.anuies.mx\/cupria\/wp-content\/uploads\/sites\/4\/2022\/04\/2-Aprobacion-del-Orden-del-Dia-Fusionado.pdf\" target=\"_blank\" rel=\"noopener\">Aprobaci\u00f3n del Orden del D\u00eda.<\/a><\/li>\n<li><a href=\"https:\/\/organoscolegiados.anuies.mx\/cupria\/wp-content\/uploads\/sites\/4\/2022\/04\/3-Eleccion-del-Vicepresidente-de-la-Sesion.pdf\" target=\"_blank\" rel=\"noopener\">Elecci\u00f3n del Vicepresidente de la Sesi\u00f3n.<\/a><\/li>\n<li><a href=\"https:\/\/organoscolegiados.anuies.mx\/cupria\/wp-content\/uploads\/sites\/4\/2022\/04\/4-Lectura-y-aprobacion-en-su-caso-del-Acta-de-la-LII-Sesion-Ordinaria.pdf\" target=\"_blank\" rel=\"noopener\">Lectura y aprobaci\u00f3n, en su caso, del Acta de la LII Sesi\u00f3n Ordinaria.<\/a><\/li>\n<li><a href=\"https:\/\/organoscolegiados.anuies.mx\/cupria\/wp-content\/uploads\/sites\/4\/2022\/04\/5-Presentacion-de-la-responsabilidad-social-de-las-IES-en-un-contexto-de-paz-y-violencia2.pdf\" target=\"_blank\" rel=\"noopener\">Presentaci\u00f3n de la responsabilidad social de las Instituciones de Educaci\u00f3n Superior en un contexto de paz y violencia.<\/a><\/li>\n<li><a href=\"https:\/\/organoscolegiados.anuies.mx\/cupria\/wp-content\/uploads\/sites\/4\/2022\/04\/6-Exposicion-sobre-la-importancia-de-incluir-en-los-planes-y-programas-de-estudio-la-educacion-para-la-paz2.pdf\" target=\"_blank\" rel=\"noopener\">Exposici\u00f3n sobre la importancia de incluir en los planes y programas de estudio la educaci\u00f3n para la paz.<\/a><\/li>\n<li><a href=\"https:\/\/organoscolegiados.anuies.mx\/cupria\/wp-content\/uploads\/sites\/4\/2022\/04\/7-Presentacion-del-Plan-de-cultura-y-paz-de-la-ANUIES.pdf\" target=\"_blank\" rel=\"noopener\">Presentaci\u00f3n del Plan de cultura y paz de la ANUIES.<\/a><\/li>\n<li><a href=\"https:\/\/organoscolegiados.anuies.mx\/cupria\/wp-content\/uploads\/sites\/4\/2022\/04\/8-Presentacion-del-documento-Acciones-cimentadas-en-el-conocimiento-Transformacion-de-la-ES-para-la-sustentabilidad.pdf\" target=\"_blank\" rel=\"noopener\">Presentaci\u00f3n del documento <em>Acciones cimentadas en el conocimiento: Transformaci\u00f3n de la educaci\u00f3n superior para la sustentabilidad global.<\/em><\/a><\/li>\n<li><a href=\"https:\/\/organoscolegiados.anuies.mx\/cupria\/wp-content\/uploads\/sites\/4\/2022\/04\/9-Presentacion-de-la-experiencia-sobre-la-contribucion-social-de-las-IES-desde-los-ODS.pdf\" target=\"_blank\" rel=\"noopener\">Presentaci\u00f3n de la experiencia sobre la contribuci\u00f3n social de las Instituciones de Educaci\u00f3n Superior desde los Objetivos del Desarrollo Sostenible.<\/a><\/li>\n<li><a href=\"https:\/\/organoscolegiados.anuies.mx\/cupria\/wp-content\/uploads\/sites\/4\/2022\/04\/10-Presentacion-del-Programa-de-intercambio-academico-latinoamericano-de-la-ANUIES.pdf\" target=\"_blank\" rel=\"noopener\">Presentaci\u00f3n del Programa de intercambio acad\u00e9mico latinoamericano de la ANUIES.<\/a><\/li>\n<li><a href=\"https:\/\/organoscolegiados.anuies.mx\/cupria\/wp-content\/uploads\/sites\/4\/2022\/04\/11-Presentacion-de-la-Conferencia-Internacional-ANUIES-2022.pdf\" target=\"_blank\" rel=\"noopener\">Presentaci\u00f3n de la Conferencia Internacional ANUIES 2022.<\/a><\/li>\n<li><a href=\"https:\/\/organoscolegiados.anuies.mx\/cupria\/wp-content\/uploads\/sites\/4\/2022\/04\/12-Asuntos-generales.pdf\" target=\"_blank\" rel=\"noopener\">Asuntos Generales.<\/a><\/li>\n<\/ol>\n<\/div>\n<\/div><\/div><\/div><\/div><div id=\"pg-800-1\"  class=\"panel-grid panel-no-style\" ><div id=\"pgc-800-1-0\"  class=\"panel-grid-cell\" ><div id=\"panel-800-1-0-0\" class=\"so-panel widget widget_sow-editor panel-first-child panel-last-child\" data-index=\"1\" ><div\n\t\t\t\n\t\t\tclass=\"so-widget-sow-editor so-widget-sow-editor-base\"\n\t\t\t\n\t\t>\n<div class=\"siteorigin-widget-tinymce textwidget\">\n\t<p style=\"text-align: center;\"><strong>Pbro. Lic. Francisco Ram\u00edrez Y\u00e1\u00f1ez<\/strong><br \/>\nRector de la Universidad del Valle de Atemajac<br \/>\nPresidente en turno<\/p>\n<\/div>\n<\/div><\/div><\/div><div id=\"pgc-800-1-1\"  class=\"panel-grid-cell\" ><div id=\"panel-800-1-1-0\" class=\"so-panel widget widget_sow-editor panel-first-child panel-last-child\" data-index=\"2\" ><div\n\t\t\t\n\t\t\tclass=\"so-widget-sow-editor so-widget-sow-editor-base\"\n\t\t\t\n\t\t>\n<div class=\"siteorigin-widget-tinymce textwidget\">\n\t<p style=\"text-align: center;\"><strong style=\"font-size: 1rem;\">Mtro. Jaime Valls Esponda<\/strong><br \/>\nSecretario General Ejecutivo<br \/>\nSecretario<\/p>\n<\/div>\n<\/div><\/div><\/div><\/div><\/div>","protected":false},"excerpt":{"rendered":"<p>CONVOCATORIA Con fundamento en los art\u00edculos Trig\u00e9simo, Trig\u00e9simo Primero y Trig\u00e9simo Tercero, fracci\u00f3n VI, del Estatuto de la Asociaci\u00f3n Nacional de Universidades e Instituciones de Educaci\u00f3n Superior de la Rep\u00fablica &hellip; <\/p>\n","protected":false},"author":1,"featured_media":0,"parent":0,"menu_order":0,"comment_status":"closed","ping_status":"closed","template":"","meta":{"footnotes":""},"class_list":["post-800","page","type-page","status-publish","hentry"],"_links":{"self":[{"href":"https:\/\/organoscolegiados.anuies.mx\/cupria\/wp-json\/wp\/v2\/pages\/800","targetHints":{"allow":["GET"]}}],"collection":[{"href":"https:\/\/organoscolegiados.anuies.mx\/cupria\/wp-json\/wp\/v2\/pages"}],"about":[{"href":"https:\/\/organoscolegiados.anuies.mx\/cupria\/wp-json\/wp\/v2\/types\/page"}],"author":[{"embeddable":true,"href":"https:\/\/organoscolegiados.anuies.mx\/cupria\/wp-json\/wp\/v2\/users\/1"}],"replies":[{"embeddable":true,"href":"https:\/\/organoscolegiados.anuies.mx\/cupria\/wp-json\/wp\/v2\/comments?post=800"}],"version-history":[{"count":5,"href":"https:\/\/organoscolegiados.anuies.mx\/cupria\/wp-json\/wp\/v2\/pages\/800\/revisions"}],"predecessor-version":[{"id":822,"href":"https:\/\/organoscolegiados.anuies.mx\/cupria\/wp-json\/wp\/v2\/pages\/800\/revisions\/822"}],"wp:attachment":[{"href":"https:\/\/organoscolegiados.anuies.mx\/cupria\/wp-json\/wp\/v2\/media?parent=800"}],"curies":[{"name":"wp","href":"https:\/\/api.w.org\/{rel}","templated":true}]}}

LIII Sesión Ordinaria CUPRIA

<div id="pl-800"  class="panel-layout" ><div id="pg-800-0"  class="panel-grid panel-no-style" ><div id="pgc-800-0-0"  class="panel-grid-cell" ><div id="panel-800-0-0-0" class="so-panel widget widget_sow-editor panel-first-child panel-last-child" data-index="0" ><div
			
			class="so-widget-sow-editor so-widget-sow-editor-base"
			
		>
<div class="siteorigin-widget-tinymce textwidget">
	<p><img loading="lazy" decoding="async" class="aligncenter wp-image-801 size-full" src="https://organoscolegiados.anuies.mx/cupria/wp-content/uploads/sites/4/2022/04/cabeceracupriaLIII-scaled.jpg" alt="" width="2560" height="220" srcset="https://organoscolegiados.anuies.mx/cupria/wp-content/uploads/sites/4/2022/04/cabeceracupriaLIII-scaled.jpg 2560w, https://organoscolegiados.anuies.mx/cupria/wp-content/uploads/sites/4/2022/04/cabeceracupriaLIII-300x26.jpg 300w, https://organoscolegiados.anuies.mx/cupria/wp-content/uploads/sites/4/2022/04/cabeceracupriaLIII-1024x88.jpg 1024w, https://organoscolegiados.anuies.mx/cupria/wp-content/uploads/sites/4/2022/04/cabeceracupriaLIII-768x66.jpg 768w, https://organoscolegiados.anuies.mx/cupria/wp-content/uploads/sites/4/2022/04/cabeceracupriaLIII-1536x132.jpg 1536w, https://organoscolegiados.anuies.mx/cupria/wp-content/uploads/sites/4/2022/04/cabeceracupriaLIII-2048x176.jpg 2048w" sizes="auto, (max-width: 2560px) 100vw, 2560px" /></p>
<p style="text-align: center;"><strong>CONVOCATORIA</strong></p>
<p style="text-align: justify;">Con fundamento en los artículos Trigésimo, Trigésimo Primero y Trigésimo Tercero, fracción VI, del Estatuto de la Asociación Nacional de Universidades e Instituciones de Educación Superior de la República Mexicana, A.C. (ANUIES), convocamos a los titulares de las instituciones  que integran  el Consejo de Universidades Particulares  e Instituciones Afines (CUPRIA), a la LIII Sesión Ordinaria que se efectuará de forma virtual con sede en la Universidad del Valle de Atemajac, a las 11:00 horas del 28 de abril de 2022, con el siguiente:</p>
<p style="text-align: center;"><strong>ORDEN DEL DÍA</strong></p>
<ol>
<li><a href="https://organoscolegiados.anuies.mx/cupria/wp-content/uploads/sites/4/2022/04/1-Lista-de-asistencia-y-verificacion-del-quorum-Fusionado.pdf" target="_blank" rel="noopener">Lista de asistencia y verificación del <em>quorum</em>.</a></li>
<li><a href="https://organoscolegiados.anuies.mx/cupria/wp-content/uploads/sites/4/2022/04/2-Aprobacion-del-Orden-del-Dia-Fusionado.pdf" target="_blank" rel="noopener">Aprobación del Orden del Día.</a></li>
<li><a href="https://organoscolegiados.anuies.mx/cupria/wp-content/uploads/sites/4/2022/04/3-Eleccion-del-Vicepresidente-de-la-Sesion.pdf" target="_blank" rel="noopener">Elección del Vicepresidente de la Sesión.</a></li>
<li><a href="https://organoscolegiados.anuies.mx/cupria/wp-content/uploads/sites/4/2022/04/4-Lectura-y-aprobacion-en-su-caso-del-Acta-de-la-LII-Sesion-Ordinaria.pdf" target="_blank" rel="noopener">Lectura y aprobación, en su caso, del Acta de la LII Sesión Ordinaria.</a></li>
<li><a href="https://organoscolegiados.anuies.mx/cupria/wp-content/uploads/sites/4/2022/04/5-Presentacion-de-la-responsabilidad-social-de-las-IES-en-un-contexto-de-paz-y-violencia2.pdf" target="_blank" rel="noopener">Presentación de la responsabilidad social de las Instituciones de Educación Superior en un contexto de paz y violencia.</a></li>
<li><a href="https://organoscolegiados.anuies.mx/cupria/wp-content/uploads/sites/4/2022/04/6-Exposicion-sobre-la-importancia-de-incluir-en-los-planes-y-programas-de-estudio-la-educacion-para-la-paz2.pdf" target="_blank" rel="noopener">Exposición sobre la importancia de incluir en los planes y programas de estudio la educación para la paz.</a></li>
<li><a href="https://organoscolegiados.anuies.mx/cupria/wp-content/uploads/sites/4/2022/04/7-Presentacion-del-Plan-de-cultura-y-paz-de-la-ANUIES.pdf" target="_blank" rel="noopener">Presentación del Plan de cultura y paz de la ANUIES.</a></li>
<li><a href="https://organoscolegiados.anuies.mx/cupria/wp-content/uploads/sites/4/2022/04/8-Presentacion-del-documento-Acciones-cimentadas-en-el-conocimiento-Transformacion-de-la-ES-para-la-sustentabilidad.pdf" target="_blank" rel="noopener">Presentación del documento <em>Acciones cimentadas en el conocimiento: Transformación de la educación superior para la sustentabilidad global.</em></a></li>
<li><a href="https://organoscolegiados.anuies.mx/cupria/wp-content/uploads/sites/4/2022/04/9-Presentacion-de-la-experiencia-sobre-la-contribucion-social-de-las-IES-desde-los-ODS.pdf" target="_blank" rel="noopener">Presentación de la experiencia sobre la contribución social de las Instituciones de Educación Superior desde los Objetivos del Desarrollo Sostenible.</a></li>
<li><a href="https://organoscolegiados.anuies.mx/cupria/wp-content/uploads/sites/4/2022/04/10-Presentacion-del-Programa-de-intercambio-academico-latinoamericano-de-la-ANUIES.pdf" target="_blank" rel="noopener">Presentación del Programa de intercambio académico latinoamericano de la ANUIES.</a></li>
<li><a href="https://organoscolegiados.anuies.mx/cupria/wp-content/uploads/sites/4/2022/04/11-Presentacion-de-la-Conferencia-Internacional-ANUIES-2022.pdf" target="_blank" rel="noopener">Presentación de la Conferencia Internacional ANUIES 2022.</a></li>
<li><a href="https://organoscolegiados.anuies.mx/cupria/wp-content/uploads/sites/4/2022/04/12-Asuntos-generales.pdf" target="_blank" rel="noopener">Asuntos Generales.</a></li>
</ol>
</div>
</div></div></div></div><div id="pg-800-1"  class="panel-grid panel-no-style" ><div id="pgc-800-1-0"  class="panel-grid-cell" ><div id="panel-800-1-0-0" class="so-panel widget widget_sow-editor panel-first-child panel-last-child" data-index="1" ><div
			
			class="so-widget-sow-editor so-widget-sow-editor-base"
			
		>
<div class="siteorigin-widget-tinymce textwidget">
	<p style="text-align: center;"><strong>Pbro. Lic. Francisco Ramírez Yáñez</strong><br />
Rector de la Universidad del Valle de Atemajac<br />
Presidente en turno</p>
</div>
</div></div></div><div id="pgc-800-1-1"  class="panel-grid-cell" ><div id="panel-800-1-1-0" class="so-panel widget widget_sow-editor panel-first-child panel-last-child" data-index="2" ><div
			
			class="so-widget-sow-editor so-widget-sow-editor-base"
			
		>
<div class="siteorigin-widget-tinymce textwidget">
	<p style="text-align: center;"><strong style="font-size: 1rem;">Mtro. Jaime Valls Esponda</strong><br />
Secretario General Ejecutivo<br />
Secretario</p>
</div>
</div></div></div></div></div>

<p>CONVOCATORIA Con fundamento en los artículos Trigésimo, Trigésimo Primero y Trigésimo Tercero, fracción VI, del Estatuto de la Asociación Nacional de Universidades e Instituciones de Educación Superior de la República &hellip; </p>
