{"id":877,"date":"2023-03-28T20:30:47","date_gmt":"2023-03-28T18:30:47","guid":{"rendered":"https:\/\/organoscolegiados.anuies.mx\/cupria\/?page_id=877"},"modified":"2023-03-28T20:45:17","modified_gmt":"2023-03-28T18:45:17","slug":"liv-sesion-ordinaria-cupria","status":"publish","type":"page","link":"https:\/\/organoscolegiados.anuies.mx\/cupria\/liv-sesion-ordinaria-cupria\/","title":{"rendered":"LIV Sesi\u00f3n Ordinaria CUPRIA"},"content":{"rendered":"<div id=\"pl-877\"  class=\"panel-layout\" ><div id=\"pg-877-0\"  class=\"panel-grid panel-no-style\" ><div id=\"pgc-877-0-0\"  class=\"panel-grid-cell\" ><div id=\"panel-877-0-0-0\" class=\"so-panel widget widget_sow-editor panel-first-child panel-last-child\" data-index=\"0\" ><div\n\t\t\t\n\t\t\tclass=\"so-widget-sow-editor so-widget-sow-editor-base\"\n\t\t\t\n\t\t>\n<div class=\"siteorigin-widget-tinymce textwidget\">\n\t<p><img loading=\"lazy\" decoding=\"async\" class=\"aligncenter size-full wp-image-844\" src=\"https:\/\/organoscolegiados.anuies.mx\/cupria\/wp-content\/uploads\/sites\/4\/2022\/09\/cabeceracupriaLIV.png\" alt=\"\" width=\"2000\" height=\"171\" srcset=\"https:\/\/organoscolegiados.anuies.mx\/cupria\/wp-content\/uploads\/sites\/4\/2022\/09\/cabeceracupriaLIV.png 2000w, https:\/\/organoscolegiados.anuies.mx\/cupria\/wp-content\/uploads\/sites\/4\/2022\/09\/cabeceracupriaLIV-300x26.png 300w, https:\/\/organoscolegiados.anuies.mx\/cupria\/wp-content\/uploads\/sites\/4\/2022\/09\/cabeceracupriaLIV-1024x88.png 1024w, https:\/\/organoscolegiados.anuies.mx\/cupria\/wp-content\/uploads\/sites\/4\/2022\/09\/cabeceracupriaLIV-768x66.png 768w, https:\/\/organoscolegiados.anuies.mx\/cupria\/wp-content\/uploads\/sites\/4\/2022\/09\/cabeceracupriaLIV-1536x131.png 1536w\" sizes=\"auto, (max-width: 2000px) 100vw, 2000px\" \/><\/p>\n<p style=\"text-align: center;\"><strong>CONVOCATORIA<\/strong><\/p>\n<p>Con fundamento en los art\u00edculos Trig\u00e9simo, Trig\u00e9simo Primero y Trig\u00e9simo Tercero, fracci\u00f3n VI, del Estatuto de la Asociaci\u00f3n Nacional de Universidades e Instituciones de Educaci\u00f3n Superior de la Rep\u00fablica Mexicana, A.C. (ANUIES), convocamos a los titulares de las instituciones que integran el Consejo de Universidades Particulares\u00a0 e Instituciones Afines (CUPRIA), a la LIV Sesi\u00f3n Ordinaria que se efectuar\u00e1 en modalidad mixta con sede en la Universidad Crist\u00f3bal Col\u00f3n, Campus Torrente, ubicada en Carretera La Boticaria Km. 1.5 S\/N, Col. Militar, C.P. 91930, Veracruz, Ver., a las 11:00 horas del 27 de septiembre de 2022, con el siguiente:<\/p>\n<p style=\"text-align: center;\"><strong>ORDEN DEL D\u00cdA<\/strong><\/p>\n<ol>\n<li><a href=\"https:\/\/organoscolegiados.anuies.mx\/cupria\/wp-content\/uploads\/sites\/4\/2023\/03\/1-Lista-de-asistencia-y-verificacion-del-quorum-Fusionado-28-1.pdf\" target=\"_blank\" rel=\"noopener\">Lista de asistencia y verificaci\u00f3n del <em>quorum<\/em>.<\/a><\/li>\n<li><a href=\"https:\/\/organoscolegiados.anuies.mx\/cupria\/wp-content\/uploads\/sites\/4\/2023\/03\/2-Aprobacion-del-Orden-del-Dia-Fusionado-22.pdf\" target=\"_blank\" rel=\"noopener\">Aprobaci\u00f3n del Orden del D\u00eda.<\/a><\/li>\n<li><a href=\"https:\/\/organoscolegiados.anuies.mx\/cupria\/wp-content\/uploads\/sites\/4\/2023\/03\/3-Eleccion-del-Vicepresidente-de-la-Sesion-Fusionado-11.pdf\" target=\"_blank\" rel=\"noopener\">Elecci\u00f3n del Vicepresidente de la Sesi\u00f3n<\/a>.<\/li>\n<li><a href=\"https:\/\/organoscolegiados.anuies.mx\/cupria\/wp-content\/uploads\/sites\/4\/2023\/03\/4-Lectura-y-aprobacion-en-su-caso-del-Acta-de-la-LIII-Sesion-Ordinaria-Fusionado-1.pdf\" target=\"_blank\" rel=\"noopener\">Lectura y aprobaci\u00f3n, en su caso, del Acta de la LIII Sesi\u00f3n Ordinaria.<\/a><\/li>\n<li><a href=\"https:\/\/organoscolegiados.anuies.mx\/cupria\/wp-content\/uploads\/sites\/4\/2023\/03\/5-Presentacion-del-Marco-Curricular-Comun.-Perfil-de-Egreso-de-la-Educacion-Media-Superior.pdf\" target=\"_blank\" rel=\"noopener\">Presentaci\u00f3n del Marco Curricular Com\u00fan. Perfil de Egreso de la Educaci\u00f3n Media Superior.<\/a><\/li>\n<li><a href=\"https:\/\/organoscolegiados.anuies.mx\/cupria\/wp-content\/uploads\/sites\/4\/2023\/03\/6-Presentacion-de-la-Diversidad-e-interculturalidad-en-la-universidad-del-Siglo-XXI-algunos-logros-y-muchos-retos.pdf\" target=\"_blank\" rel=\"noopener\">Presentaci\u00f3n de la Diversidad\u00a0e interculturalidad en la universidad del Siglo XXI: algunos logros y muchos retos.<\/a><\/li>\n<li><a href=\"https:\/\/organoscolegiados.anuies.mx\/cupria\/wp-content\/uploads\/sites\/4\/2023\/03\/7-Presentacion-de-las-Universidades-mexicanas-ante-los-desafios-de-la-ninez-y-la-adolescencia-abandonada-en-situacion-de-marginalidad.pdf\" target=\"_blank\" rel=\"noopener\">Presentaci\u00f3n de las Universidades mexicanas ante los desaf\u00edos de la ni\u00f1ez y la adolescencia abandonada en situaci\u00f3n de marginalidad. Un problema emergente.<\/a><\/li>\n<li><a href=\"https:\/\/organoscolegiados.anuies.mx\/cupria\/wp-content\/uploads\/sites\/4\/2023\/03\/8-Presentacion-de-la-oferta-del-Centro-de-Documentacion-Investigacion-y-Prospectiva-para-la-Seguridad-Justicia-y-Paz.pdf\" target=\"_blank\" rel=\"noopener\">Presentaci\u00f3n de la oferta del Centro de Documentaci\u00f3n, Investigaci\u00f3n y Prospectiva para la Seguridad Justicia y Paz.<\/a><\/li>\n<li><a href=\"https:\/\/organoscolegiados.anuies.mx\/cupria\/wp-content\/uploads\/sites\/4\/2023\/03\/9-Eleccion-del-representante-del-Consejo-de-Universidades-Particulares-e-Instituciones-Afines-CUPRIA-ante-el-Consejo-Nacional-para-el-periodo-2022-2024.pdf\" target=\"_blank\" rel=\"noopener\">Elecci\u00f3n del representante del Consejo de Universidades Particulares e Instituciones Afines (CUPRIA) ante el Consejo Nacional para el periodo 2022-2024.<\/a><\/li>\n<li><a href=\"https:\/\/organoscolegiados.anuies.mx\/cupria\/wp-content\/uploads\/sites\/4\/2023\/03\/10-Asuntos-generales-4.pdf\" target=\"_blank\" rel=\"noopener\">Asuntos Generales<\/a>.<\/li>\n<\/ol>\n<\/div>\n<\/div><\/div><\/div><\/div><div id=\"pg-877-1\"  class=\"panel-grid panel-no-style\" ><div id=\"pgc-877-1-0\"  class=\"panel-grid-cell\" ><div id=\"panel-877-1-0-0\" class=\"so-panel widget widget_sow-editor panel-first-child panel-last-child\" data-index=\"1\" ><div\n\t\t\t\n\t\t\tclass=\"so-widget-sow-editor so-widget-sow-editor-base\"\n\t\t\t\n\t\t>\n<div class=\"siteorigin-widget-tinymce textwidget\">\n\t<p style=\"text-align: center;\"><strong>Dr. y P. Jos\u00e9 Manuel As\u00fan Jord\u00e1n<\/strong><br \/>\nRector de la Universidad Cristobal Col\u00f3n<br \/>\nPresidente en turno<\/p>\n<\/div>\n<\/div><\/div><\/div><div id=\"pgc-877-1-1\"  class=\"panel-grid-cell\" ><div id=\"panel-877-1-1-0\" class=\"so-panel widget widget_sow-editor panel-first-child panel-last-child\" data-index=\"2\" ><div\n\t\t\t\n\t\t\tclass=\"so-widget-sow-editor so-widget-sow-editor-base\"\n\t\t\t\n\t\t>\n<div class=\"siteorigin-widget-tinymce textwidget\">\n\t<p style=\"text-align: center;\"><strong style=\"font-size: 1rem;\">Mtro. Jaime Valls Esponda<\/strong><br \/>\nSecretario General Ejecutivo<br \/>\nSecretario<\/p>\n<\/div>\n<\/div><\/div><\/div><\/div><\/div>","protected":false},"excerpt":{"rendered":"<p>CONVOCATORIA Con fundamento en los art\u00edculos Trig\u00e9simo, Trig\u00e9simo Primero y Trig\u00e9simo Tercero, fracci\u00f3n VI, del Estatuto de la Asociaci\u00f3n Nacional de Universidades e Instituciones de Educaci\u00f3n Superior de la Rep\u00fablica &hellip; <\/p>\n","protected":false},"author":1,"featured_media":0,"parent":0,"menu_order":0,"comment_status":"closed","ping_status":"closed","template":"","meta":{"footnotes":""},"class_list":["post-877","page","type-page","status-publish","hentry"],"_links":{"self":[{"href":"https:\/\/organoscolegiados.anuies.mx\/cupria\/wp-json\/wp\/v2\/pages\/877","targetHints":{"allow":["GET"]}}],"collection":[{"href":"https:\/\/organoscolegiados.anuies.mx\/cupria\/wp-json\/wp\/v2\/pages"}],"about":[{"href":"https:\/\/organoscolegiados.anuies.mx\/cupria\/wp-json\/wp\/v2\/types\/page"}],"author":[{"embeddable":true,"href":"https:\/\/organoscolegiados.anuies.mx\/cupria\/wp-json\/wp\/v2\/users\/1"}],"replies":[{"embeddable":true,"href":"https:\/\/organoscolegiados.anuies.mx\/cupria\/wp-json\/wp\/v2\/comments?post=877"}],"version-history":[{"count":4,"href":"https:\/\/organoscolegiados.anuies.mx\/cupria\/wp-json\/wp\/v2\/pages\/877\/revisions"}],"predecessor-version":[{"id":891,"href":"https:\/\/organoscolegiados.anuies.mx\/cupria\/wp-json\/wp\/v2\/pages\/877\/revisions\/891"}],"wp:attachment":[{"href":"https:\/\/organoscolegiados.anuies.mx\/cupria\/wp-json\/wp\/v2\/media?parent=877"}],"curies":[{"name":"wp","href":"https:\/\/api.w.org\/{rel}","templated":true}]}}

LIV Sesión Ordinaria CUPRIA

<div id="pl-877"  class="panel-layout" ><div id="pg-877-0"  class="panel-grid panel-no-style" ><div id="pgc-877-0-0"  class="panel-grid-cell" ><div id="panel-877-0-0-0" class="so-panel widget widget_sow-editor panel-first-child panel-last-child" data-index="0" ><div
			
			class="so-widget-sow-editor so-widget-sow-editor-base"
			
		>
<div class="siteorigin-widget-tinymce textwidget">
	<p><img loading="lazy" decoding="async" class="aligncenter size-full wp-image-844" src="https://organoscolegiados.anuies.mx/cupria/wp-content/uploads/sites/4/2022/09/cabeceracupriaLIV.png" alt="" width="2000" height="171" srcset="https://organoscolegiados.anuies.mx/cupria/wp-content/uploads/sites/4/2022/09/cabeceracupriaLIV.png 2000w, https://organoscolegiados.anuies.mx/cupria/wp-content/uploads/sites/4/2022/09/cabeceracupriaLIV-300x26.png 300w, https://organoscolegiados.anuies.mx/cupria/wp-content/uploads/sites/4/2022/09/cabeceracupriaLIV-1024x88.png 1024w, https://organoscolegiados.anuies.mx/cupria/wp-content/uploads/sites/4/2022/09/cabeceracupriaLIV-768x66.png 768w, https://organoscolegiados.anuies.mx/cupria/wp-content/uploads/sites/4/2022/09/cabeceracupriaLIV-1536x131.png 1536w" sizes="auto, (max-width: 2000px) 100vw, 2000px" /></p>
<p style="text-align: center;"><strong>CONVOCATORIA</strong></p>
<p>Con fundamento en los artículos Trigésimo, Trigésimo Primero y Trigésimo Tercero, fracción VI, del Estatuto de la Asociación Nacional de Universidades e Instituciones de Educación Superior de la República Mexicana, A.C. (ANUIES), convocamos a los titulares de las instituciones que integran el Consejo de Universidades Particulares  e Instituciones Afines (CUPRIA), a la LIV Sesión Ordinaria que se efectuará en modalidad mixta con sede en la Universidad Cristóbal Colón, Campus Torrente, ubicada en Carretera La Boticaria Km. 1.5 S/N, Col. Militar, C.P. 91930, Veracruz, Ver., a las 11:00 horas del 27 de septiembre de 2022, con el siguiente:</p>
<p style="text-align: center;"><strong>ORDEN DEL DÍA</strong></p>
<ol>
<li><a href="https://organoscolegiados.anuies.mx/cupria/wp-content/uploads/sites/4/2023/03/1-Lista-de-asistencia-y-verificacion-del-quorum-Fusionado-28-1.pdf" target="_blank" rel="noopener">Lista de asistencia y verificación del <em>quorum</em>.</a></li>
<li><a href="https://organoscolegiados.anuies.mx/cupria/wp-content/uploads/sites/4/2023/03/2-Aprobacion-del-Orden-del-Dia-Fusionado-22.pdf" target="_blank" rel="noopener">Aprobación del Orden del Día.</a></li>
<li><a href="https://organoscolegiados.anuies.mx/cupria/wp-content/uploads/sites/4/2023/03/3-Eleccion-del-Vicepresidente-de-la-Sesion-Fusionado-11.pdf" target="_blank" rel="noopener">Elección del Vicepresidente de la Sesión</a>.</li>
<li><a href="https://organoscolegiados.anuies.mx/cupria/wp-content/uploads/sites/4/2023/03/4-Lectura-y-aprobacion-en-su-caso-del-Acta-de-la-LIII-Sesion-Ordinaria-Fusionado-1.pdf" target="_blank" rel="noopener">Lectura y aprobación, en su caso, del Acta de la LIII Sesión Ordinaria.</a></li>
<li><a href="https://organoscolegiados.anuies.mx/cupria/wp-content/uploads/sites/4/2023/03/5-Presentacion-del-Marco-Curricular-Comun.-Perfil-de-Egreso-de-la-Educacion-Media-Superior.pdf" target="_blank" rel="noopener">Presentación del Marco Curricular Común. Perfil de Egreso de la Educación Media Superior.</a></li>
<li><a href="https://organoscolegiados.anuies.mx/cupria/wp-content/uploads/sites/4/2023/03/6-Presentacion-de-la-Diversidad-e-interculturalidad-en-la-universidad-del-Siglo-XXI-algunos-logros-y-muchos-retos.pdf" target="_blank" rel="noopener">Presentación de la Diversidad e interculturalidad en la universidad del Siglo XXI: algunos logros y muchos retos.</a></li>
<li><a href="https://organoscolegiados.anuies.mx/cupria/wp-content/uploads/sites/4/2023/03/7-Presentacion-de-las-Universidades-mexicanas-ante-los-desafios-de-la-ninez-y-la-adolescencia-abandonada-en-situacion-de-marginalidad.pdf" target="_blank" rel="noopener">Presentación de las Universidades mexicanas ante los desafíos de la niñez y la adolescencia abandonada en situación de marginalidad. Un problema emergente.</a></li>
<li><a href="https://organoscolegiados.anuies.mx/cupria/wp-content/uploads/sites/4/2023/03/8-Presentacion-de-la-oferta-del-Centro-de-Documentacion-Investigacion-y-Prospectiva-para-la-Seguridad-Justicia-y-Paz.pdf" target="_blank" rel="noopener">Presentación de la oferta del Centro de Documentación, Investigación y Prospectiva para la Seguridad Justicia y Paz.</a></li>
<li><a href="https://organoscolegiados.anuies.mx/cupria/wp-content/uploads/sites/4/2023/03/9-Eleccion-del-representante-del-Consejo-de-Universidades-Particulares-e-Instituciones-Afines-CUPRIA-ante-el-Consejo-Nacional-para-el-periodo-2022-2024.pdf" target="_blank" rel="noopener">Elección del representante del Consejo de Universidades Particulares e Instituciones Afines (CUPRIA) ante el Consejo Nacional para el periodo 2022-2024.</a></li>
<li><a href="https://organoscolegiados.anuies.mx/cupria/wp-content/uploads/sites/4/2023/03/10-Asuntos-generales-4.pdf" target="_blank" rel="noopener">Asuntos Generales</a>.</li>
</ol>
</div>
</div></div></div></div><div id="pg-877-1"  class="panel-grid panel-no-style" ><div id="pgc-877-1-0"  class="panel-grid-cell" ><div id="panel-877-1-0-0" class="so-panel widget widget_sow-editor panel-first-child panel-last-child" data-index="1" ><div
			
			class="so-widget-sow-editor so-widget-sow-editor-base"
			
		>
<div class="siteorigin-widget-tinymce textwidget">
	<p style="text-align: center;"><strong>Dr. y P. José Manuel Asún Jordán</strong><br />
Rector de la Universidad Cristobal Colón<br />
Presidente en turno</p>
</div>
</div></div></div><div id="pgc-877-1-1"  class="panel-grid-cell" ><div id="panel-877-1-1-0" class="so-panel widget widget_sow-editor panel-first-child panel-last-child" data-index="2" ><div
			
			class="so-widget-sow-editor so-widget-sow-editor-base"
			
		>
<div class="siteorigin-widget-tinymce textwidget">
	<p style="text-align: center;"><strong style="font-size: 1rem;">Mtro. Jaime Valls Esponda</strong><br />
Secretario General Ejecutivo<br />
Secretario</p>
</div>
</div></div></div></div></div>

<p>CONVOCATORIA Con fundamento en los artículos Trigésimo, Trigésimo Primero y Trigésimo Tercero, fracción VI, del Estatuto de la Asociación Nacional de Universidades e Instituciones de Educación Superior de la República &hellip; </p>
